{"id":10,"date":"2015-06-15T10:23:49","date_gmt":"2015-06-15T08:23:49","guid":{"rendered":"http:\/\/members.loria.fr\/thierrygartiser\/?page_id=10"},"modified":"2020-11-21T07:38:14","modified_gmt":"2020-11-21T05:38:14","slug":"cv","status":"publish","type":"page","link":"https:\/\/members.loria.fr\/ABrun\/cv\/","title":{"rendered":"CV"},"content":{"rendered":"<div class=\"important_div\" style=\"text-align: center\"><\/div>\n<h4 class=\"cv\">Training<\/h4>\n<ul>\n<li class=\"p1\">1999 : Master in Computer Science\u00a0&#8211; Universit\u00e9 Nancy 2\n<ul>\n<li class=\"p1\">Title\u00a0:\u00a0\u00ab Topic identification for statistical language modeling\u00a0\u00bb<\/li>\n<\/ul>\n<\/li>\n<li class=\"p1\"><span class=\"s1\">2003 : PhD in Computer Science (LORIA \/ Universit\u00e9 Henri Poincar\u00e9 &#8211;\u00a0Nancy 1)<\/span>\n<ul>\n<li class=\"p1\">Title : \u00ab Topic identification and statistical language models adaptation for automatic speech recognition\u00a0\u00bb<\/li>\n<\/ul>\n<\/li>\n<li><span class=\"s1\">2018 : HdR in Computer Science (LORIA \/ Universit\u00e9 de Lorraine<\/span>\n<ul>\n<li class=\"p1\">Title : \u00abWalking on the tracks of the future: between understanding and predicting\u00a0\u00bb<\/li>\n<\/ul>\n<\/li>\n<\/ul>\n<h4 class=\"cv\">Professional Experience<\/h4>\n<ul>\n<li class=\"cv\">1999\u20132002 Assistant professor, Computer Science department\u00a0IUT Charlemagne, Universit\u00e9 Nancy 2<\/li>\n<li class=\"p1\">2002\u20132003, Full time Assistant professor, UFR Math\u00e9matiques et Informatique, Universit\u00e9 Nancy 2.<\/li>\n<li class=\"p1\">Since\u00a02003, Associate professor, UFR Math\u00e9matiques et Informatique, Universit\u00e9 de Lorraine.<\/li>\n<li class=\"p1\">2009\u20132010, On sabbatical during one semester. Invited researcher at Copenhagen Business School (CBS), Denmark.<\/li>\n<li class=\"p1\">2011\u20132012, Associate professor at Universit\u00e9 du Littoral C\u00f4te d\u2019Opale, during one semester.\n<div class=\"page\" title=\"Page 4\"><\/div>\n<\/li>\n<\/ul>\n<h4 class=\"cv\">Centres d&rsquo;int\u00e9r\u00eat et comp\u00e9tences<\/h4>\n<div id=\"skillbar_straight\" style=\"padding:10px 0;\">\n\n<div class=\"skillbar clearfix\" data-percent=\"70%\" style=\"background: #eeeeee;\">\r\n\t\t\t\t<div class=\"skillbar-title\" style=\"background: #336699 !important;\"><span>Artificial Intelligence<\/span><\/div>\r\n\t\t\t\t<div class=\"skillbar-bar\" style=\"background: #336699;\"><\/div>\r\n\t\t\t\t<div class=\"skill-bar-percent\">70%<\/div>\r\n\t\t\t<\/div><\/p>\n<p><div class=\"skillbar clearfix\" data-percent=\"60%\" style=\"background: #eeeeee;\">\r\n\t\t\t\t<div class=\"skillbar-title\" style=\"background: #336699 !important;\"><span>Machine Learning<\/span><\/div>\r\n\t\t\t\t<div class=\"skillbar-bar\" style=\"background: #336699;\"><\/div>\r\n\t\t\t\t<div class=\"skill-bar-percent\">60%<\/div>\r\n\t\t\t<\/div>\n\n<div class=\"skillbar clearfix\" data-percent=\"80%\" style=\"background: #eeeeee;\">\r\n\t\t\t\t<div class=\"skillbar-title\" style=\"background: #336699 !important;\"><span>Data Mining<\/span><\/div>\r\n\t\t\t\t<div class=\"skillbar-bar\" style=\"background: #336699;\"><\/div>\r\n\t\t\t\t<div class=\"skill-bar-percent\">80%<\/div>\r\n\t\t\t<\/div><\/p>\n<p><div class=\"skillbar clearfix\" data-percent=\"90%\" style=\"background: #eeeeee;\">\r\n\t\t\t\t<div class=\"skillbar-title\" style=\"background: #336699 !important;\"><span>User Modeling<\/span><\/div>\r\n\t\t\t\t<div class=\"skillbar-bar\" style=\"background: #336699;\"><\/div>\r\n\t\t\t\t<div class=\"skill-bar-percent\">90%<\/div>\r\n\t\t\t<\/div>\n\n<div class=\"skillbar clearfix\" data-percent=\"90%\" style=\"background: #eeeeee;\">\r\n\t\t\t\t<div class=\"skillbar-title\" style=\"background: #336699 !important;\"><span>Recommender Systems<\/span><\/div>\r\n\t\t\t\t<div class=\"skillbar-bar\" style=\"background: #336699;\"><\/div>\r\n\t\t\t\t<div class=\"skill-bar-percent\">90%<\/div>\r\n\t\t\t<\/div><\/p>\n<p><div class=\"skillbar clearfix\" data-percent=\"90%\" style=\"background: #eeeeee;\">\r\n\t\t\t\t<div class=\"skillbar-title\" style=\"background: #336699 !important;\"><span>Collaborative Filtering<\/span><\/div>\r\n\t\t\t\t<div class=\"skillbar-bar\" style=\"background: #336699;\"><\/div>\r\n\t\t\t\t<div class=\"skill-bar-percent\">90%<\/div>\r\n\t\t\t<\/div>\n\n\n<div style=\"clear:both;\"><\/div>\n<\/div>\n<div style=\"clear:both; height:10px; overflow:hidden;\"><\/div>\n<style type=\"text\/css\">.skillbar-title{font-size:px;color:;}.skill-bar-percent{font-size:px;color:;}<\/style><script>\r\n\t\t\t\tfunction sbar(){\r\n\t\t\t\t\tjQuery(\".skillbar\").each(function(){\r\n\t\t\t\t\t\tjQuery(this).find(\".skillbar-bar\").animate({\r\n\t\t\t\t\t\t\twidth:jQuery(this).attr(\"data-percent\")\r\n\t\t\t\t\t\t},3000);\r\n\t\t\t\t\t});\t\r\n\t\t\t\t}\r\n\t\t\t\tif ( jQuery(\"#skillbar_straight\").next().is(\":appeared\") ){\r\n\t\t\t\t\tsbar();\r\n\t\t\t\t} else {\r\n\t\t\t\t\tjQuery( window ).scroll(function() {\r\n\t\t\t\t\t\tif ( jQuery(\"#skillbar_straight\").next().is(\":appeared\") ){\r\n\t\t\t\t\t\t\tsbar();\r\n\t\t\t\t\t\t}\r\n\t\t\t\t\t});\r\n\t\t\t\t}\r\n\t\t\t\t<\/script>\n<h4 class=\"cv\">Scientific advising<\/h4>\n<p>I am currently the co-adviser of the following PhD students:<\/p>\n<ul>\n<li>Patrick Asante Owusu \u00ab\u00a0Causal mining for temporal data\u00a0\u00bb.\u00a0Defence planned in November 2023.<\/li>\n<li>Alexandre Bettinger \u00ab\u00a0Recommandation multi-acteurs pour la consommation de livres num\u00e9riques en \u00e9ducation\u00a0\u00bb.\u00a0Defence planned in November 2022.<\/li>\n<li>Adrien Dufraux \u00ab\u00a0Leveraging Noisy, Incomplete, or Implicit\u00a0Labels for Automatic Speech Recognition\u00a0\u00bb.\u00a0Defence planned in November 2021.<\/li>\n<li>Zhao Zhang \u00a0\u00bb Towards hybrid and explainable recommender\u00a0systems mixing content analysis and collaborative filtering\u00a0\u00bb. Defence planned in October 2021.<\/li>\n<li>Halima Ramdani \u00ab\u00a0Approche s\u00e9mantique pour l\u2019optimisation\u00a0du processus de e-recrutement\u00a0\u00bb. Defence planned in October 2021.<\/li>\n<li>Julie Budaher \u00a0\u00bb Educational barometer for students : from the increase of the learning process to system adoption\u00a0\u00bb. Defence planned in December 2020.<\/li>\n<li style=\"list-style-type: none\"><\/li>\n<\/ul>\n<p>Past Phd students:<\/p>\n<ul>\n<li>Yacine Abboud \u00ab\u00a0Fouille de motifs : entre accessibilit\u00e9 et robustesse\u00a0\u00bb. PhD defended on 28th November 2018.<\/li>\n<li>Benjamin Gras \u00ab\u00a0Modeling atypical users in recommender systems\u00a0\u00bb. PhD defended on 8th January 2018.<\/li>\n<li>Oleksandr Palchenko \u00ab\u00a0Algorithms and information technology to search similar objects in Big Data\u00a0\u00bb. PhD stopped after 1 year.<\/li>\n<li>Marharyta Aleksandrova \u00ab\u00a0Matrix factorisation and contrats analysis for recommandation\u00a0\u00bb. French-Ukraine\u00a0PhD. PhD defended on 7th July 2017.<\/li>\n<li>Lina Fahed \u00ab\u00a0Predicting and Influencing the occurrence of events in a complex sequence\u00a0\u00bb. Defended\u00a0in October\u00a02016.<\/li>\n<li>Geoffray Bonnin \u00ab\u00a0sequential approaches in recommender systems for Web navigation\u00a0\u00bb Defended in November 2010.<\/li>\n<li>Ilham Esslimani \u00ab\u00a0a behavioral approach of the recommendation and social networks as a representation tool\u00a0\u00bb\u00a0Defended in December 2010.<\/li>\n<\/ul>\n<p class=\"cv\"><span style=\"text-decoration: underline\">Master students<\/span><\/p>\n<ul>\n<li>Jeffrey Honion &#8211; Conception d&rsquo;un syst\u00e8me de recommandation dans le domaine du vin (Juin 2017) &#8211; Informatique<\/li>\n<li class=\"cv\">Benjamin Gras\u00a0-D\u00e9tecter et g\u00e9rer\u00a0les utilisateurs atypiques dans les syst\u00e8mes de recommandation \u00a0\u00a0(Juin 2014) &#8211; Sciences Cognitives<\/li>\n<li>Emilien Perrin\u00a0-M\u00e9diation de mod\u00e8les utilisateur\u00a0(2011) &#8211; Sciences Cognitives<\/li>\n<li>Ahmad Hamad\u00a0&#8211; G\u00e9rer des\u00a0relations de pr\u00e9f\u00e9rence\u00a0dans les syst\u00e8mes de recommandation \u00a0(Juin 2010) &#8211; Informatique<\/li>\n<li class=\"cv\">Mounir Katet\u00a0&#8211; Integrer la satisfaction utilisateurs dans les\u00a0syst\u00e8mes de recommandation \u00a0(Juin 2007) &#8211; Sciences Cognitives<\/li>\n<li class=\"cv\">Francois Campana- Construction automatique de classes de mots par analyse statistique\u00a0(Juin 2005) &#8211;\u00a0Informatique<br \/>\nArnaud Villenave\u00a0&#8211; Mod\u00e8les \u00e0 base de triggers pour la recommandation (Sept. 2006) &#8211; Informatique<\/li>\n<li class=\"cv\">Julien Lourdin\u00a0&#8211; Routage utomatique d&rsquo;e-mails (Sept. 2006) &#8211; Informatique<\/li>\n<\/ul>\n<h4 class=\"cv\">Projects<\/h4>\n<p>Projects in which I am and was involved.<\/p>\n<p>Interlingua: INTERREG IVA &#8211;\u00a0http:\/\/www.interlingua-project.eu\/?page_id=221&amp;lang=en<\/p>\n<p>PIA Pericles: French project<\/p>\n<p>PIA2 eFran METAL. French project<\/p>\n<p>PIA2 DUNE EOLE. French project<\/p>\n<h4 class=\"cv\">Teaching<\/h4>\n<p>Information systems design<\/p>\n<p>DBMS Administration<\/p>\n<p>Artificial Intelligence<\/p>\n<p>Algorithms<\/p>\n<p>Programming : Python, Java, C<\/p>\n<h4 class=\"cv\">Administrative\u00a0responsibilities<\/h4>\n<p>From 2018:\u00a0I am the head of the 2nd year of the\u00a0<a href=\"http:\/\/institut-sciences-digitales.fr\/idmc-master-sciences-cognitives\/\">Master in Cognitive Science<\/a>.<\/p>\n<p>2012-2018: Head of\u00a0Licence MIASHS (bachelor degree) at\u00a0Universit\u00e9 de Lorraine (<a href=\"http:\/\/mathinfo.univ-lorraine.fr\/content\/licence-miashs\">http:\/\/mathinfo.univ-lorraine.fr\/content\/licence-miashs<\/a>),\u00a0Responsible of the\u00a0Cognitive Science axis<\/p>\n<p>&nbsp;<\/p>\n","protected":false},"excerpt":{"rendered":"<p>Training<\/p>\n<ul>\n<li class=\"p1\">1999 : Master in Computer Science\u00a0&#8211; Universit\u00e9 Nancy 2\n<ul>\n<li class=\"p1\">Title\u00a0:\u00a0\u00ab Topic identification for statistical language modeling\u00a0\u00bb<\/li>\n<\/ul>\n<\/li>\n<li class=\"p1\">2003 : PhD in Computer Science (LORIA \/ Universit\u00e9 Henri Poincar\u00e9 &#8211;\u00a0Nancy 1)\n<ul>\n<li class=\"p1\">Title : \u00ab Topic identification and statistical language models adaptation for automatic speech recognition\u00a0\u00bb<\/li>\n<\/ul>\n<\/li>\n<li>2018 : HdR in Computer Science (LORIA \/ Universit\u00e9 de Lorraine\n<ul>\n<li class=\"p1\">Title : \u00abWalking on the tracks of the future: between understanding and predicting\u00a0\u00bb<\/li>\n<\/ul>\n<\/li>\n<\/ul>\n<p>Professional Experience<\/p>\n<ul>\n<li class=\"cv\">1999\u20132002 Assistant professor,<\/li>\n<\/ul>\n","protected":false},"author":5,"featured_media":0,"parent":0,"menu_order":0,"comment_status":"closed","ping_status":"closed","template":"","meta":{"footnotes":""},"class_list":["post-10","page","type-page","status-publish","hentry"],"_links":{"self":[{"href":"https:\/\/members.loria.fr\/ABrun\/wp-json\/wp\/v2\/pages\/10","targetHints":{"allow":["GET"]}}],"collection":[{"href":"https:\/\/members.loria.fr\/ABrun\/wp-json\/wp\/v2\/pages"}],"about":[{"href":"https:\/\/members.loria.fr\/ABrun\/wp-json\/wp\/v2\/types\/page"}],"author":[{"embeddable":true,"href":"https:\/\/members.loria.fr\/ABrun\/wp-json\/wp\/v2\/users\/5"}],"replies":[{"embeddable":true,"href":"https:\/\/members.loria.fr\/ABrun\/wp-json\/wp\/v2\/comments?post=10"}],"version-history":[{"count":75,"href":"https:\/\/members.loria.fr\/ABrun\/wp-json\/wp\/v2\/pages\/10\/revisions"}],"predecessor-version":[{"id":435,"href":"https:\/\/members.loria.fr\/ABrun\/wp-json\/wp\/v2\/pages\/10\/revisions\/435"}],"wp:attachment":[{"href":"https:\/\/members.loria.fr\/ABrun\/wp-json\/wp\/v2\/media?parent=10"}],"curies":[{"name":"wp","href":"https:\/\/api.w.org\/{rel}","templated":true}]}}