{"id":10,"date":"2015-06-15T10:23:49","date_gmt":"2015-06-15T08:23:49","guid":{"rendered":"http:\/\/members.loria.fr\/thierrygartiser\/?page_id=10"},"modified":"2023-09-12T09:00:20","modified_gmt":"2023-09-12T07:00:20","slug":"cv","status":"publish","type":"page","link":"https:\/\/members.loria.fr\/ADebant\/cv\/","title":{"rendered":"CV"},"content":{"rendered":"<div class=\"important_div\" style=\"text-align: center\"><\/div>\n<h4 class=\"cv\">Studies<\/h4>\n<ul>\n<li><strong>July &#8211; August 2019<\/strong> research visit at University of Birmingham to collaborate with Dr. Tom Chothia<\/li>\n<li><strong>2017&#8211;2020 <\/strong>PhD thesis in computer science under the supervision of <a href=\"https:\/\/people.irisa.fr\/Stephanie.Delaune\/\">St\u00e9phanie Delaune.\u00a0<\/a>\n<ul>\n<li><span style=\"text-decoration: underline\">Title:<\/span> Symbolic verification of distance-bounding protocols &#8211; application to contactless payment<\/li>\n<li>Defended on November 17th, 2020<\/li>\n<li><span style=\"text-decoration: underline\">Jury:<\/span>\n<ul>\n<li>David Pichardie (president)<\/li>\n<li>Sjouke Mauw (reviewer)<\/li>\n<li>Bruno Blanchet (reviewer)<\/li>\n<li>Ioana Boureanu (examiner)<\/li>\n<li>Cas Cremers (examiner)<\/li>\n<li>St\u00e9phanie Delaune (supervisor)<\/li>\n<\/ul>\n<\/li>\n<\/ul>\n<\/li>\n<li><strong>January &#8211; July 2016<\/strong> ERASMUS+ program at EPFL (Switzerland)<\/li>\n<li class=\"p1\"><strong>2015&#8211;2017<\/strong>\u00a0 Master in computer science at \u00c9cole normale sup\u00e9rieure de Rennes and Universit\u00e9 de Rennes 1<\/li>\n<\/ul>\n<p>&nbsp;<\/p>\n<h4 class=\"cv\">Industrial projects<\/h4>\n<div class=\"page\" title=\"Page 1\">\n<div class=\"layoutArea\">\n<div class=\"column\">\n<ul>\n<li><strong>Since May 2022 &#8211;<\/strong> Loria \/ Swiss Post collaboration, with V. Cortier et P. Gaudry &#8211; Collaboration and expertise advisory for the development of an evoting solution<\/li>\n<li><strong>May &#8211; July 2021 &#8211;<\/strong> Loria \/ Swiss Post collaboration, with V. Cortier et P. Gaudry &#8211; Security review and symbolic analysis of an evoting system under development.<br \/>\n<strong>**Discovery of a major attack against vote privacy &#8211; bounty of 40k\u20ac**<\/strong><\/li>\n<li><strong>December 2020 &#8211; February 2021 &#8211;<\/strong> Loria\/IDEMIA collaboration, with V. Cortier, J. Dreier, P. Gaudry, and M. Turuani &#8211; Design and analysis of a new hybrid evoting protocol (voting machine + paper sheets).<\/li>\n<\/ul>\n<\/div>\n<\/div>\n<\/div>\n<p>&nbsp;<\/p>\n<h4 class=\"cv\">Student supervision<\/h4>\n<p><strong>PhD students<\/strong><\/p>\n<p style=\"padding-left: 40px\"><em>(since July 2023)<\/em>\u00a0 Florian Moser &#8211; PhD student co-supervised with V. Cortier<\/p>\n<p><strong>Internship students<\/strong><\/p>\n<p style=\"padding-left: 40px\"><em>(May-July 2022)<\/em> Benjamin Voisin &#8211;\u00a0 L3 ENS Rennes\u00a0 &#8211; co-supervised with L. Hirschi &#8211; <span style=\"text-decoration: underline\">Title:<\/span> Use of Zero-Knowledge Proofs to improve eligibility in evoting protocols<\/p>\n<p style=\"padding-left: 40px\"><em>(May-July 2022)<\/em> Hubert de Groote &#8211;\u00a0 L3 ENS Paris Saclay\u00a0 &#8211; co-supervised with V. Cortier &#8211; <span style=\"text-decoration: underline\">Title:<\/span> Study of VoteAgain Coercion resistance<\/p>\n<p>&nbsp;<\/p>\n<div class=\"page\" title=\"Page 2\">\n<div class=\"layoutArea\">\n<div class=\"column\">\n<h4 class=\"cv\">Reviews and program comittees<\/h4>\n<div class=\"page\" title=\"Page 2\">\n<div class=\"layoutArea\">\n<div class=\"column\">\n<p><strong>Program Committee:<\/strong> SECURWARE 2021, EvoteID 2023 (co-track chair)<\/p>\n<p><strong>Reviews:<\/strong><\/p>\n<ul>\n<li>IEEE Transactions on Dependable and Secure Computing (TDSC)<\/li>\n<li>POST 2018, ESORICS 2019, EVoteID 2021, CSF 2022<\/li>\n<li>bachelor\/master internship reports for \u00c9cole normale sup\u00e9rieure de Rennes<\/li>\n<\/ul>\n<\/div>\n<\/div>\n<\/div>\n<\/div>\n<\/div>\n<\/div>\n","protected":false},"excerpt":{"rendered":"<p>Studies<\/p>\n<ul>\n<li>July &#8211; August 2019 research visit at University of Birmingham to collaborate with Dr. Tom Chothia<\/li>\n<li>2017&#8211;2020 PhD thesis in computer science under the supervision of <a href=\"https:\/\/people.irisa.fr\/Stephanie.Delaune\/\">St\u00e9phanie Delaune.\u00a0<\/a>\n<ul>\n<li>Title: Symbolic verification of distance-bounding protocols &#8211; application to contactless payment<\/li>\n<li>Defended on November 17th, 2020<\/li>\n<li>Jury:\n<ul>\n<li>David Pichardie (president)<\/li>\n<li>Sjouke Mauw (reviewer)<\/li>\n<li>Bruno Blanchet (reviewer)<\/li>\n<li>Ioana Boureanu (examiner)<\/li>\n<li>Cas Cremers (examiner)<\/li>\n<li>St\u00e9phanie Delaune (supervisor)<\/li>\n<\/ul>\n<\/li>\n<\/ul>\n<\/li>\n<li>January &#8211; July 2016 ERASMUS+ program at EPFL (Switzerland)<\/li>\n<li class=\"p1\">2015&#8211;2017\u00a0 Master in computer science at \u00c9cole normale sup\u00e9rieure de Rennes and Universit\u00e9 de Rennes 1<\/li>\n<\/ul>\n<p>&nbsp;<\/p>\n","protected":false},"author":5,"featured_media":0,"parent":0,"menu_order":0,"comment_status":"closed","ping_status":"closed","template":"","meta":{"footnotes":""},"class_list":["post-10","page","type-page","status-publish","hentry"],"_links":{"self":[{"href":"https:\/\/members.loria.fr\/ADebant\/wp-json\/wp\/v2\/pages\/10","targetHints":{"allow":["GET"]}}],"collection":[{"href":"https:\/\/members.loria.fr\/ADebant\/wp-json\/wp\/v2\/pages"}],"about":[{"href":"https:\/\/members.loria.fr\/ADebant\/wp-json\/wp\/v2\/types\/page"}],"author":[{"embeddable":true,"href":"https:\/\/members.loria.fr\/ADebant\/wp-json\/wp\/v2\/users\/5"}],"replies":[{"embeddable":true,"href":"https:\/\/members.loria.fr\/ADebant\/wp-json\/wp\/v2\/comments?post=10"}],"version-history":[{"count":64,"href":"https:\/\/members.loria.fr\/ADebant\/wp-json\/wp\/v2\/pages\/10\/revisions"}],"predecessor-version":[{"id":360,"href":"https:\/\/members.loria.fr\/ADebant\/wp-json\/wp\/v2\/pages\/10\/revisions\/360"}],"wp:attachment":[{"href":"https:\/\/members.loria.fr\/ADebant\/wp-json\/wp\/v2\/media?parent=10"}],"curies":[{"name":"wp","href":"https:\/\/api.w.org\/{rel}","templated":true}]}}