{"id":287,"date":"2016-10-11T15:09:08","date_gmt":"2016-10-11T13:09:08","guid":{"rendered":"http:\/\/members.loria.fr\/CBourjot\/?page_id=287"},"modified":"2022-09-12T12:15:58","modified_gmt":"2022-09-12T10:15:58","slug":"enseignement","status":"publish","type":"page","link":"https:\/\/members.loria.fr\/CBourjot\/enseignement\/","title":{"rendered":"Enseignement"},"content":{"rendered":"<h4>LICENCE MIASHS (Informatique &#8211; Sciences Cognitives)\u00a0 <a href=\"https:\/\/idmc.univ-lorraine.fr\/parcours-miashs\/\" target=\"_blank\" rel=\"noopener\">+ d&rsquo;info <\/a><\/h4>\n<ul>\n<li>L1 :\u00a0\u00a0 Introduction aux Sciences Cognitives &#8211; Intelligence Artificielle et R\u00e9solution de Probl\u00e8mes<\/li>\n<li>L1 :\u00a0\u00a0 Bases de Donn\u00e9es et Conception de Syst\u00e8mes d&rsquo;Informations<\/li>\n<li>L2 : <em> Parcours SC<\/em> Intelligence Artificielle &#8211; Repr\u00e9sentation des connaissances et Raisonnements<\/li>\n<li>L3 :\u00a0 <em>Parcours MIAGe<\/em> \u00a0 Syst\u00e8me d&rsquo;Exploitation Partie 1 &#8211; Gestion des ressources : Processeur, M\u00e9moire centrale, P\u00e9riph\u00e9riques, Syst\u00e8me de Gestion de Fichiers<\/li>\n<\/ul>\n<h4>MASTER MIAGE <a href=\"https:\/\/idmc.univ-lorraine.fr\/idmc-parcours-miage\/\" target=\"_blank\" rel=\"noopener\">+ d&rsquo;info <\/a><\/h4>\n<ul>\n<li>M1 :\u00a0 Syst\u00e8me d&rsquo;Exploitation\u00a0 Partie 2 &#8211; Temps r\u00e9el \/ multi-taches\/multi-threads &#8211; Projets temps r\u00e9el en Python &#8211; appels Syst\u00e8mes Unix<\/li>\n<\/ul>\n<h4>MASTER Sciences Cognitives \u00a0 <a href=\"https:\/\/idmc.univ-lorraine.fr\/idmc-master-sciences-cognitives\/\" target=\"_blank\" rel=\"noopener\">+ d&rsquo;info <\/a><\/h4>\n<ul>\n<li>M1 :\u00a0 Mod\u00e9lisation de ph\u00e9nom\u00e8nes collectifs en Biologie<\/li>\n<li>M1 :\u00a0 Projets tutor\u00e9s 20-21-22 :\n<ul>\n<li>Comportements collectifs pour les robots coop\u00e9ratifs\/collaboratifs<\/li>\n<li>Art et syst\u00e8mes complexes<\/li>\n<li>Comportements collectifs, Evolution culturelle incarn\u00e9e pour les robots coop\u00e9ratifs\/collaboratifs<\/li>\n<\/ul>\n<\/li>\n<li>M2 :\u00a0 Syst\u00e8mes Multi-Agent, Mod\u00e9lisation et simulation informatique de comportements collectifs\n<ul>\n<li>Le cours :\u00a0 <a href=\"https:\/\/members.loria.fr\/CBourjot\/files\/publi\/SMA-masterSCMN-chap1.pdf\" target=\"_blank\" rel=\"noopener\">Intro<\/a> , <a href=\"https:\/\/members.loria.fr\/CBourjot\/files\/publi\/SMA-masterSCMN-chap2.pdf\" target=\"_blank\" rel=\"noopener\">Concepts<\/a> , <a href=\"https:\/\/members.loria.fr\/CBourjot\/files\/publi\/SMA-masterSCMN-chap3.pdf\" target=\"_blank\" rel=\"noopener\">Approches<\/a><\/li>\n<li>Les TD NetLogo\u00a0 <a href=\"https:\/\/members.loria.fr\/CBourjot\/files\/publi\/TP-NETLOGO-TD1-etu.PDF\" target=\"_blank\" rel=\"noopener\">s\u00e9ance1<\/a>, <a href=\"https:\/\/members.loria.fr\/CBourjot\/files\/publi\/TP-NETLOGO-TD2-etu.PDF\" target=\"_blank\" rel=\"noopener\">s\u00e9ance2<\/a><\/li>\n<\/ul>\n<\/li>\n<\/ul>\n","protected":false},"excerpt":{"rendered":"<p>LICENCE MIASHS (Informatique &#8211; Sciences Cognitives)\u00a0 <a href=\"https:\/\/idmc.univ-lorraine.fr\/parcours-miashs\/\" target=\"_blank\" rel=\"noopener\">+ d&rsquo;info <\/a><\/p>\n<ul>\n<li>L1 :\u00a0\u00a0 Introduction aux Sciences Cognitives &#8211; Intelligence Artificielle et R\u00e9solution de Probl\u00e8mes<\/li>\n<li>L1 :\u00a0\u00a0 Bases de Donn\u00e9es et Conception de Syst\u00e8mes d&rsquo;Informations<\/li>\n<li>L2 : <em> Parcours SC<\/em> Intelligence Artificielle &#8211; Repr\u00e9sentation des connaissances et Raisonnements<\/li>\n<li>L3 :\u00a0 <em>Parcours MIAGe<\/em> \u00a0 Syst\u00e8me d&rsquo;Exploitation Partie 1 &#8211; Gestion des ressources : Processeur, M\u00e9moire centrale, P\u00e9riph\u00e9riques, Syst\u00e8me de Gestion de Fichiers<\/li>\n<\/ul>\n<p>MASTER MIAGE <a href=\"https:\/\/idmc.univ-lorraine.fr\/idmc-parcours-miage\/\" target=\"_blank\" rel=\"noopener\">+ d&rsquo;info <\/a><\/p>\n<ul>\n<li>M1 :\u00a0 Syst\u00e8me d&rsquo;Exploitation\u00a0 Partie 2 &#8211; Temps r\u00e9el \/ multi-taches\/multi-threads &#8211;<\/li>\n<\/ul>\n","protected":false},"author":5,"featured_media":0,"parent":0,"menu_order":0,"comment_status":"closed","ping_status":"closed","template":"","meta":{"footnotes":""},"class_list":["post-287","page","type-page","status-publish","hentry"],"_links":{"self":[{"href":"https:\/\/members.loria.fr\/CBourjot\/wp-json\/wp\/v2\/pages\/287","targetHints":{"allow":["GET"]}}],"collection":[{"href":"https:\/\/members.loria.fr\/CBourjot\/wp-json\/wp\/v2\/pages"}],"about":[{"href":"https:\/\/members.loria.fr\/CBourjot\/wp-json\/wp\/v2\/types\/page"}],"author":[{"embeddable":true,"href":"https:\/\/members.loria.fr\/CBourjot\/wp-json\/wp\/v2\/users\/5"}],"replies":[{"embeddable":true,"href":"https:\/\/members.loria.fr\/CBourjot\/wp-json\/wp\/v2\/comments?post=287"}],"version-history":[{"count":22,"href":"https:\/\/members.loria.fr\/CBourjot\/wp-json\/wp\/v2\/pages\/287\/revisions"}],"predecessor-version":[{"id":439,"href":"https:\/\/members.loria.fr\/CBourjot\/wp-json\/wp\/v2\/pages\/287\/revisions\/439"}],"wp:attachment":[{"href":"https:\/\/members.loria.fr\/CBourjot\/wp-json\/wp\/v2\/media?parent=287"}],"curies":[{"name":"wp","href":"https:\/\/api.w.org\/{rel}","templated":true}]}}