{"id":56,"date":"2015-06-16T13:44:07","date_gmt":"2015-06-16T11:44:07","guid":{"rendered":"http:\/\/members.loria.fr\/thierrygartiser\/?page_id=56"},"modified":"2024-03-05T12:20:03","modified_gmt":"2024-03-05T10:20:03","slug":"accueil","status":"publish","type":"page","link":"https:\/\/members.loria.fr\/CLabba\/accueil\/","title":{"rendered":"Accueil"},"content":{"rendered":"<h2><strong>Bienvenue sur mon site personnel !<\/strong><\/h2>\n<p>Depuis mars 2018, je travaille en tant que chercheuse postdoctorale au sein du Laboratoire Lorrain de Recherche en Informatique et ses Applications (<strong>LORIA<\/strong>, UMR 7503), Universit\u00e9 de Lorraine.<\/p>\n<p>&nbsp;<\/p>\n<p>J&rsquo;ai obtenu mon doctorat de l&rsquo;\u00c9cole Nationale de Sciences de l&rsquo;Informatique (<strong>ENSI<\/strong>), \u00a0Laboratoire de Recherche en G\u00e9nie Logiciel, Applications Distribu\u00e9es, Syst\u00e8mes D\u00e9cisionnels et Imagerie Intelligente (<strong>RIADI<\/strong>) de l&rsquo;Universit\u00e9 de la Manouba en Tunisie en d\u00e9cembre 2017 avec une th\u00e8se portant sur le D\u00e9ploiement adaptatif de syst\u00e8mes \u00e0 base d&rsquo;agents dans des environnements Cloud.<\/p>\n<p>&nbsp;<\/p>\n<p>Pendant la pr\u00e9paration de ma th\u00e8se, j&rsquo;ai eu l&rsquo;opportunit\u00e9 d&rsquo;\u00eatre chercheuse invit\u00e9e en tant que doctorante pour travailler avec l&rsquo;\u00e9quipe de recherche <strong>Magma<\/strong> (Mod\u00e9lisation d\u2019agents autonomes en univers multi-agents) du Laboratoire d&rsquo;Informatique de Grenoble (<strong>LIG<\/strong>) et ensuite avec l&rsquo;\u00e9quipe <strong>Acemas<\/strong> (Algorithms, Components, ModEls and Services for distributed computing) du laboratoire Services r\u00e9partis, Architectures, Mod\u00e9lisation, Validation, Administration des R\u00e9seaux (<strong>SAMOVAR<\/strong>), T\u00e9l\u00e9com Sud-Paris.<\/p>\n<p>&nbsp;<\/p>\n<p>Mes axes de recherche ont pour cadre l\u2019Intelligence Artificielle (IA). Je me concentre sur les aspects centralis\u00e9s et d\u00e9centralis\u00e9s de l\u2019IA, ainsi que sur leurs applications interdisciplinaires (\u00e9ducation, mat\u00e9riaux et arch\u00e9ologie). Je suis tout particuli\u00e8rement int\u00e9ress\u00e9e par les th\u00e8mes de recherche suivants :<\/p>\n<ul>\n<li>Une intelligence artificielle explicable et digne de confiance au service de la science et de la communaut\u00e9 R&amp;D.<\/li>\n<li>Les techniques d&rsquo;intelligence artificielle appliqu\u00e9es aux donn\u00e9es distribu\u00e9es dans un environnement de Edge Computing (Federated Learning).<\/li>\n<li>L&rsquo;analytique de l&rsquo;apprentissage<\/li>\n<li>l&rsquo;intelligence artificielle distribu\u00e9e qui utilise des syst\u00e8mes multi-agents pour mod\u00e9liser et simuler des syst\u00e8mes sociotechniques complexes.<\/li>\n<\/ul>\n<p>&nbsp;<\/p>\n","protected":false},"excerpt":{"rendered":"<p>Bienvenue sur mon site personnel !<\/p>\n<p>Depuis mars 2018, je travaille en tant que chercheuse postdoctorale au sein du Laboratoire Lorrain de Recherche en Informatique et ses Applications (LORIA, UMR 7503), Universit\u00e9 de Lorraine.<\/p>\n<p>&nbsp;<\/p>\n<p>J&rsquo;ai obtenu mon doctorat de l&rsquo;\u00c9cole Nationale de Sciences de l&rsquo;Informatique (ENSI), \u00a0Laboratoire de Recherche en G\u00e9nie Logiciel, Applications Distribu\u00e9es, Syst\u00e8mes D\u00e9cisionnels et Imagerie Intelligente (RIADI) de l&rsquo;Universit\u00e9 de la Manouba en Tunisie en d\u00e9cembre 2017 avec une th\u00e8se portant sur le D\u00e9ploiement adaptatif de syst\u00e8mes \u00e0 base d&rsquo;agents dans des environnements Cloud.<\/p>\n<p>&nbsp;<\/p>\n<p>Pendant la pr\u00e9paration de ma th\u00e8se,<\/p>\n","protected":false},"author":5,"featured_media":0,"parent":0,"menu_order":0,"comment_status":"closed","ping_status":"closed","template":"","meta":{"footnotes":""},"class_list":["post-56","page","type-page","status-publish","hentry"],"_links":{"self":[{"href":"https:\/\/members.loria.fr\/CLabba\/wp-json\/wp\/v2\/pages\/56","targetHints":{"allow":["GET"]}}],"collection":[{"href":"https:\/\/members.loria.fr\/CLabba\/wp-json\/wp\/v2\/pages"}],"about":[{"href":"https:\/\/members.loria.fr\/CLabba\/wp-json\/wp\/v2\/types\/page"}],"author":[{"embeddable":true,"href":"https:\/\/members.loria.fr\/CLabba\/wp-json\/wp\/v2\/users\/5"}],"replies":[{"embeddable":true,"href":"https:\/\/members.loria.fr\/CLabba\/wp-json\/wp\/v2\/comments?post=56"}],"version-history":[{"count":25,"href":"https:\/\/members.loria.fr\/CLabba\/wp-json\/wp\/v2\/pages\/56\/revisions"}],"predecessor-version":[{"id":380,"href":"https:\/\/members.loria.fr\/CLabba\/wp-json\/wp\/v2\/pages\/56\/revisions\/380"}],"wp:attachment":[{"href":"https:\/\/members.loria.fr\/CLabba\/wp-json\/wp\/v2\/media?parent=56"}],"curies":[{"name":"wp","href":"https:\/\/api.w.org\/{rel}","templated":true}]}}