{"id":10,"date":"2015-06-15T10:23:49","date_gmt":"2015-06-15T08:23:49","guid":{"rendered":"http:\/\/members.loria.fr\/thierrygartiser\/?page_id=10"},"modified":"2016-07-25T18:17:27","modified_gmt":"2016-07-25T16:17:27","slug":"cv","status":"publish","type":"page","link":"https:\/\/members.loria.fr\/CRingeissen\/cv\/","title":{"rendered":"CV"},"content":{"rendered":"<div class=\"important_div\" style=\"text-align: center\"><\/div>\n<h4 class=\"cv\">Education (Computer Science)<\/h4>\n<ul>\n<li class=\"p1\"><span class=\"s1\">2009: <a href=\"https:\/\/tel.archives-ouvertes.fr\/tel-00578600v1\">HDR<\/a> (LORIA \/ Universit\u00e9 Henri Poincar\u00e9 &#8211; Nancy 1)<\/span><\/li>\n<li class=\"p1\">1993: <a href=\"http:\/\/docnum.univ-lorraine.fr\/public\/SCD_T_1993_0369_RINGEISSEN.pdf\">PhD<\/a> (LORIA \/ Universit\u00e9 Nancy 1)<\/li>\n<li class=\"p1\">1990: DEA (LORIA \/ Universit\u00e9 Nancy 1)<\/li>\n<li class=\"p1\">1989: Ma\u00eetrise (Universit\u00e9 Louis Pasteur, Strasbourg)<\/li>\n<\/ul>\n<h4 class=\"cv\">Professional Activities<\/h4>\n<ul>\n<li class=\"p1\"><span class=\"s1\">1995- : Researcher, Inria, Nancy<\/span><\/li>\n<li class=\"p1\">1993-95: ATER, Universit\u00e9 Henri Poincar\u00e9, Nancy<\/li>\n<li class=\"p1\">1991-93: Moniteur (teaching assistant), Ecole des Mines, Nancy<\/li>\n<\/ul>\n<h4 class=\"cv\"><\/h4>\n","protected":false},"excerpt":{"rendered":"<p>Education (Computer Science) 2009: HDR (LORIA \/ Universit\u00e9 Henri Poincar\u00e9 &#8211; Nancy 1) 1993: PhD (LORIA \/ Universit\u00e9 Nancy 1) 1990: DEA (LORIA \/ Universit\u00e9 Nancy 1) 1989: Ma\u00eetrise (Universit\u00e9 Louis Pasteur, Strasbourg) Professional Activities 1995- : Researcher, Inria, Nancy 1993-95: ATER, Universit\u00e9 Henri Poincar\u00e9, Nancy 1991-93: Moniteur (teaching assistant), Ecole des Mines, Nancy<\/p>\n","protected":false},"author":5,"featured_media":0,"parent":0,"menu_order":0,"comment_status":"closed","ping_status":"closed","template":"","meta":{"footnotes":""},"class_list":["post-10","page","type-page","status-publish","hentry"],"_links":{"self":[{"href":"https:\/\/members.loria.fr\/CRingeissen\/wp-json\/wp\/v2\/pages\/10","targetHints":{"allow":["GET"]}}],"collection":[{"href":"https:\/\/members.loria.fr\/CRingeissen\/wp-json\/wp\/v2\/pages"}],"about":[{"href":"https:\/\/members.loria.fr\/CRingeissen\/wp-json\/wp\/v2\/types\/page"}],"author":[{"embeddable":true,"href":"https:\/\/members.loria.fr\/CRingeissen\/wp-json\/wp\/v2\/users\/5"}],"replies":[{"embeddable":true,"href":"https:\/\/members.loria.fr\/CRingeissen\/wp-json\/wp\/v2\/comments?post=10"}],"version-history":[{"count":24,"href":"https:\/\/members.loria.fr\/CRingeissen\/wp-json\/wp\/v2\/pages\/10\/revisions"}],"predecessor-version":[{"id":257,"href":"https:\/\/members.loria.fr\/CRingeissen\/wp-json\/wp\/v2\/pages\/10\/revisions\/257"}],"wp:attachment":[{"href":"https:\/\/members.loria.fr\/CRingeissen\/wp-json\/wp\/v2\/media?parent=10"}],"curies":[{"name":"wp","href":"https:\/\/api.w.org\/{rel}","templated":true}]}}