{"id":682,"date":"2026-03-24T09:57:27","date_gmt":"2026-03-24T07:57:27","guid":{"rendered":"https:\/\/members.loria.fr\/DBoltcheva\/?page_id=682"},"modified":"2026-04-28T09:00:30","modified_gmt":"2026-04-28T07:00:30","slug":"affect","status":"publish","type":"page","link":"https:\/\/members.loria.fr\/DBoltcheva\/affect\/","title":{"rendered":"AFFECT"},"content":{"rendered":"<h4>Le monde comme une danse vibratoire<\/h4>\n<p>Le monde n\u2019est pas immobile. La lumi\u00e8re pulse, les sons ondulent, le corps se balance. M\u00eame l\u2019air porte une vibration discr\u00e8te. Tout danse \u2014 lentement ou rapidement, finement ou grossi\u00e8rement, r\u00e9guli\u00e8rement ou chaotiquement.<\/p>\n<p>Notre cerveau adore et reconna\u00eet ces rythmes. Il per\u00e7oit le monde en termes de <strong>fr\u00e9quences. <\/strong>Quand une lumi\u00e8re, un son et un mouvement vibrent ensemble, quelque chose s\u2019aligne. Les sens se synchronisent, et l\u2019exp\u00e9rience devient fluide, \u00e9vidente. C\u2019est la <strong>coh\u00e9rence multimodale<\/strong> : plusieurs danses qui n\u2019en forment plus qu\u2019une.<\/p>\n<p>Pour comprendre et cr\u00e9er ces danses, <strong>AFFECT\u2011XR<\/strong> propose un <strong>mod\u00e8le fr\u00e9quentiel unifi\u00e9<\/strong>. Un espace \u00e0 6 dimensions o\u00f9 lumi\u00e8re, son et mouvement parlent enfin le m\u00eame langage. Dans cet espace, on peut ajuster une vibration comme on ajuste une couleur, accorder un mouvement comme on accorde un son, sculpter une ambiance comme on sculpte une mati\u00e8re. Ainsi, les environnements immersifs ne naissent plus comme des sc\u00e8nes d\u2019assets traditionnels (objets, textures, animations), mais comme des <strong>danses de fr\u00e9quences<\/strong> qui raisonnent ensemble.<\/p>\n<p><strong>AFFECT<\/strong>\u00a0ouvre une nouvelle mani\u00e8re de concevoir et percevoir : non pas analyser, mais <strong>sentir<\/strong>. Non pas nommer, mais <strong>\u00e9couter<\/strong> ce que le monde murmure lorsqu\u2019il danse.<\/p>\n<p><strong>&#8230;Alors on danse ?<\/strong><\/p>\n","protected":false},"excerpt":{"rendered":"<p>Le monde comme une danse vibratoire<\/p>\n<p>Le monde n\u2019est pas immobile. La lumi\u00e8re pulse, les sons ondulent, le corps se balance. M\u00eame l\u2019air porte une vibration discr\u00e8te. Tout danse \u2014 lentement ou rapidement, finement ou grossi\u00e8rement, r\u00e9guli\u00e8rement ou chaotiquement.<\/p>\n<p>Notre cerveau adore et reconna\u00eet ces rythmes. Il per\u00e7oit le monde en termes de fr\u00e9quences. Quand une lumi\u00e8re, un son et un mouvement vibrent ensemble, quelque chose s\u2019aligne. Les sens se synchronisent, et l\u2019exp\u00e9rience devient fluide, \u00e9vidente. C\u2019est la coh\u00e9rence multimodale : plusieurs danses qui n\u2019en forment plus qu\u2019une.<\/p>\n<p>Pour comprendre et cr\u00e9er ces danses, AFFECT\u2011XR propose un mod\u00e8le fr\u00e9quentiel unifi\u00e9.<\/p>\n","protected":false},"author":74,"featured_media":0,"parent":0,"menu_order":0,"comment_status":"closed","ping_status":"closed","template":"","meta":{"footnotes":""},"class_list":["post-682","page","type-page","status-publish","hentry"],"_links":{"self":[{"href":"https:\/\/members.loria.fr\/DBoltcheva\/wp-json\/wp\/v2\/pages\/682","targetHints":{"allow":["GET"]}}],"collection":[{"href":"https:\/\/members.loria.fr\/DBoltcheva\/wp-json\/wp\/v2\/pages"}],"about":[{"href":"https:\/\/members.loria.fr\/DBoltcheva\/wp-json\/wp\/v2\/types\/page"}],"author":[{"embeddable":true,"href":"https:\/\/members.loria.fr\/DBoltcheva\/wp-json\/wp\/v2\/users\/74"}],"replies":[{"embeddable":true,"href":"https:\/\/members.loria.fr\/DBoltcheva\/wp-json\/wp\/v2\/comments?post=682"}],"version-history":[{"count":22,"href":"https:\/\/members.loria.fr\/DBoltcheva\/wp-json\/wp\/v2\/pages\/682\/revisions"}],"predecessor-version":[{"id":746,"href":"https:\/\/members.loria.fr\/DBoltcheva\/wp-json\/wp\/v2\/pages\/682\/revisions\/746"}],"wp:attachment":[{"href":"https:\/\/members.loria.fr\/DBoltcheva\/wp-json\/wp\/v2\/media?parent=682"}],"curies":[{"name":"wp","href":"https:\/\/api.w.org\/{rel}","templated":true}]}}

<h4>Le monde comme une danse vibratoire</h4>
<p>Le monde n’est pas immobile. La lumière pulse, les sons ondulent, le corps se balance. Même l’air porte une vibration discrète. Tout danse — lentement ou rapidement, finement ou grossièrement, régulièrement ou chaotiquement.</p>
<p>Notre cerveau adore et reconnaît ces rythmes. Il perçoit le monde en termes de <strong>fréquences. </strong>Quand une lumière, un son et un mouvement vibrent ensemble, quelque chose s’aligne. Les sens se synchronisent, et l’expérience devient fluide, évidente. C’est la <strong>cohérence multimodale</strong> : plusieurs danses qui n’en forment plus qu’une.</p>
<p>Pour comprendre et créer ces danses, <strong>AFFECT‑XR</strong> propose un <strong>modèle fréquentiel unifié</strong>. Un espace à 6 dimensions où lumière, son et mouvement parlent enfin le même langage. Dans cet espace, on peut ajuster une vibration comme on ajuste une couleur, accorder un mouvement comme on accorde un son, sculpter une ambiance comme on sculpte une matière. Ainsi, les environnements immersifs ne naissent plus comme des scènes d’assets traditionnels (objets, textures, animations), mais comme des <strong>danses de fréquences</strong> qui raisonnent ensemble.</p>
<p><strong>AFFECT</strong> ouvre une nouvelle manière de concevoir et percevoir : non pas analyser, mais <strong>sentir</strong>. Non pas nommer, mais <strong>écouter</strong> ce que le monde murmure lorsqu’il danse.</p>
<p><strong>&#8230;Alors on danse ?</strong></p>

<p>Le monde comme une danse vibratoire</p>
<p>Le monde n’est pas immobile. La lumière pulse, les sons ondulent, le corps se balance. Même l’air porte une vibration discrète. Tout danse — lentement ou rapidement, finement ou grossièrement, régulièrement ou chaotiquement.</p>
<p>Notre cerveau adore et reconnaît ces rythmes. Il perçoit le monde en termes de fréquences. Quand une lumière, un son et un mouvement vibrent ensemble, quelque chose s’aligne. Les sens se synchronisent, et l’expérience devient fluide, évidente. C’est la cohérence multimodale : plusieurs danses qui n’en forment plus qu’une.</p>
<p>Pour comprendre et créer ces danses, AFFECT‑XR propose un modèle fréquentiel unifié.</p>
