{"id":56,"date":"2015-06-16T13:44:07","date_gmt":"2015-06-16T11:44:07","guid":{"rendered":"http:\/\/members.loria.fr\/thierrygartiser\/?page_id=56"},"modified":"2025-04-18T01:50:04","modified_gmt":"2025-04-17T23:50:04","slug":"accueil","status":"publish","type":"page","link":"https:\/\/members.loria.fr\/DJamet\/","title":{"rendered":"Accueil"},"content":{"rendered":"<p>Je suis Ma\u00eetre de Conf\u00e9rences HDR \u00e0 l&rsquo;Universit\u00e9 de Lorraine.<\/p>\n<p>J&rsquo;effectue ma recherche au Loria, \u00e0 Vandoeuvre-les-Nancy<\/p>\n<p>J&rsquo;enseigne \u00e0 la Facult\u00e9 des Sciences et Technologies de l&rsquo;Universit\u00e9 de Lorraine<\/p>\n<p>Mes centres d&rsquo;int\u00e9r\u00eats en recherche sont :<\/p>\n<ul>\n<li>combinatoires des mots (g\u00e9n\u00e9rations, \u00e9num\u00e9rations, \u00e9vitement&#8230;), syst\u00e8mes dynamiques, fractions continues multidimensionnelles<\/li>\n<li>g\u00e9om\u00e9trie et topologie digitales.<\/li>\n<\/ul>\n<p>&nbsp;<\/p>\n","protected":false},"excerpt":{"rendered":"<p>Je suis Ma\u00eetre de Conf\u00e9rences HDR \u00e0 l&rsquo;Universit\u00e9 de Lorraine.<\/p>\n<p>J&rsquo;effectue ma recherche au Loria, \u00e0 Vandoeuvre-les-Nancy<\/p>\n<p>J&rsquo;enseigne \u00e0 la Facult\u00e9 des Sciences et Technologies de l&rsquo;Universit\u00e9 de Lorraine<\/p>\n<p>Mes centres d&rsquo;int\u00e9r\u00eats en recherche sont :<\/p>\n<ul>\n<li>combinatoires des mots (g\u00e9n\u00e9rations, \u00e9num\u00e9rations, \u00e9vitement&#8230;), syst\u00e8mes dynamiques, fractions continues multidimensionnelles<\/li>\n<li>g\u00e9om\u00e9trie et topologie digitales.<\/li>\n<\/ul>\n<p>&nbsp;<\/p>\n","protected":false},"author":5,"featured_media":0,"parent":0,"menu_order":0,"comment_status":"closed","ping_status":"closed","template":"","meta":{"footnotes":""},"class_list":["post-56","page","type-page","status-publish","hentry"],"_links":{"self":[{"href":"https:\/\/members.loria.fr\/DJamet\/wp-json\/wp\/v2\/pages\/56","targetHints":{"allow":["GET"]}}],"collection":[{"href":"https:\/\/members.loria.fr\/DJamet\/wp-json\/wp\/v2\/pages"}],"about":[{"href":"https:\/\/members.loria.fr\/DJamet\/wp-json\/wp\/v2\/types\/page"}],"author":[{"embeddable":true,"href":"https:\/\/members.loria.fr\/DJamet\/wp-json\/wp\/v2\/users\/5"}],"replies":[{"embeddable":true,"href":"https:\/\/members.loria.fr\/DJamet\/wp-json\/wp\/v2\/comments?post=56"}],"version-history":[{"count":23,"href":"https:\/\/members.loria.fr\/DJamet\/wp-json\/wp\/v2\/pages\/56\/revisions"}],"predecessor-version":[{"id":334,"href":"https:\/\/members.loria.fr\/DJamet\/wp-json\/wp\/v2\/pages\/56\/revisions\/334"}],"wp:attachment":[{"href":"https:\/\/members.loria.fr\/DJamet\/wp-json\/wp\/v2\/media?parent=56"}],"curies":[{"name":"wp","href":"https:\/\/api.w.org\/{rel}","templated":true}]}}