{"id":10,"date":"2015-06-15T10:23:49","date_gmt":"2015-06-15T08:23:49","guid":{"rendered":"http:\/\/members.loria.fr\/thierrygartiser\/?page_id=10"},"modified":"2019-01-18T16:39:25","modified_gmt":"2019-01-18T14:39:25","slug":"cv","status":"publish","type":"page","link":"https:\/\/members.loria.fr\/EColin\/","title":{"rendered":"Curriculum Vitae"},"content":{"rendered":"<h3 class=\"tp_h3\">Parcours<\/h3>\n<h4 class=\"tp_h3\">Exp\u00e9rience professionnelle<\/h4>\n<ul>\n<li class=\"p1\"><span class=\"s1\">2017 \u2013 | Vand\u0153uvre : <span class=\"infobulle\"><a href=\"#\">UL<span id=\"uldoc\">Universit\u00e9 de Lorraine<\/span><\/a><\/span> | <span class=\"infobulle\"><a href=\"#\">DOCTORAT EN INFORMATIQUE<span id=\"cnrswrj\">Linguistique computationnelle (\u00e9quipe SYNALP)<br \/>\nDeep Learning.<\/span><\/a><\/span><\/span><\/li>\n<li class=\"p1\"><span class=\"s1\">2016 | Vand\u0153uvre :\u00a0 <span class=\"infobulle\"><a href=\"#\">CNRS<span id=\"cnrs\">Centre national de la recherche scientifique<\/span><\/a><\/span> | <span class=\"infobulle\"><a href=\"#\">ING\u00c9NIERIE DE RECHERCHE<span id=\"cnrswrj\">Linguistique computationnelle (\u00e9quipe SYNALP), Automatisation de la g\u00e9n\u00e9ration d&rsquo;une grammaire (anglais canonique).<\/span><\/a><\/span><\/span><\/li>\n<li class=\"p1\">2008 \u2013 2013 | Nancy : <span class=\"infobulle\"><a href=\"#\">BERYL<span id=\"beryl\">Enseigne commerciale 100 magasins<\/span><\/a><\/span> | <span class=\"infobulle\"><a href=\"#\">GESTION DE PROJET &amp; D\u00c9VELOPPEMENT<span id=\"devby\">Gestion de projets (logistique et achat), analyse et travail en \u00e9quipe, D\u00e9veloppement micro (.Net, bases de donn\u00e9es MySQL et DB2)<\/span><\/a><\/span><\/li>\n<li class=\"p1\">Sept \u00e0 D\u00e9c 2007 | Nancy : <span class=\"infobulle\"><a href=\"#\">INRIA<span id=\"inria\">Institut national de recherche en informatique et en automatique<\/span><\/a><\/span> | <span class=\"infobulle\"><a href=\"#\">ADMINISTRATION SYST\u00c8ME ET R\u00c9SEAUX<span id=\"inrwrk\">Structuration d\u2019un ensemble de syst\u00e8mes Linux\/Windows avec compilation d&rsquo;un linux sur mesure (bas\u00e9 debian) adapt\u00e9 aux besoins de six \u00e9quipes (TAL).<\/span><\/a><\/span><\/li>\n<li class=\"p1\">2003 \u2013 2005 | Laxou : <span class=\"infobulle\"><a href=\"#\">INFOGP<span id=\"infgp\">GIE viande et lait Lorraine<\/span><\/a><\/span> | <span class=\"infobulle\"><a href=\"#\">ANALYSE &amp; PROGRAMMATION<span id=\"gierwrk\">Analyse, conception, mise en production et livraison de logiciels m\u00e9tier (tra\u00e7abilit\u00e9, statistiques, assistance): micro et gros syst\u00e8me (AS\/400, RPGLE et COBOL).<\/span><\/a><\/span><\/li>\n<li class=\"p1\">1999 \u2013 2001 | \u00c9pinal : <span class=\"infobulle\"><a href=\"#\">LPR PELLERIN<span id=\"lpr\">Lyc\u00e9e Professionnel R\u00e9gional<\/span><\/a><\/span> | <span class=\"infobulle\"><a href=\"#\">FORMATION &amp; ADMINISTRATION SYST\u00c8ME\/R\u00c9SEAUX<span id=\"lprwrk\">Formation professeurs\/\u00e9l\u00e8ves, Administration r\u00e9seau et base de donn\u00e9es.<\/span><\/a><\/span><\/li>\n<\/ul>\n<h4 class=\"tp_h3\">Formation<\/h4>\n<ul>\n<li class=\"p1\"><span class=\"s1\">17-21\/07\/2017 | Bilbao, Espagne : <a href=\"http:\/\/grammars.grlmc.com\/DeepLearn2017\/\">DeepLearning2017<\/a>, International Summer School on Deep Learning<\/span><\/li>\n<li class=\"p1\"><span class=\"s1\">15-26\/08\/2016 | Bozen-Bolzano, Italie : <a href=\"http:\/\/esslli2016.unibz.it\/\">ESSLI<\/a>, LANGAGE ET CALCUL<\/span><\/li>\n<li class=\"p1\">2013 &#8211; 2015 | UFR Maths-Info, Nancy : <a href=\"https:\/\/formations.univ-lorraine.fr\/fr-FR\/fiche\/presentation\/UL-PROG1894\/UL-PROG1900#debut\">MASTER SCIENCES COGNITIVES<\/a>, Universit\u00e9 de Lorraine<\/li>\n<li class=\"p1\">2006 &#8211; 2007 | IUT Charlemagne, Nancy : <a href=\"http:\/\/iut-charlemagne.univ-lorraine.fr\/content\/licence-professionnelle-administration-de-systemes-reseaux-et-applications-base-de-logiciels\">LICENCE ASRALL<\/a>, Universit\u00e9 de Lorraine<\/li>\n<li class=\"p1\">2001 &#8211; 2002| IUT Charlemagne, Nancy : <a href=\"http:\/\/iut-charlemagne.univ-lorraine.fr\/content\/dut-informatiqueannee-speciale\">DUT INFORMATIQUE DE GESTION<\/a>, Universit\u00e9 de Lorraine<\/li>\n<\/ul>\n<h4 class=\"tp_h3\">Stages<\/h4>\n<ul>\n<li>2015 | Master Sciences Cognitives, \u00e9quipe CORTEX : LORIA, NANCY | <span class=\"infobulle\"><a href=\"#\">STAGE MASTER<span id=\"stgm\">\u00c9valuation d&rsquo;un mod\u00e8le de cervelet propos\u00e9 par Arthur Kaladjian (1999) pour sa th\u00e8se de doctorat de neurosciences.<\/span><\/a><\/span><\/li>\n<li>2014 | Master Sciences Cognitives, \u00e9quipe KIWI : LORIA, NANCY | <span class=\"infobulle\"><a href=\"#\">PROJET TUTOR\u00c9<span id=\"prjtut\">D\u00e9veloppement d&rsquo;un outil de gestion interactif permettant la visualisation d&rsquo;\u00e9v\u00e8nements futurs.<\/span><\/a><\/span><\/li>\n<li>2007 | Licence ASRALL, h\u00e9bergeur web : EITIC, VAND\u0152UVRE | <span class=\"infobulle\"><a href=\"#\">STAGE LICENCE<span id=\"licenc\">Conception d&rsquo;un installeur pour d\u00e9ploiement applications web, empaquetage debian.<\/span><\/a><\/span><\/li>\n<\/ul>\n<h3 class=\"tp_h3\">Comp\u00e9tences<\/h3>\n<h4>Informatique<\/h4>\n<div id=\"skillbar_straight\" style=\"padding:10px 0;\">\n\n<div class=\"skillbar clearfix\" data-percent=\"92%\" style=\"background: #eeeeee;\">\r\n\t\t\t\t<div class=\"skillbar-title\" style=\"background: #336699 !important;\"><span>Intelligence artificielle<\/span><\/div>\r\n\t\t\t\t<div class=\"skillbar-bar\" style=\"background: #3366FF;\"><\/div>\r\n\t\t\t\t<div class=\"skill-bar-percent\">92%<\/div>\r\n\t\t\t<\/div>\n\n<div class=\"skillbar clearfix\" data-percent=\"90%\" style=\"background: #eeeeee;\">\r\n\t\t\t\t<div class=\"skillbar-title\" style=\"background: #336699 !important;\"><span>Programmation<\/span><\/div>\r\n\t\t\t\t<div class=\"skillbar-bar\" style=\"background: #CC33FF;\"><\/div>\r\n\t\t\t\t<div class=\"skill-bar-percent\">90%<\/div>\r\n\t\t\t<\/div>\n\n<div class=\"skillbar clearfix\" data-percent=\"80%\" style=\"background: #eeeeee;\">\r\n\t\t\t\t<div class=\"skillbar-title\" style=\"background: #336699 !important;\"><span>Base de donn\u00e9es<\/span><\/div>\r\n\t\t\t\t<div class=\"skillbar-bar\" style=\"background: #6633FF;\"><\/div>\r\n\t\t\t\t<div class=\"skill-bar-percent\">80%<\/div>\r\n\t\t\t<\/div>\n\n<div class=\"skillbar clearfix\" data-percent=\"70%\" style=\"background: #eeeeee;\">\r\n\t\t\t\t<div class=\"skillbar-title\" style=\"background: #336699 !important;\"><span>Syst\u00e8mes d&#039;exploitation<\/span><\/div>\r\n\t\t\t\t<div class=\"skillbar-bar\" style=\"background: #FF33CC;\"><\/div>\r\n\t\t\t\t<div class=\"skill-bar-percent\">70%<\/div>\r\n\t\t\t<\/div>\n\n\n<div style=\"clear:both;\"><\/div>\n<\/div>\n<div style=\"clear:both; height:10px; overflow:hidden;\"><\/div>\n<style type=\"text\/css\">.skillbar-title{font-size:px;color:;}.skill-bar-percent{font-size:px;color:;}<\/style><script>\r\n\t\t\t\tfunction sbar(){\r\n\t\t\t\t\tjQuery(\".skillbar\").each(function(){\r\n\t\t\t\t\t\tjQuery(this).find(\".skillbar-bar\").animate({\r\n\t\t\t\t\t\t\twidth:jQuery(this).attr(\"data-percent\")\r\n\t\t\t\t\t\t},3000);\r\n\t\t\t\t\t});\t\r\n\t\t\t\t}\r\n\t\t\t\tif ( jQuery(\"#skillbar_straight\").next().is(\":appeared\") ){\r\n\t\t\t\t\tsbar();\r\n\t\t\t\t} else {\r\n\t\t\t\t\tjQuery( window ).scroll(function() {\r\n\t\t\t\t\t\tif ( jQuery(\"#skillbar_straight\").next().is(\":appeared\") ){\r\n\t\t\t\t\t\t\tsbar();\r\n\t\t\t\t\t\t}\r\n\t\t\t\t\t});\r\n\t\t\t\t}\r\n\t\t\t\t<\/script>\n<h4 class=\"tp_h3\">Sp\u00e9cialit\u00e9s<\/h4>\n<ul>\n<li>R\u00e9seaux de neurones :\n<ul>\n<li>th\u00e8se en traitement automatique des langues <a href=\"http:\/\/www.theses.fr\/s187307\">Exploration du deep learning pour la g\u00e9n\u00e9ration automatique<\/a>, projet e-Metal, avec un axe portant sur la variation et la qualit\u00e9 des textes, avec cas d&rsquo;application sur g\u00e9n\u00e9ration d&rsquo;exercices de grammaire.<\/li>\n<li>stage recherche de master <a href=\"https:\/\/members.loria.fr\/EColin\/files\/master_thesis_Emilie_Colin.pdf\">Mod\u00e9lisation du cervelet<\/a>, apprentissage du mouvement et adaptation des acquisitions (r\u00e9seaux \u00e0 couche cach\u00e9e, \u00e9quipe Cortex, Loria).<\/li>\n<\/ul>\n<\/li>\n<li>Data mining : projet tutor\u00e9 repr\u00e9sentation et traitements des donn\u00e9es (Outil de gestion des pr\u00e9dictions d&rsquo;\u00e9v\u00e8nements futurs, \u00e9quipe Kiwi, Loria) : Java 2D et graphisme interactif, gestionnaire d&rsquo;\u00e9tats finis<\/li>\n<li>Gestion de projets en m\u00e9thode Agile (Beryl : 2010-13), avec entre autres la refonte compl\u00e8te de l&rsquo;informatique du d\u00e9p\u00f4t (150 utilisateurs, quatre syst\u00e8mes communicant : gestion du colis (contenu en fonction du volume et des besoins) en partant de la d\u00e9-palettisation jusqu&rsquo;au transport multi-magasin (int\u00e9gration du cahier des charges des prestataires ext\u00e9rieurs (transport principalement)) : chemin le plus cours, positionnement colis sur le chariot en fonction de son contenu attendu).<\/li>\n<li>D\u00e9veloppement : python depuis f\u00e9vrier 2016, mais aussi une tr\u00e8s forte exp\u00e9rience en .Net. D\u00e9veloppement sous java, et un usage relativement courant de php et javascript.<\/li>\n<li>Bases de donn\u00e9es : excellente connaissance de SQL, usage et administration de MySQL, bonne ma\u00eetrise des sp\u00e9cificit\u00e9s de DB2, occasionnellement usage de SPARQL.<\/li>\n<li>R\u00e9seaux : formation dense en administration syst\u00e8me et r\u00e9seaux en 2007 avec :\n<ul>\n<li>firewalling sous OpenBSD avec gestion de la redondance de service (projet tutor\u00e9),<\/li>\n<li>r\u00e9alisation d&rsquo;un installeur automatique d&rsquo;installation pour un h\u00e9bergeur avec empaquetage Debian (stage Eitic, Vandoeuvre).<\/li>\n<\/ul>\n<\/li>\n<\/ul>\n<h3 class=\"tp_h3\">Centres d&rsquo;int\u00e9r\u00eats<\/h3>\n<ul>\n<li>Histoire et pr\u00e9histoire, avec un faible pour l&rsquo;histoire des sciences. Mes oeuvres pr\u00e9f\u00e9r\u00e9es ? <em>Caliban et la sorci\u00e8re<\/em>, de Silvia Federici,\u00a0 <em>Histoire Populaire des Sciences<\/em>, de Clifford D. Connor, <em>la Femme des Origines<\/em>, de Claudine Cohen.<\/li>\n<li>Paradigmes et environnement : j&rsquo;aime les questionnements sur ce th\u00e8me, suis une fid\u00e8le lectrice de l&rsquo;<em>\u00c2ge de Faire<\/em>, de <em>Passerelle Eco<\/em> et de l&rsquo;<em>Ecologist<\/em>.<\/li>\n<li>Do It Yourself et \u00e9ducation : ce qui touche \u00e0 une meilleure compr\u00e9hension de notre environnement technique, notre rapport au monde dans son ensemble. Je suis pr\u00e9sente \u00e0 toutes les manifestations locales dont j&rsquo;ai vent, aime l&rsquo;exp\u00e9rimentation. Comme titrent leur ouvrage commun Georges Charpak et Henri Broch : <em>Devenez sorciers, devenez savants<\/em>.<\/li>\n<\/ul>\n","protected":false},"excerpt":{"rendered":"<p>Parcours<br \/>\nExp\u00e9rience professionnelle<\/p>\n<ul>\n<li class=\"p1\">2017 \u2013 | Vand\u0153uvre : <a href=\"#\">ULUniversit\u00e9 de Lorraine<\/a> | <a href=\"#\">DOCTORAT EN INFORMATIQUELinguistique computationnelle (\u00e9quipe SYNALP)<br \/>\nDeep Learning.<\/a><\/li>\n<li class=\"p1\">2016 | Vand\u0153uvre :\u00a0 <a href=\"#\">CNRSCentre national de la recherche scientifique<\/a> | <a href=\"#\">ING\u00c9NIERIE DE RECHERCHELinguistique computationnelle (\u00e9quipe SYNALP), Automatisation de la g\u00e9n\u00e9ration d&rsquo;une grammaire (anglais canonique).<\/a><\/li>\n<li class=\"p1\">2008 \u2013 2013 | Nancy : <a href=\"#\">BERYLEnseigne commerciale 100 magasins<\/a> | <a href=\"#\">GESTION DE PROJET &amp; D\u00c9VELOPPEMENTGestion de projets (logistique et achat), analyse et travail en \u00e9quipe, D\u00e9veloppement micro (.Net, bases de donn\u00e9es MySQL et DB2)<\/a><\/li>\n<li class=\"p1\">Sept \u00e0 D\u00e9c 2007 | Nancy : <a href=\"#\">INRIAInstitut national de recherche en informatique et en automatique<\/a> | <a href=\"#\">ADMINISTRATION SYST\u00c8ME ET R\u00c9SEAUXStructuration d\u2019un ensemble de syst\u00e8mes Linux\/Windows avec compilation d&rsquo;un linux sur mesure (bas\u00e9 debian) adapt\u00e9 aux besoins de six \u00e9quipes (TAL).<\/a><\/li>\n<\/ul>\n","protected":false},"author":5,"featured_media":0,"parent":0,"menu_order":0,"comment_status":"closed","ping_status":"closed","template":"","meta":{"footnotes":""},"class_list":["post-10","page","type-page","status-publish","hentry"],"_links":{"self":[{"href":"https:\/\/members.loria.fr\/EColin\/wp-json\/wp\/v2\/pages\/10","targetHints":{"allow":["GET"]}}],"collection":[{"href":"https:\/\/members.loria.fr\/EColin\/wp-json\/wp\/v2\/pages"}],"about":[{"href":"https:\/\/members.loria.fr\/EColin\/wp-json\/wp\/v2\/types\/page"}],"author":[{"embeddable":true,"href":"https:\/\/members.loria.fr\/EColin\/wp-json\/wp\/v2\/users\/5"}],"replies":[{"embeddable":true,"href":"https:\/\/members.loria.fr\/EColin\/wp-json\/wp\/v2\/comments?post=10"}],"version-history":[{"count":98,"href":"https:\/\/members.loria.fr\/EColin\/wp-json\/wp\/v2\/pages\/10\/revisions"}],"predecessor-version":[{"id":490,"href":"https:\/\/members.loria.fr\/EColin\/wp-json\/wp\/v2\/pages\/10\/revisions\/490"}],"wp:attachment":[{"href":"https:\/\/members.loria.fr\/EColin\/wp-json\/wp\/v2\/media?parent=10"}],"curies":[{"name":"wp","href":"https:\/\/api.w.org\/{rel}","templated":true}]}}