{"id":13,"date":"2015-06-15T10:26:53","date_gmt":"2015-06-15T08:26:53","guid":{"rendered":"http:\/\/members.loria.fr\/thierrygartiser\/?page_id=13"},"modified":"2017-02-06T16:13:16","modified_gmt":"2017-02-06T14:13:16","slug":"publications","status":"publish","type":"page","link":"https:\/\/members.loria.fr\/EFreyssinet\/publications\/","title":{"rendered":"Publis"},"content":{"rendered":"<p>   <!DOCTYPE html PUBLIC \"-\/\/W3C\/\/DTD XHTML 1.0 Transitional\/\/EN\" \"http:\/\/www.w3.org\/TR\/xhtml1\/DTD\/xhtml1-transitional.dtd\"> <html xmlns='http:\/\/www.w3.org\/1999\/xhtml' xml:lang='fr' lang='fr'> <head> <meta name=\"robots\" content=\"noindex, nofollow\" \/> <meta http-equiv=\"content-type\" content= \"text\/html;charset=UTF-8\" \/> <meta http-equiv=\"Content-Language\" content=\"fr\" \/> <link rel=\"stylesheet\" type=\"text\/css\" href=\"..\/css\/VisuGen.css\" \/> <link rel=\"stylesheet\" type=\"text\/css\" href=\"https:\/\/haltools.inria.fr\/\/css\/VisuRubriqueEncadre.css\" \/> <!-- Piwik haltools.inria.fr--> <script type=\"text\/javascript\">   var _paq = _paq || [];   _paq.push(['trackPageView']);   _paq.push(['enableLinkTracking']);   (function() {     var u=\"\/\/piwik.inria.fr\/\";     _paq.push(['setTrackerUrl', u+'piwik.php']);     _paq.push(['setSiteId', 25]);     var d=document, g=d.createElement('script'), s=d.getElementsByTagName('script')[0];     g.type='text\/javascript'; g.async=true; g.defer=true; g.src=u+'piwik.js'; s.parentNode.insertBefore(g,s);   })(); <\/script> <noscript><\/p>\n<p><img decoding=\"async\" src=\"\/\/piwik.inria.fr\/piwik.php?idsite=25\" style=\"border:0;\" alt=\"\" \/><\/p>\n<p><\/noscript> <!-- End Piwik Code -->  <title>Publications HAL de  eric freyssinet<\/title> <\/head> <body> <\/p>\n<div id=\"res_script\">\n<p class='Rubrique'>2015<\/p>\n<p class='SousRubrique'>Journal articles<\/p>\n<dl class='NoticeRes'>\n<dt class=\"ChampRes\">titre<\/dt>\n<dd class=\"ValeurRes Titre\"><a href=\"https:\/\/minesparis-psl.hal.science\/hal-01187946v1\" target=\"_blank\" >Impact of social media in security and crisis management: a review<\/a><\/dd>\n<dt class=\"ChampRes\">auteur<\/dt>\n<dd class=\"ValeurRes Auteurs\">Jean-Luc Wybo, Francoise Fogelman Souli\u00e9, Gouttas Catherine, Eric Freyssinet, Patrick Lions<\/dd>\n<dt class=\"ChampRes\">article<\/dt>\n<dd class=\"ValeurRes article\"><i>International Journal of Emergency Management<\/i>, 2015, 11 (2), pp.105-128. <a target=\"_blank\" href=\"https:\/\/dx.doi.org\/10.1504\/IJEM.2015.071045\">&#x27E8;10.1504\/IJEM.2015.071045&#x27E9;<\/a><\/dd>\n<dt class=\"ChampRes\">typdoc<\/dt>\n<dd class=\"ValeurRes Type_de_document\">Journal articles<\/dd>\n<dt class=\"ChampRes\">DOI<\/dt>\n<dd class=\"ValeurRes DOI\">DOI : <a href=\"\/\/dx.doi.org\/10.1504\/IJEM.2015.071045\" target=\"_blank\" >10.1504\/IJEM.2015.071045<\/a><\/dd>\n<dt class=\"ChampRes\">Acc\u00e8s au bibtex<\/dt>\n<dd class=\"ValeurRes LienBibtex\"> <a href=\"https:\/\/minesparis-psl.hal.science\/hal-01187946v1\/bibtex\" target=\"_self\"> <img decoding=\"async\" alt=\"BibTex\" src=\"https:\/\/haltools.inria.fr\/images\/Haltools_bibtex3.png\" border=\"0\"  title=\"BibTex\" \/><\/a> <\/dd>\n<\/dl>\n<p class='SousRubrique'>Conference papers<\/p>\n<dl class='NoticeRes'>\n<dt class=\"ChampRes\">titre<\/dt>\n<dd class=\"ValeurRes Titre\"><a href=\"https:\/\/hal.sorbonne-universite.fr\/hal-01180705v1\" target=\"_blank\" >Mobile botnets taxonomy and challenges<\/a><\/dd>\n<dt class=\"ChampRes\">auteur<\/dt>\n<dd class=\"ValeurRes Auteurs\">Apostolos Malatras, Eric Freyssinet, Laurent Beslay<\/dd>\n<dt class=\"ChampRes\">article<\/dt>\n<dd class=\"ValeurRes article\"><i>European Intelligence and Security Informatics Conference (EISIC)<\/i>, Sep 2015, Manchester, United Kingdom. pp.149-152, <a target=\"_blank\" href=\"https:\/\/dx.doi.org\/10.1109\/EISIC.2015.13\">&#x27E8;10.1109\/EISIC.2015.13&#x27E9;<\/a><\/dd>\n<dt class=\"ChampRes\">typdoc<\/dt>\n<dd class=\"ValeurRes Type_de_document\">Conference papers<\/dd>\n<dt class=\"ChampRes\">DOI<\/dt>\n<dd class=\"ValeurRes DOI\">DOI : <a href=\"\/\/dx.doi.org\/10.1109\/EISIC.2015.13\" target=\"_blank\" >10.1109\/EISIC.2015.13<\/a><\/dd>\n<dt class=\"ChampRes\">Acc\u00e8s au bibtex<\/dt>\n<dd class=\"ValeurRes LienBibtex\"> <a href=\"https:\/\/hal.sorbonne-universite.fr\/hal-01180705v1\/bibtex\" target=\"_self\"> <img decoding=\"async\" alt=\"BibTex\" src=\"https:\/\/haltools.inria.fr\/images\/Haltools_bibtex3.png\" border=\"0\"  title=\"BibTex\" \/><\/a> <\/dd>\n<\/dl>\n<p class='SousRubrique'>Theses<\/p>\n<dl class='NoticeRes'>\n<dt class=\"ChampRes\">titre<\/dt>\n<dd class=\"ValeurRes Titre\"><a href=\"https:\/\/theses.hal.science\/tel-01231974v3\" target=\"_blank\" >The fight against botnets : from observation to strategy<\/a><\/dd>\n<dt class=\"ChampRes\">auteur<\/dt>\n<dd class=\"ValeurRes Auteurs\">Eric Freyssinet<\/dd>\n<dt class=\"ChampRes\">article<\/dt>\n<dd class=\"ValeurRes article\">Cryptographie et s\u00e9curit\u00e9 [cs.CR]. Universit\u00e9 Pierre et Marie Curie &#8211; Paris VI, 2015. Fran\u00e7ais. <a target=\"_blank\" href=\"https:\/\/www.theses.fr\/2015PA066390\">&#x27E8;NNT : 2015PA066390&#x27E9;<\/a><\/dd>\n<dt class=\"ChampRes\">typdoc<\/dt>\n<dd class=\"ValeurRes Type_de_document\">Theses<\/dd>\n<dt class=\"ChampRes\">Acc\u00e8s au texte int\u00e9gral et bibtex<\/dt>\n<dd class=\"ValeurRes Fichier_joint\"> <a href=\"https:\/\/theses.hal.science\/tel-01231974\/file\/these_archivage_3159144o.pdf\"  target=\"_blank\"> <img decoding=\"async\" alt=\"https:\/\/theses.hal.science\/tel-01231974\/file\/these_archivage_3159144o.pdf\" src=\"https:\/\/haltools.inria.fr\/images\/Haltools_pdf.png\" border=\"0\" title=\"https:\/\/theses.hal.science\/tel-01231974\/file\/these_archivage_3159144o.pdf\" \/><\/a> <span class=\"LienBibtexACoteFulltext\"><a href=\"https:\/\/theses.hal.science\/tel-01231974v3\/bibtex\" target=\"_self\"> <img decoding=\"async\" alt=\"BibTex\" src=\"https:\/\/haltools.inria.fr\/images\/Haltools_bibtex3.png\" border=\"0\"  title=\"BibTex\" \/><\/a> <\/span><\/dd>\n<\/dl>\n<p class='Rubrique'>2014<\/p>\n<p class='SousRubrique'>Journal articles<\/p>\n<dl class='NoticeRes'>\n<dt class=\"ChampRes\">titre<\/dt>\n<dd class=\"ValeurRes Titre\"><a href=\"https:\/\/hal.sorbonne-universite.fr\/hal-01457552v1\" target=\"_blank\" >L\u2019impact des r\u00e9seaux sociaux dans la gestion des crises et le cybercrime<\/a><\/dd>\n<dt class=\"ChampRes\">auteur<\/dt>\n<dd class=\"ValeurRes Auteurs\">Jean-Luc Wybo, Catherine Gouttas, \u00c9ric Freyssinet<\/dd>\n<dt class=\"ChampRes\">article<\/dt>\n<dd class=\"ValeurRes article\"><i>S\u00e9curit\u00e9 &#038; strat\u00e9gie [S\u00e9curit\u00e9 et strat\u00e9gie]<\/i>, 2014, 18 (3), pp.37-43<\/dd>\n<dt class=\"ChampRes\">typdoc<\/dt>\n<dd class=\"ValeurRes Type_de_document\">Journal articles<\/dd>\n<dt class=\"ChampRes\">Acc\u00e8s au bibtex<\/dt>\n<dd class=\"ValeurRes LienBibtex\"> <a href=\"https:\/\/hal.sorbonne-universite.fr\/hal-01457552v1\/bibtex\" target=\"_self\"> <img decoding=\"async\" alt=\"BibTex\" src=\"https:\/\/haltools.inria.fr\/images\/Haltools_bibtex3.png\" border=\"0\"  title=\"BibTex\" \/><\/a> <\/dd>\n<\/dl>\n<p class='Rubrique'>2013<\/p>\n<p class='SousRubrique'>Journal articles<\/p>\n<dl class='NoticeRes'>\n<dt class=\"ChampRes\">titre<\/dt>\n<dd class=\"ValeurRes Titre\"><a href=\"https:\/\/hal.science\/hal-01077117v1\" target=\"_blank\" >Botnets : illustration de nouvelles formes de criminalit\u00e9 organis\u00e9e<\/a><\/dd>\n<dt class=\"ChampRes\">auteur<\/dt>\n<dd class=\"ValeurRes Auteurs\">\u00c9ric Freyssinet<\/dd>\n<dt class=\"ChampRes\">article<\/dt>\n<dd class=\"ValeurRes article\"><i>La Revue du Grasco<\/i>, 2013, 6, pp.10<\/dd>\n<dt class=\"ChampRes\">typdoc<\/dt>\n<dd class=\"ValeurRes Type_de_document\">Journal articles<\/dd>\n<dt class=\"ChampRes\">Acc\u00e8s au texte int\u00e9gral et bibtex<\/dt>\n<dd class=\"ValeurRes Fichier_joint\"> <a href=\"https:\/\/hal.science\/hal-01077117\/file\/Botnets%20et%20criminalit%C3%A9%20organis%C3%A9e.pdf\"  target=\"_blank\"> <img decoding=\"async\" alt=\"https:\/\/hal.science\/hal-01077117\/file\/Botnets%20et%20criminalit%C3%A9%20organis%C3%A9e.pdf\" src=\"https:\/\/haltools.inria.fr\/images\/Haltools_pdf.png\" border=\"0\" title=\"https:\/\/hal.science\/hal-01077117\/file\/Botnets%20et%20criminalit%C3%A9%20organis%C3%A9e.pdf\" \/><\/a> <span class=\"LienBibtexACoteFulltext\"><a href=\"https:\/\/hal.science\/hal-01077117v1\/bibtex\" target=\"_self\"> <img decoding=\"async\" alt=\"BibTex\" src=\"https:\/\/haltools.inria.fr\/images\/Haltools_bibtex3.png\" border=\"0\"  title=\"BibTex\" \/><\/a> <\/span><\/dd>\n<\/dl>\n<dl class='NoticeRes'>\n<dt class=\"ChampRes\">titre<\/dt>\n<dd class=\"ValeurRes Titre\"><a href=\"https:\/\/hal.sorbonne-universite.fr\/hal-01202398v1\" target=\"_blank\" >The Internet of things, a new field for cybercriminality<\/a><\/dd>\n<dt class=\"ChampRes\">auteur<\/dt>\n<dd class=\"ValeurRes Auteurs\">\u00c9ric Freyssinet<\/dd>\n<dt class=\"ChampRes\">article<\/dt>\n<dd class=\"ValeurRes article\"><i>R\u00e9alit\u00e9s industrielles. Annales des mines<\/i>, 2013, 2013 (2), pp.66-69. <a target=\"_blank\" href=\"https:\/\/dx.doi.org\/10.3917\/rindu.132.0066\">&#x27E8;10.3917\/rindu.132.0066&#x27E9;<\/a><\/dd>\n<dt class=\"ChampRes\">typdoc<\/dt>\n<dd class=\"ValeurRes Type_de_document\">Journal articles<\/dd>\n<dt class=\"ChampRes\">DOI<\/dt>\n<dd class=\"ValeurRes DOI\">DOI : <a href=\"\/\/dx.doi.org\/10.3917\/rindu.132.0066\" target=\"_blank\" >10.3917\/rindu.132.0066<\/a><\/dd>\n<dt class=\"ChampRes\">Acc\u00e8s au bibtex<\/dt>\n<dd class=\"ValeurRes LienBibtex\"> <a href=\"https:\/\/hal.sorbonne-universite.fr\/hal-01202398v1\/bibtex\" target=\"_self\"> <img decoding=\"async\" alt=\"BibTex\" src=\"https:\/\/haltools.inria.fr\/images\/Haltools_bibtex3.png\" border=\"0\"  title=\"BibTex\" \/><\/a> <\/dd>\n<\/dl>\n<p class='Rubrique'>2012<\/p>\n<p class='SousRubrique'>Conference papers<\/p>\n<dl class='NoticeRes'>\n<dt class=\"ChampRes\">titre<\/dt>\n<dd class=\"ValeurRes Titre\"><a href=\"https:\/\/hal.science\/hal-01180706v1\" target=\"_blank\" >Filtrage d&rsquo;Arnaques dans un Corpus de Spams : Une application de Filtrar-S \u00e0 la s\u00e9curit\u00e9 du citoyen<\/a><\/dd>\n<dt class=\"ChampRes\">auteur<\/dt>\n<dd class=\"ValeurRes Auteurs\">Nicolas Campion, Thomas Fontvielle, Eric Freyssinet<\/dd>\n<dt class=\"ChampRes\">article<\/dt>\n<dd class=\"ValeurRes article\"><i>Workshop interdisciplinaire sur la s\u00e9curit\u00e9 globale (WISG)<\/i>, Agence nationale pour la recherche; Universit\u00e9 de technologie de Troyes, Jan 2012, Troyes, France<\/dd>\n<dt class=\"ChampRes\">typdoc<\/dt>\n<dd class=\"ValeurRes Type_de_document\">Conference papers<\/dd>\n<dt class=\"ChampRes\">Acc\u00e8s au texte int\u00e9gral et bibtex<\/dt>\n<dd class=\"ValeurRes Fichier_joint\"> <a href=\"https:\/\/hal.science\/hal-01180706\/file\/WISG12-FiltrarS.pdf\"  target=\"_blank\"> <img decoding=\"async\" alt=\"https:\/\/hal.science\/hal-01180706\/file\/WISG12-FiltrarS.pdf\" src=\"https:\/\/haltools.inria.fr\/images\/Haltools_pdf.png\" border=\"0\" title=\"https:\/\/hal.science\/hal-01180706\/file\/WISG12-FiltrarS.pdf\" \/><\/a> <span class=\"LienBibtexACoteFulltext\"><a href=\"https:\/\/hal.science\/hal-01180706v1\/bibtex\" target=\"_self\"> <img decoding=\"async\" alt=\"BibTex\" src=\"https:\/\/haltools.inria.fr\/images\/Haltools_bibtex3.png\" border=\"0\"  title=\"BibTex\" \/><\/a> <\/span><\/dd>\n<\/dl>\n<p class='SousRubrique'>Books<\/p>\n<dl class='NoticeRes'>\n<dt class=\"ChampRes\">titre<\/dt>\n<dd class=\"ValeurRes Titre\"><a href=\"https:\/\/hal.science\/hal-01076643v1\" target=\"_blank\" >La cybercriminalit\u00e9 en mouvement<\/a><\/dd>\n<dt class=\"ChampRes\">auteur<\/dt>\n<dd class=\"ValeurRes Auteurs\">\u00c9ric Freyssinet<\/dd>\n<dt class=\"ChampRes\">article<\/dt>\n<dd class=\"ValeurRes article\"><a target=\"_blank\" href=\"http:\/\/www.lavoisier.fr\/livre\/informatique\/la-cybercriminalite-en-mouvement\/freyssinet\/descriptif-9782746232884\">Lavoisier<\/a>, 2012, Management et informatique, Nicolas Manson, 978-2-7462-3288-4<\/dd>\n<dt class=\"ChampRes\">typdoc<\/dt>\n<dd class=\"ValeurRes Type_de_document\">Books<\/dd>\n<dt class=\"ChampRes\">Acc\u00e8s au bibtex<\/dt>\n<dd class=\"ValeurRes LienBibtex\"> <a href=\"https:\/\/hal.science\/hal-01076643v1\/bibtex\" target=\"_self\"> <img decoding=\"async\" alt=\"BibTex\" src=\"https:\/\/haltools.inria.fr\/images\/Haltools_bibtex3.png\" border=\"0\"  title=\"BibTex\" \/><\/a> <\/dd>\n<\/dl>\n<p class='Rubrique'>2010<\/p>\n<p class='SousRubrique'>Conference papers<\/p>\n<dl class='NoticeRes'>\n<dt class=\"ChampRes\">titre<\/dt>\n<dd class=\"ValeurRes Titre\"><a href=\"https:\/\/hal.science\/hal-01076638v1\" target=\"_blank\" >R\u00e9flexions pour un plan d&rsquo;action contre les botnets<\/a><\/dd>\n<dt class=\"ChampRes\">auteur<\/dt>\n<dd class=\"ValeurRes Auteurs\">\u00c9ric Freyssinet<\/dd>\n<dt class=\"ChampRes\">article<\/dt>\n<dd class=\"ValeurRes article\"><i>Symposium sur la s\u00e9curit\u00e9 des technologies de l&rsquo;information et des communications<\/i>, Jun 2010, Rennes, France<\/dd>\n<dt class=\"ChampRes\">typdoc<\/dt>\n<dd class=\"ValeurRes Type_de_document\">Conference papers<\/dd>\n<dt class=\"ChampRes\">Acc\u00e8s au texte int\u00e9gral et bibtex<\/dt>\n<dd class=\"ValeurRes Fichier_joint\"> <a href=\"https:\/\/hal.science\/hal-01076638\/file\/sstic2010-freyssinet-lutter-contre-les-botnets.pdf\"  target=\"_blank\"> <img decoding=\"async\" alt=\"https:\/\/hal.science\/hal-01076638\/file\/sstic2010-freyssinet-lutter-contre-les-botnets.pdf\" src=\"https:\/\/haltools.inria.fr\/images\/Haltools_pdf.png\" border=\"0\" title=\"https:\/\/hal.science\/hal-01076638\/file\/sstic2010-freyssinet-lutter-contre-les-botnets.pdf\" \/><\/a> <span class=\"LienBibtexACoteFulltext\"><a href=\"https:\/\/hal.science\/hal-01076638v1\/bibtex\" target=\"_self\"> <img decoding=\"async\" alt=\"BibTex\" src=\"https:\/\/haltools.inria.fr\/images\/Haltools_bibtex3.png\" border=\"0\"  title=\"BibTex\" \/><\/a> <\/span><\/dd>\n<\/dl>\n<p class='Rubrique'>2009<\/p>\n<p class='SousRubrique'>Books<\/p>\n<dl class='NoticeRes'>\n<dt class=\"ChampRes\">titre<\/dt>\n<dd class=\"ValeurRes Titre\"><a href=\"https:\/\/hal.science\/hal-01076670v1\" target=\"_blank\" >L&rsquo;identit\u00e9 \u00e0 l&rsquo;\u00e8re num\u00e9rique<\/a><\/dd>\n<dt class=\"ChampRes\">auteur<\/dt>\n<dd class=\"ValeurRes Auteurs\">\u00c9ric Freyssinet, Guillaume Desgens-Pasanau<\/dd>\n<dt class=\"ChampRes\">article<\/dt>\n<dd class=\"ValeurRes article\">Dalloz, 2009, Pr\u00e9saje, 978-2247080618<\/dd>\n<dt class=\"ChampRes\">typdoc<\/dt>\n<dd class=\"ValeurRes Type_de_document\">Books<\/dd>\n<dt class=\"ChampRes\">Acc\u00e8s au bibtex<\/dt>\n<dd class=\"ValeurRes LienBibtex\"> <a href=\"https:\/\/hal.science\/hal-01076670v1\/bibtex\" target=\"_self\"> <img decoding=\"async\" alt=\"BibTex\" src=\"https:\/\/haltools.inria.fr\/images\/Haltools_bibtex3.png\" border=\"0\"  title=\"BibTex\" \/><\/a> <\/dd>\n<\/dl>\n<p class='Rubrique'>2007<\/p>\n<p class='SousRubrique'>Journal articles<\/p>\n<dl class='NoticeRes'>\n<dt class=\"ChampRes\">titre<\/dt>\n<dd class=\"ValeurRes Titre\"><a href=\"https:\/\/hal.sorbonne-universite.fr\/hal-01202401v1\" target=\"_blank\" >La gendarmerie et la protection de l\u2019enfance sur Internet<\/a><\/dd>\n<dt class=\"ChampRes\">auteur<\/dt>\n<dd class=\"ValeurRes Auteurs\">Philippe Baudoin, Eric Freyssinet<\/dd>\n<dt class=\"ChampRes\">article<\/dt>\n<dd class=\"ValeurRes article\"><i>L\u00e9gicom : Revue du droit de la communication des entreprises et de la communication publique<\/i>, 2007, 37, pp.59-67. <a target=\"_blank\" href=\"https:\/\/dx.doi.org\/10.3917\/legi.037.0059\">&#x27E8;10.3917\/legi.037.0059&#x27E9;<\/a><\/dd>\n<dt class=\"ChampRes\">typdoc<\/dt>\n<dd class=\"ValeurRes Type_de_document\">Journal articles<\/dd>\n<dt class=\"ChampRes\">DOI<\/dt>\n<dd class=\"ValeurRes DOI\">DOI : <a href=\"\/\/dx.doi.org\/10.3917\/legi.037.0059\" target=\"_blank\" >10.3917\/legi.037.0059<\/a><\/dd>\n<dt class=\"ChampRes\">Acc\u00e8s au bibtex<\/dt>\n<dd class=\"ValeurRes LienBibtex\"> <a href=\"https:\/\/hal.sorbonne-universite.fr\/hal-01202401v1\/bibtex\" target=\"_self\"> <img decoding=\"async\" alt=\"BibTex\" src=\"https:\/\/haltools.inria.fr\/images\/Haltools_bibtex3.png\" border=\"0\"  title=\"BibTex\" \/><\/a> <\/dd>\n<\/dl>\n<p class='Rubrique'>2003<\/p>\n<p class='SousRubrique'>Journal articles<\/p>\n<dl class='NoticeRes'>\n<dt class=\"ChampRes\">titre<\/dt>\n<dd class=\"ValeurRes Titre\"><a href=\"https:\/\/hal.sorbonne-universite.fr\/hal-01457616v1\" target=\"_blank\" >La preuve num\u00e9rique<\/a><\/dd>\n<dt class=\"ChampRes\">auteur<\/dt>\n<dd class=\"ValeurRes Auteurs\">\u00c9ric Freyssinet<\/dd>\n<dt class=\"ChampRes\">article<\/dt>\n<dd class=\"ValeurRes article\"><i>Les Cahiers du num\u00e9rique<\/i>, 2003, La s\u00e9curit\u00e9 \u00e0 l&rsquo;\u00e8re num\u00e9rique, 4 (3), pp.205-217<\/dd>\n<dt class=\"ChampRes\">typdoc<\/dt>\n<dd class=\"ValeurRes Type_de_document\">Journal articles<\/dd>\n<dt class=\"ChampRes\">Acc\u00e8s au bibtex<\/dt>\n<dd class=\"ValeurRes LienBibtex\"> <a href=\"https:\/\/hal.sorbonne-universite.fr\/hal-01457616v1\/bibtex\" target=\"_self\"> <img decoding=\"async\" alt=\"BibTex\" src=\"https:\/\/haltools.inria.fr\/images\/Haltools_bibtex3.png\" border=\"0\"  title=\"BibTex\" \/><\/a> <\/dd>\n<\/dl><\/div>\n<p> <\/body> <\/html> <\/p>\n","protected":false},"excerpt":{"rendered":"<p>               var _paq = _paq || [];   _paq.push([&lsquo;trackPageView&rsquo;]);   _paq.push([&lsquo;enableLinkTracking&rsquo;]);   (function() {     var u=\u00a0\u00bb\/\/piwik.inria.fr\/\u00a0\u00bb;     _paq.push([&lsquo;setTrackerUrl&rsquo;, u+&rsquo;piwik.php&rsquo;]);     _paq.push([&lsquo;setSiteId&rsquo;, 25]);     var d=document, g=d.createElement(&lsquo;script&rsquo;), s=d.getElementsByTagName(&lsquo;script&rsquo;)[0];     g.type=&rsquo;text\/javascript&rsquo;; g.async=true; g.defer=true; g.src=u+&rsquo;piwik.js&rsquo;; s.parentNode.insertBefore(g,s);   })();  <\/p>\n<p><img decoding=\"async\" src=\"\/\/piwik.inria.fr\/piwik.php?idsite=25\" style=\"border:0;\" alt=\"\" \/><\/p>\n<p>   Publications HAL de  eric freyssinet   <\/p>\n<p class='Rubrique'>2015<\/p>\n<p class='SousRubrique'>Journal articles<\/p>\n<p>titre<br \/>\n<a href=\"https:\/\/minesparis-psl.hal.science\/hal-01187946v1\" target=\"_blank\">Impact of social media in security and crisis management: a review<\/a><br \/>\nauteur<br \/>\nJean-Luc Wybo, Francoise Fogelman Souli\u00e9, Gouttas Catherine, Eric Freyssinet, Patrick Lions<br \/>\narticle<br \/>\n<i>International Journal of Emergency Management<\/i>, 2015, 11 (2), pp.105-128. <a target=\"_blank\" href=\"https:\/\/dx.doi.org\/10.1504\/IJEM.2015.071045\">&#x27E8;10.1504\/IJEM.2015.071045&#x27E9;<\/a><br \/>\ntypdoc<br \/>\nJournal articles<br \/>\nDOI<br \/>\nDOI : <a href=\"\/\/dx.doi.org\/10.1504\/IJEM.2015.071045\" target=\"_blank\">10.1504\/IJEM.2015.071045<\/a><br \/>\nAcc\u00e8s au bibtex<br \/>\n <a href=\"https:\/\/minesparis-psl.hal.science\/hal-01187946v1\/bibtex\" target=\"_self\"> <img decoding=\"async\" alt=\"BibTex\" src=\"https:\/\/haltools.inria.fr\/images\/Haltools_bibtex3.png\" border=\"0\"  title=\"BibTex\" \/><\/a> <\/p>\n<p class='SousRubrique'>Conference papers<\/p>\n<p>titre<br \/>\n<a href=\"https:\/\/hal.sorbonne-universite.fr\/hal-01180705v1\" target=\"_blank\">Mobile botnets taxonomy and challenges<\/a><br \/>\nauteur<br \/>\nApostolos Malatras, <\/p>\n","protected":false},"author":5,"featured_media":0,"parent":0,"menu_order":0,"comment_status":"closed","ping_status":"closed","template":"page-fullwidth.php","meta":{"footnotes":""},"class_list":["post-13","page","type-page","status-publish","hentry"],"_links":{"self":[{"href":"https:\/\/members.loria.fr\/EFreyssinet\/wp-json\/wp\/v2\/pages\/13","targetHints":{"allow":["GET"]}}],"collection":[{"href":"https:\/\/members.loria.fr\/EFreyssinet\/wp-json\/wp\/v2\/pages"}],"about":[{"href":"https:\/\/members.loria.fr\/EFreyssinet\/wp-json\/wp\/v2\/types\/page"}],"author":[{"embeddable":true,"href":"https:\/\/members.loria.fr\/EFreyssinet\/wp-json\/wp\/v2\/users\/5"}],"replies":[{"embeddable":true,"href":"https:\/\/members.loria.fr\/EFreyssinet\/wp-json\/wp\/v2\/comments?post=13"}],"version-history":[{"count":23,"href":"https:\/\/members.loria.fr\/EFreyssinet\/wp-json\/wp\/v2\/pages\/13\/revisions"}],"predecessor-version":[{"id":287,"href":"https:\/\/members.loria.fr\/EFreyssinet\/wp-json\/wp\/v2\/pages\/13\/revisions\/287"}],"wp:attachment":[{"href":"https:\/\/members.loria.fr\/EFreyssinet\/wp-json\/wp\/v2\/media?parent=13"}],"curies":[{"name":"wp","href":"https:\/\/api.w.org\/{rel}","templated":true}]}}