{"id":102,"date":"2015-06-17T12:57:29","date_gmt":"2015-06-17T10:57:29","guid":{"rendered":"http:\/\/members.loria.fr\/template\/?page_id=102"},"modified":"2018-06-14T12:49:09","modified_gmt":"2018-06-14T10:49:09","slug":"equipe","status":"publish","type":"page","link":"https:\/\/members.loria.fr\/FCharpillet\/equipe\/","title":{"rendered":"\u00c9quipe"},"content":{"rendered":"<h1 class=\"post-title entry-title\" style=\"text-align: center\">Larsen Team<\/h1>\n<h3>Head \/ Responsable Scientifique<\/h3>\n<div class=\"entry-content clearfix\">\n<div class=\"user_block\">\n<div class=\"user_image\"><img loading=\"lazy\" decoding=\"async\" class=\"avatar alignnone size-thumbnail wp-image-147\" src=\"https:\/\/team.inria.fr\/larsen\/files\/2011\/07\/francois-150x150.jpg\" alt=\"francois\" width=\"100\" height=\"100\" \/><\/div>\n<div class=\"user_description\">Fran\u00e7ois Charpillet, Inria senior research scientist<br \/>\n+33 3 83 59 20 81<br \/>\n<a title=\"http:\/\/www.loria.fr\/~charp\" href=\"http:\/\/www.loria.fr\/~charp\">http:\/\/www.loria.fr\/~charp<\/a><\/div>\n<\/div>\n<h3>Administrative Assistants \/ Assistantes de Projet<\/h3>\n<div class=\"user_block\">\n<div class=\"user_image\"><img loading=\"lazy\" decoding=\"async\" class=\"avatar alignnone size-thumbnail wp-image-193\" src=\"https:\/\/team.inria.fr\/larsen\/files\/2011\/07\/noavatar-150x150.png\" alt=\"noavatar\" width=\"100\" height=\"100\" \/><\/div>\n<div class=\"user_description\">V\u00e9ronique Constant, Inria Administrative Assistant<br \/>\n+33 3 83 59 30 25 \u2013 B236<\/div>\n<\/div>\n<h3>Permanent Researchers \/ Membres Permanents<\/h3>\n<div class=\"user_block\">\n<div class=\"user_image\"><img loading=\"lazy\" decoding=\"async\" class=\"avatar alignnone size-thumbnail wp-image-193\" src=\"https:\/\/team.inria.fr\/larsen\/files\/2015\/09\/amine_100.jpg\" alt=\"noavatar\" width=\"100\" height=\"100\" \/><\/div>\n<div class=\"user_description\">Amine Boumaza<br \/>\n+33 3 54 95 86 31<br \/>\n<a title=\"http:\/\/www.loria.fr\/~boumaza\/\" href=\"http:\/\/www.loria.fr\/~boumaza\/\">http:\/\/www.loria.fr\/~boumaza\/<\/a><br \/>\namine [dot] boumaza [at] loria [dot] fr<\/div>\n<\/div>\n<div class=\"user_block\">\n<div class=\"user_image\"><img loading=\"lazy\" decoding=\"async\" class=\"avatar alignnone size-thumbnail wp-image-193\" src=\"https:\/\/team.inria.fr\/larsen\/files\/2011\/07\/karim.jpg\" alt=\"karim\" width=\"100\" height=\"100\" \/><\/div>\n<div class=\"user_description\">Karim Bouyarmane<br \/>\n+33 3 54 95 85 08<br \/>\n<a title=\"http:\/\/www.loria.fr\/~kbouyarmane\/\" href=\"http:\/\/www.loria.fr\/~kbouyarmane\">http:\/\/www.loria.fr\/~kbouyarmane<\/a><br \/>\nkarim.bouyarmane@loria.fr<\/div>\n<\/div>\n<div class=\"user_block\">\n<div class=\"user_image\"><img loading=\"lazy\" decoding=\"async\" class=\"avatar alignnone size-full wp-image-146\" src=\"https:\/\/team.inria.fr\/larsen\/files\/2011\/07\/francis.jpg\" alt=\"francis\" width=\"100\" height=\"100\" \/><\/div>\n<div class=\"user_description\">Francis Colas<br \/>\n+33 3 54 95 86 30<br \/>\n<a title=\"http:\/\/www.franciscolas.net\/\" href=\"http:\/\/www.franciscolas.net\/\">http:\/\/www.franciscolas.net\/<\/a><br \/>\nfrancis.colas@inria.fr<\/div>\n<\/div>\n<div class=\"user_block\">\n<div class=\"user_image\"><img loading=\"lazy\" decoding=\"async\" class=\"avatar alignnone size-thumbnail wp-image-145\" src=\"https:\/\/team.inria.fr\/larsen\/files\/2011\/07\/ivaldi.png\" alt=\"larsen_template_ivaldi\" width=\"100\" height=\"100\" \/><\/div>\n<div class=\"user_description\">Serena Ivaldi<br \/>\n+33 3 54 95 86 18<br \/>\n<a title=\"http:\/\/www.loria.fr\/~sivaldi\/\" href=\"http:\/\/www.loria.fr\/~sivaldi\/\">http:\/\/www.loria.fr\/~sivaldi\/<\/a><br \/>\nserena.ivaldi@inria.fr<\/div>\n<\/div>\n<div class=\"user_block\">\n<div class=\"user_image\"><img loading=\"lazy\" decoding=\"async\" class=\"avatar alignnone size-thumbnail wp-image-145\" src=\"https:\/\/team.inria.fr\/larsen\/files\/2015\/03\/photo_jbm_low_res.jpg\" alt=\"larsen_template_ivaldi\" width=\"100\" height=\"100\" \/><\/div>\n<div class=\"user_description\">Jean-Baptiste Mouret<br \/>\n+33 3 54 47 86 16<br \/>\n<a title=\"http:\/\/pages.isir.upmc.fr\/~mouret\/website\/\" href=\"http:\/\/members.loria.fr\/JBMouret\">http:\/\/members.loria.fr\/JBMouret<\/a><br \/>\njean-baptiste.mouret@inria.fr<\/div>\n<\/div>\n<div class=\"user_block\">\n<div class=\"user_image\"><img loading=\"lazy\" decoding=\"async\" class=\"avatar alignnone size-thumbnail wp-image-193\" src=\"https:\/\/team.inria.fr\/larsen\/files\/2011\/07\/vincent_thomas.jpg\" alt=\"noavatar\" width=\"100\" height=\"100\" \/><\/div>\n<div class=\"user_description\">Vincent Thomas<br \/>\n+33 3 54 95 85 08<br \/>\n<a href=\"https:\/\/members.loria.fr\/vthomas\/\">https:\/\/members.loria.fr\/VThomas\/<\/a><br \/>\nvincent.thomas@loria.fr<\/div>\n<\/div>\n<h3>Postdoctoral Researchers \/ Postdocs<\/h3>\n<div class=\"user_block\">\n<div class=\"user_image\"><img loading=\"lazy\" decoding=\"async\" class=\"avatar alignnone size-thumbnail wp-image-193\" src=\"https:\/\/team.inria.fr\/larsen\/files\/2011\/07\/photo_son2.jpg\" alt=\"noavatar\" width=\"100\" height=\"100\" \/><\/div>\n<div class=\"user_description\">Xuan-Son Nguyen<br \/>\n<a href=\"https:\/\/sites.google.com\/site\/nguyenxshv\/\" target=\"_blank\">https:\/\/sites.google.com\/site\/nguyenxshv\/<\/a><\/div>\n<\/div>\n<div class=\"user_block\">\n<div class=\"user_image\"><\/div>\n<div class=\"user_image\"><a href=\"http:\/\/members.loria.fr\/FCharpillet\/wp-content\/blogs.dir\/77\/files\/sites\/77\/2015\/06\/Image-25-10-2016-at-17.24.jpg\"><img loading=\"lazy\" decoding=\"async\" class=\"alignnone wp-image-300\" src=\"http:\/\/members.loria.fr\/FCharpillet\/wp-content\/blogs.dir\/77\/files\/sites\/77\/2015\/06\/Image-25-10-2016-at-17.24.jpg\" alt=\"image-25-10-2016-at-17-24\" width=\"109\" height=\"109\" srcset=\"https:\/\/members.loria.fr\/FCharpillet\/wp-content\/blogs.dir\/77\/files\/sites\/77\/2015\/06\/Image-25-10-2016-at-17.24.jpg 180w, https:\/\/members.loria.fr\/FCharpillet\/wp-content\/blogs.dir\/77\/files\/sites\/77\/2015\/06\/Image-25-10-2016-at-17.24-150x150.jpg 150w, https:\/\/members.loria.fr\/FCharpillet\/wp-content\/blogs.dir\/77\/files\/sites\/77\/2015\/06\/Image-25-10-2016-at-17.24-60x60.jpg 60w\" sizes=\"auto, (max-width: 109px) 100vw, 109px\" \/><\/a><\/div>\n<div class=\"user_image\">Vassilis Vassiliades<\/div>\n<div class=\"user_description\">vassilisvas@gmail.com<br \/>\n<a href=\"https:\/\/www.researchgate.net\/profile\/Vassilis_Vassiliades\" target=\"_blank\">https:\/\/www.researchgate.net\/profile\/Vassilis_Vassiliades<\/a><\/div>\n<\/div>\n<h3>Engineers \/ Ing\u00e9nieurs<\/h3>\n<div class=\"user_block\">\n<div class=\"user_image\"><img loading=\"lazy\" decoding=\"async\" class=\"avatar alignnone size-thumbnail wp-image-193\" src=\"https:\/\/team.inria.fr\/larsen\/files\/2015\/01\/MelanieLelaure.jpg\" alt=\"melanie\" width=\"100\" height=\"100\" \/><\/div>\n<div class=\"user_description\">M\u00e9lanie Lelaure<br \/>\n+33 3 54 95 86 18<\/div>\n<\/div>\n<div class=\"user_block\">\n<div class=\"user_image\"><img loading=\"lazy\" decoding=\"async\" class=\"avatar alignnone size-thumbnail wp-image-201\" src=\"https:\/\/team.inria.fr\/larsen\/files\/2011\/07\/moinel.jpg\" alt=\"Thomas\" width=\"100\" height=\"100\" \/><\/div>\n<div class=\"user_description\">Thomas Moinel<br \/>\n+33 3 54 95 86 34<\/div>\n<\/div>\n<div class=\"user_block\">\n<div class=\"user_image\"><img loading=\"lazy\" decoding=\"async\" class=\"avatar alignnone size-thumbnail wp-image-193\" src=\"https:\/\/team.inria.fr\/larsen\/files\/2011\/07\/dgoepp.jpg\" alt=\"noavatar\" width=\"100\" height=\"100\" \/><\/div>\n<div class=\"user_description\">Dorian Goepp<br \/>\n+33 3 54 95 86 64<\/div>\n<\/div>\n<h3>PhD Students \/ Doctorants<\/h3>\n<div class=\"user_block\">\n<div class=\"user_image\"><img loading=\"lazy\" decoding=\"async\" class=\"avatar alignnone size-thumbnail wp-image-193\" src=\"https:\/\/team.inria.fr\/larsen\/files\/2015\/10\/orianeDermy.png\" alt=\"noavatar\" width=\"100\" height=\"100\" \/><\/div>\n<div class=\"user_description\">Oriane Dermy<br \/>\nSupervisors: Serena Ivaldi, Fran\u00e7ois Charpillet<br \/>\noriane.dermy@inria.fr<\/div>\n<\/div>\n<div class=\"user_block\">\n<div class=\"user_image\"><img loading=\"lazy\" decoding=\"async\" class=\"avatar alignnone size-thumbnail wp-image-193\" src=\"https:\/\/team.inria.fr\/larsen\/files\/2015\/10\/profile_nea.jpg\" alt=\"noavatar\" width=\"100\" height=\"100\" \/><\/div>\n<div class=\"user_description\">Konstantinos Chatzilygeroudis<br \/>\nSupervisor: Jean-Baptiste Mouret<br \/>\nkonstantinos.chatzilygeroudis@inria.fr<\/div>\n<\/div>\n<div class=\"user_block\">\n<div class=\"user_image\"><img loading=\"lazy\" decoding=\"async\" class=\"avatar alignnone size-thumbnail wp-image-193\" src=\"https:\/\/team.inria.fr\/larsen\/files\/2011\/07\/adrian_bourgraud_sm.jpg\" alt=\"noavatar\" width=\"100\" height=\"100\" \/><\/div>\n<div class=\"user_description\">Adrian Bourgaud<br \/>\nSupervisors: Fran\u00e7ois Charpillet<br \/>\nSubject: Tracking people in an apartment using multiple non calibrated cameras<br \/>\n+33 3 54 95 86 18<br \/>\nadrian.bourgaud@inria.fr<\/div>\n<\/div>\n<div class=\"user_block\">\n<div class=\"user_image\"><img loading=\"lazy\" decoding=\"async\" class=\"avatar alignnone size-thumbnail wp-image-134\" src=\"https:\/\/team.inria.fr\/larsen\/files\/2011\/07\/fernandez-150x150.png\" alt=\"I\u00f1aki Fernandez\" width=\"100\" height=\"100\" \/><\/div>\n<div class=\"user_description\">I\u00f1aki Fern\u00e1ndez P\u00e9rez<br \/>\nSupervisors: Dr. Amine Boumaza, Dr. Fran\u00e7ois Charpillet<br \/>\n+33 3 54 95 84 67<br \/>\n<a title=\"www.loria.fr\/~fernandi\" href=\"http:\/\/www.loria.fr\/~fernandi\">http:\/\/www.loria.fr\/~fernandi<\/a><br \/>\ninaki.fernandez@loria.fr<\/div>\n<\/div>\n<div class=\"user_block\">\n<div class=\"user_image\"><img loading=\"lazy\" decoding=\"async\" class=\"avatar alignnone wp-image-193 size-thumbnail\" src=\"https:\/\/team.inria.fr\/larsen\/files\/2011\/07\/noavatar-150x150.png\" alt=\"noavatar\" width=\"100\" height=\"100\" \/><\/div>\n<div class=\"user_description\">Nassim Kald\u00e9<br \/>\nSupervisors: Dr. Fran\u00e7ois Charpillet, Pr. Olivier Simonin<br \/>\n+33 3 54 95 84 67<\/div>\n<\/div>\n<div class=\"user_block\">\n<div class=\"user_image\"><img loading=\"lazy\" decoding=\"async\" class=\"avatar alignnone size-thumbnail wp-image-140\" src=\"https:\/\/team.inria.fr\/larsen\/files\/2011\/07\/Quan-150x150.jpg\" alt=\"Quan\" width=\"100\" height=\"100\" \/><\/div>\n<div class=\"user_description\">Quan Nguyen<br \/>\nSupervisors: Dr. Emmanuel Vincent, Dr. Francis Colas, Dr. Fran\u00e7ois Charpillet<br \/>\n+33 3 54 95 84 67<\/div>\n<\/div>\n<h3>Interns \/ Stagiaires<\/h3>\n<div class=\"user_block\">\n<div class=\"user_image\"><img loading=\"lazy\" decoding=\"async\" class=\"avatar alignnone size-thumbnail wp-image-193\" src=\"https:\/\/team.inria.fr\/larsen\/files\/2011\/07\/noavatar-150x150.png\" alt=\"noavatar\" width=\"100\" height=\"100\" \/><\/div>\n<div class=\"user_description\">Adrien Malais\u00e9<br \/>\nSupervised by Serena Ivaldi<\/div>\n<\/div>\n<div class=\"user_block\">\n<div class=\"user_image\"><img loading=\"lazy\" decoding=\"async\" class=\"avatar alignnone size-thumbnail wp-image-193\" src=\"https:\/\/team.inria.fr\/larsen\/files\/2011\/07\/noavatar-150x150.png\" alt=\"noavatar\" width=\"100\" height=\"100\" \/><\/div>\n<div class=\"user_description\">Anthony Voilqu\u00e9<br \/>\nSupervised by Serena Ivaldi<\/div>\n<\/div>\n<div class=\"user_block\">\n<div class=\"user_image\"><img loading=\"lazy\" decoding=\"async\" class=\"avatar alignnone size-thumbnail wp-image-193\" src=\"https:\/\/team.inria.fr\/larsen\/files\/2011\/07\/noavatar-150x150.png\" alt=\"noavatar\" width=\"100\" height=\"100\" \/><\/div>\n<div class=\"user_description\">Ugo Chervet<br \/>\nSupervised by Serena Ivaldi<\/div>\n<\/div>\n<div class=\"user_block\">\n<div class=\"user_image\"><a href=\"https:\/\/team.inria.fr\/larsen\/files\/2016\/06\/photo_vaios.jpg\"><img loading=\"lazy\" decoding=\"async\" class=\"avatar alignnone wp-image-963 size-thumbnail\" src=\"https:\/\/team.inria.fr\/larsen\/files\/2016\/06\/photo_vaios-150x150.jpg\" alt=\"\" width=\"100\" height=\"100\" \/><\/a><\/div>\n<div class=\"user_description\">Vaios Papaspyros<br \/>\nSupervised by Jean-Baptiste Mouret<\/div>\n<\/div>\n<div class=\"user_block\">\n<div class=\"user_image\"><img loading=\"lazy\" decoding=\"async\" class=\"avatar alignnone size-thumbnail wp-image-193\" src=\"https:\/\/team.inria.fr\/larsen\/files\/2011\/07\/noavatar-150x150.png\" alt=\"noavatar\" width=\"100\" height=\"100\" \/><\/div>\n<div class=\"user_description\">Virgile Daug\u00e9<br \/>\nSupervised by Jean-Baptiste Mouret<\/div>\n<\/div>\n<h3>Visiting researchers<\/h3>\n<div class=\"user_block\">\n<div class=\"user_image\"><img loading=\"lazy\" decoding=\"async\" class=\"avatar alignnone size-thumbnail wp-image-193\" src=\"https:\/\/team.inria.fr\/larsen\/files\/2011\/07\/noavatar-150x150.png\" alt=\"noavatar\" width=\"100\" height=\"100\" \/><\/div>\n<div class=\"user_description\">Valerio Modugno (PhD student, University of Rome La Sapienza), supervised by Serena Ivaldi<\/div>\n<\/div>\n<div class=\"user_block\">\n<div class=\"user_image\"><img loading=\"lazy\" decoding=\"async\" class=\"avatar alignnone size-thumbnail wp-image-193\" src=\"https:\/\/team.inria.fr\/larsen\/files\/2011\/07\/noavatar-150x150.png\" alt=\"noavatar\" width=\"100\" height=\"100\" \/><\/div>\n<div class=\"user_description\">Jamie Waugh (PhD student, University of Waterloo), supervised by Serena Ivaldi<\/div>\n<\/div>\n<h3>Past Members \/ Anciens Membres<\/h3>\n<div class=\"user_block\">\n<div class=\"user_image\"><img loading=\"lazy\" decoding=\"async\" class=\"avatar alignnone size-thumbnail wp-image-201\" src=\"https:\/\/team.inria.fr\/larsen\/files\/2011\/07\/abdallah.jpg\" alt=\"Abdallah\" width=\"100\" height=\"100\" \/><\/div>\n<div class=\"user_description\">Abdallah Dib<br \/>\nSupervisor: Dr. Fran\u00e7ois Charpillet<br \/>\n+33 3 54 95 84 67<br \/>\n<a title=\"http:\/\/www.virtual-vision.net\/\" href=\"http:\/\/www.virtual-vision.net\/\">http:\/\/www.virtual-vision.net\/<\/a><\/div>\n<\/div>\n<div class=\"user_block\">\n<div class=\"user_image\"><img loading=\"lazy\" decoding=\"async\" class=\"avatar alignnone size-thumbnail wp-image-141\" src=\"https:\/\/team.inria.fr\/larsen\/files\/2011\/07\/andries-150x150.jpg\" alt=\"andries\" width=\"100\" height=\"100\" \/><\/div>\n<div class=\"user_description\">Mihai Andries<br \/>\nSupervisors: Dr. Fran\u00e7ois Charpillet, Pr. Olivier Simonin<br \/>\n+33 3 54 95 84 67<br \/>\n<a title=\"http:\/\/mihai.andries.eu\" href=\"http:\/\/mihai.andries.eu\/\">http:\/\/mihai.andries.eu<\/a><\/div>\n<\/div>\n<div class=\"user_block\">\n<div class=\"user_image\"><img loading=\"lazy\" decoding=\"async\" class=\"avatar size-thumbnail wp-image-149 alignnone\" src=\"https:\/\/team.inria.fr\/larsen\/files\/2011\/07\/max.jpg\" alt=\"Max\" width=\"100\" height=\"100\" \/><\/div>\n<div class=\"user_description\">Maxime Rio<br \/>\nEngineer (project SATELOR)<br \/>\n+33 3 54 95 86 28<br \/>\n<a href=\"http:\/\/www.loria.fr\/~riomaxim\">http:\/\/www.loria.fr\/~riomaxim<\/a><\/div>\n<\/div>\n<div class=\"user_block\">\n<div class=\"user_image\"><img loading=\"lazy\" decoding=\"async\" class=\"avatar alignnone size-thumbnail wp-image-193\" src=\"https:\/\/team.inria.fr\/larsen\/files\/2015\/10\/sebastian_marichal.png\" alt=\"noavatar\" width=\"100\" height=\"100\" \/><\/div>\n<div class=\"user_description\">Sebastian Marichal (supervised by Serena Ivaldi)<\/div>\n<\/div>\n<div class=\"user_block\">\n<div class=\"user_image\"><img loading=\"lazy\" decoding=\"async\" class=\"avatar alignnone size-thumbnail wp-image-193\" src=\"https:\/\/team.inria.fr\/larsen\/files\/2011\/07\/noavatar-150x150.png\" alt=\"noavatar\" width=\"100\" height=\"100\" \/><\/div>\n<div class=\"user_description\">Federico Allocati (supervised by Jean-Baptiste Mouret)<\/div>\n<\/div>\n<div class=\"user_block\">\n<div class=\"user_image\"><img loading=\"lazy\" decoding=\"async\" class=\"avatar alignnone size-thumbnail wp-image-201\" src=\"https:\/\/team.inria.fr\/larsen\/files\/2011\/07\/theo-150x150.png\" alt=\"theo\" width=\"100\" height=\"100\" \/><\/div>\n<div class=\"user_description\">Th\u00e9o Biasutto-Lervat<br \/>\nEngineer (project SATELOR)<br \/>\n+33 3 54 95 86 18<\/div>\n<\/div>\n<div class=\"user_block\">\n<div class=\"user_description\">Omar Mohammed (intern, supervised by Jean-Baptiste Mouret)<\/div>\n<\/div>\n<div class=\"user_block\">\n<div class=\"user_description\">Corentin Fagot (intern, worked on benchmarking of SLAM algorithms, supervised by Francis Colas)<\/div>\n<\/div>\n<div class=\"user_block\">\n<div class=\"user_description\">Pauline Houlgatte (intern, worked on the creation of a dataset for measuring the prevision of our prototype sensing floor; supervised by Maxime Rio and Francois Charpillet)<\/div>\n<\/div>\n<div class=\"user_block\">\n<div class=\"user_description\">Florent Clerc (intern, supervised by Francois Charpillet)<\/div>\n<\/div>\n<div class=\"user_block\">\n<div class=\"user_description\">Roman Kreshchak (intern, worked on the augmented bed, supervised by F. Charpillet)<\/div>\n<\/div>\n<div class=\"user_block\">\n<div class=\"user_description\">Nicolas Beaufort (robotics and software engineer)<\/div>\n<\/div>\n<\/div>\n","protected":false},"excerpt":{"rendered":"<p>Larsen Team Head \/ Responsable Scientifique Fran\u00e7ois Charpillet, Inria senior research scientist +33 3 83 59 20 81 http:\/\/www.loria.fr\/~charp Administrative Assistants \/ Assistantes de Projet V\u00e9ronique Constant, Inria Administrative Assistant +33 3 83 59 30 25 \u2013 B236 Permanent Researchers \/ Membres Permanents Amine Boumaza +33 3 54 95 86 31 http:\/\/www.loria.fr\/~boumaza\/ amine [dot] boumaza [&hellip;]<\/p>\n","protected":false},"author":1,"featured_media":0,"parent":0,"menu_order":0,"comment_status":"closed","ping_status":"closed","template":"","meta":{"footnotes":""},"class_list":["post-102","page","type-page","status-publish","hentry"],"_links":{"self":[{"href":"https:\/\/members.loria.fr\/FCharpillet\/wp-json\/wp\/v2\/pages\/102","targetHints":{"allow":["GET"]}}],"collection":[{"href":"https:\/\/members.loria.fr\/FCharpillet\/wp-json\/wp\/v2\/pages"}],"about":[{"href":"https:\/\/members.loria.fr\/FCharpillet\/wp-json\/wp\/v2\/types\/page"}],"author":[{"embeddable":true,"href":"https:\/\/members.loria.fr\/FCharpillet\/wp-json\/wp\/v2\/users\/1"}],"replies":[{"embeddable":true,"href":"https:\/\/members.loria.fr\/FCharpillet\/wp-json\/wp\/v2\/comments?post=102"}],"version-history":[{"count":14,"href":"https:\/\/members.loria.fr\/FCharpillet\/wp-json\/wp\/v2\/pages\/102\/revisions"}],"predecessor-version":[{"id":371,"href":"https:\/\/members.loria.fr\/FCharpillet\/wp-json\/wp\/v2\/pages\/102\/revisions\/371"}],"wp:attachment":[{"href":"https:\/\/members.loria.fr\/FCharpillet\/wp-json\/wp\/v2\/media?parent=102"}],"curies":[{"name":"wp","href":"https:\/\/api.w.org\/{rel}","templated":true}]}}