{"id":355,"date":"2017-04-11T11:05:38","date_gmt":"2017-04-11T09:05:38","guid":{"rendered":"http:\/\/members.loria.fr\/HDPNgo\/?page_id=355"},"modified":"2025-01-27T12:24:19","modified_gmt":"2025-01-27T10:24:19","slug":"cours","status":"publish","type":"page","link":"https:\/\/members.loria.fr\/HDPNgo\/cours\/","title":{"rendered":"Teaching"},"content":{"rendered":"<h4 class=\"cv\"><a href=\"http:\/\/fst.univ-lorraine.fr\">Facult\u00e9 des Sciences et Technologies (FST), Vand\u0153uvre-l\u00e8s-Nancy, France<\/a><\/h4>\n<ul>\n<li>\n<h3>Gestion m\u00e9moire<\/h3>\n<ul>\n<li>Niveau: Licence Info 1<\/li>\n<li>Comp\u00e9tence: C<\/li>\n<\/ul>\n<\/li>\n<li>\n<h3>Algorithmique et Programmation 1<\/h3>\n<ul>\n<li>Niveau: Licence Info 1<\/li>\n<li>Comp\u00e9tence: Python<\/li>\n<\/ul>\n<\/li>\n<li>\n<h3>Algorithmique et Programmation 2<\/h3>\n<ul>\n<li>Niveau: Licence Info 1<\/li>\n<li>Comp\u00e9tence: C<\/li>\n<\/ul>\n<\/li>\n<li class=\"p1\">\n<h3>M\u00e9thodologie<\/h3>\n<ul>\n<li>Niveau: Licence Info 1<\/li>\n<li>Comp\u00e9tence: C<\/li>\n<\/ul>\n<\/li>\n<li>\n<h3>Informatique graphique<\/h3>\n<ul>\n<li>Niveau: Licence Info 1<\/li>\n<li>Comp\u00e9tence: Python<\/li>\n<\/ul>\n<\/li>\n<li>\n<h3>Web 1<\/h3>\n<ul>\n<li>Niveau: Licence Info 1<\/li>\n<li>Comp\u00e9tence: HTML<\/li>\n<\/ul>\n<\/li>\n<li class=\"p1\">\n<h3>Outils Informatique et Internet<\/h3>\n<ul>\n<li>Niveau: Licence Info 1<\/li>\n<li>Comp\u00e9tence: Libre Office <\/li>\n<\/ul>\n<\/li>\n<li>\n<h3>Algorithmique-Programmation Python<\/h3>\n<ul>\n<li>Niveau: Licence Bio 2<\/li>\n<li>Comp\u00e9tence: C\/C++<\/li>\n<\/ul>\n<\/li>\n<li>\n<h3>Programmation avanc\u00e9e<\/h3>\n<ul>\n<li>Niveau: Licence Info 2<\/li>\n<li>Comp\u00e9tence: C\/C++<\/li>\n<\/ul>\n<\/li>\n<li>\n<h3>BDD1 : Bases de Donn\u00e9es relationnelles et leurs langages<\/h3>\n<ul>\n<li>Niveau: Licence Info 2<\/li>\n<li>Comp\u00e9tence: SQL<\/li>\n<\/ul>\n<\/li>\n<li>\n<h3>CMBD : Conception et Manipulation de Bases de donn\u00e9es<\/h3>\n<ul>\n<li>Niveau: Licence Info 3<\/li>\n<li>Comp\u00e9tence: PL\/SQL <\/li>\n<\/ul>\n<\/li>\n<li>\n<h3>Syst\u00e8me<\/h3>\n<ul>\n<li>Niveau: Licence Info 3<\/li>\n<li>Comp\u00e9tence: C<\/li>\n<\/ul>\n<\/li>\n<li>\n<h3>Web 2<\/h3>\n<ul>\n<li>Niveau: Licence Info 3<\/li>\n<li>Comp\u00e9tence: PHP, Javascript, Ajax, CakePHP<\/li>\n<\/ul>\n<\/li>\n<li>\n<h3>Premiers pas vers l&rsquo;ing\u00e9nierie du logicielle<\/h3>\n<ul>\n<li>Niveau: Licence Info 3<\/li>\n<li>Comp\u00e9tence: Conception, mod\u00e9lisation et frameworks web et mobile<\/li>\n<\/ul>\n<\/li>\n<li>\n<h3>Algorithmes et complexit\u00e9<\/h3>\n<ul>\n<li>Niveau: Master 1<\/li>\n<li>Comp\u00e9tence: M\u00e9thode r\u00e9cursive, th\u00e9orie de graphe, probl\u00e8mes P, NP, NP-complet<\/li>\n<\/ul>\n<\/li>\n<li>\n<h3>Optimisation combinatoire<\/h3>\n<ul>\n<li>Niveau: Master 1<\/li>\n<li>Comp\u00e9tence: Algorithme du simplex, dualit\u00e9, PLNE<\/li>\n<\/ul>\n<\/li>\n<li>\n<h3>Web services<\/h3>\n<ul>\n<li>Niveau: Master 2<\/li>\n<li>Comp\u00e9tence: Java <\/li>\n<\/ul>\n<\/li>\n<li>\n<h3>Traitement et Analyse d&rsquo;images<\/h3>\n<ul>\n<li>Niveau: Master 2<\/li>\n<li>Comp\u00e9tence: C\/C++ et OpenCV <\/li>\n<\/ul>\n<\/li>\n<\/ul>\n<h4 class=\"cv\"><a href=\"http:\/\/www.ifi.vnu.edu.vn\/en\/\">IDMC &#8211; Institut des sciences du Digital, Management Cognition, Nancy, France<\/a><\/h4>\n<ul>\n<li class=\"p1\">\n<h3>Algorithmique &#8211; Programmation 3<\/h3>\n<ul>\n<li>Niveau: L1 MIASHS<\/li>\n<li>Comp\u00e9tence: Principe de la programmation orient\u00e9e objet, Java <\/li>\n<\/ul>\n<h3>Conception de Syst\u00e8mes d&rsquo;Information<\/h3>\n<ul>\n<li>Niveau: L3 MIASHS\/MIAGE<\/li>\n<li>Comp\u00e9tence: Mod\u00e9lisation d&rsquo;un SI, contraintes d&rsquo;int\u00e9grit\u00e9, PostgreSQL<\/li>\n<\/ul>\n<\/ul>\n<h4 class=\"cv\"><a href=\"http:\/\/www.ifi.vnu.edu.vn\/en\/\">ENSEM &#8211; \u00c9cole de l&rsquo;\u00e9nergie, Vand\u0153uvre-l\u00e8s-Nancy, France<\/a><\/h4>\n<ul>\n<li class=\"p1\">\n<h3>Analyse et Conception de Logiciels<\/h3>\n<ul>\n<li>Niveau: 2A Ing\u00e9nieur<\/li>\n<li>Comp\u00e9tence: D\u00e9veloppement Agile, mod\u00e9lisation, Java et git <\/li>\n<\/ul>\n<\/ul>\n<h4 class=\"cv\"><a href=\"http:\/\/www.ifi.vnu.edu.vn\/en\/\">Institut Francophone International (IFI), Hanoi, Vietnam<\/a><\/h4>\n<ul>\n<li class=\"p1\">\n<h3>Virtual and augmented reality<\/h3>\n<ul>\n<li>Niveau: Master 2<\/li>\n<li>Comp\u00e9tence: C\/C++, OpenCV et OpenGL <\/li>\n<\/ul>\n<\/ul>\n<h4 class=\"cv\"><a href=\"http:\/\/www.esiee.fr\/\">ESIEE Paris, Marne-la-Vall\u00e9e, France<\/a><\/h4>\n<ul>\n<li class=\"p1\">\n<h3><a href=\"http:\/\/www.esiee.fr\/~info\/a2si\/TC-ESIEE\/IN301ST01\/Systemexplo.htm\">Operating system<\/a><\/h3>\n<ul>\n<li>Niveau: 1A Ing\u00e9nieur<\/li>\n<li>Comp\u00e9tence: C<\/li>\n<\/ul>\n<\/li>\n<li>\n<h3><a href=\"http:\/\/www.esiee.fr\/~coupriem\/IN302\/\">Graphs and algorithms<\/a><\/h3>\n<ul>\n<li>Niveau: 1A Ing\u00e9nieur<\/li>\n<li>Comp\u00e9tence: C<\/li>\n<\/ul>\n<\/li>\n<li>\n<h3><a href=\"http:\/\/www.esiee.fr\/~georgesj\/esiee\/igi-3005\/igi-3005.html\">Algorithms<\/a><\/h3>\n<ul>\n<li>Niveau: 1A Ing\u00e9nieur<\/li>\n<li>Comp\u00e9tence: C<\/li>\n<\/ul>\n<\/li>\n<li>\n<h3><a href=\"http:\/\/www.esiee.fr\/~bureaud\/Unites\/In3s02\/in3s02.htm\">Java<\/a><\/h3>\n<ul>\n<li>Niveau: 1A Ing\u00e9nieur<\/li>\n<li>Comp\u00e9tence: Java<\/li>\n<\/ul>\n<\/li>\n<\/ul>\n<h4 class=\"cv\"><a href=\"http:\/\/www.univ-mlv.fr\/\">UPEMLV, Marne-la-Vall\u00e9e, France<\/a><\/h4>\n<ul>\n<li class=\"p1\">\n<h3>Operating system<\/h3>\n<ul>\n<li>Niveau: Licence 1<\/li>\n<li>Comp\u00e9tence: C<\/li>\n<\/ul>\n<\/li>\n<li>\n<h3><a href=\"http:\/\/www-igm.univ-mlv.fr\/~cdavid\/fr\/cours\/2012-progL1\/\">Programming C<\/a><\/h3>\n<ul>\n<li>Niveau: Licence 1 et 2<\/li>\n<li>Comp\u00e9tence: C<\/li>\n<\/ul>\n<\/li>\n<\/ul>\n","protected":false},"excerpt":{"rendered":"<p><a href=\"http:\/\/fst.univ-lorraine.fr\">Facult\u00e9 des Sciences et Technologies (FST), Vand\u0153uvre-l\u00e8s-Nancy, France<\/a><\/p>\n<ul>\n<li>\nGestion m\u00e9moire<\/p>\n<ul>\n<li>Niveau: Licence Info 1<\/li>\n<li>Comp\u00e9tence: C<\/li>\n<\/ul>\n<\/li>\n<li>\nAlgorithmique et Programmation 1<\/p>\n<ul>\n<li>Niveau: Licence Info 1<\/li>\n<li>Comp\u00e9tence: Python<\/li>\n<\/ul>\n<\/li>\n<li>\nAlgorithmique et Programmation 2<\/p>\n<ul>\n<li>Niveau: Licence Info 1<\/li>\n<li>Comp\u00e9tence: C<\/li>\n<\/ul>\n<\/li>\n<li class=\"p1\">\nM\u00e9thodologie<\/p>\n<ul>\n<li>Niveau: Licence Info 1<\/li>\n<li>Comp\u00e9tence: C<\/li>\n<\/ul>\n<\/li>\n<li>\nInformatique graphique<\/p>\n<ul>\n<li>Niveau: Licence Info 1<\/li>\n<li>Comp\u00e9tence: Python<\/li>\n<\/ul>\n<\/li>\n<li>\nWeb 1<\/p>\n<ul>\n<li>Niveau: Licence Info 1<\/li>\n<li>Comp\u00e9tence: HTML<\/li>\n<\/ul>\n<\/li>\n<li class=\"p1\">\nOutils Informatique et Internet<\/p>\n<ul>\n<li>Niveau: Licence Info 1<\/li>\n<li>Comp\u00e9tence: Libre Office <\/li>\n<\/ul>\n<\/li>\n<li>\nAlgorithmique-Programmation Python<\/p>\n<ul>\n<li>Niveau: Licence Bio 2<\/li>\n<li>Comp\u00e9tence: C\/C++<\/li>\n<\/ul>\n<\/li>\n<li>\nProgrammation avanc\u00e9e<\/p>\n<ul>\n<li>Niveau: Licence Info 2<\/li>\n<li>Comp\u00e9tence: C\/C++<\/li>\n<\/ul>\n<\/li>\n<li>\nBDD1 : Bases de Donn\u00e9es relationnelles et leurs langages<\/p>\n<ul>\n<li>Niveau: Licence Info 2<\/li>\n<li>Comp\u00e9tence: SQL<\/li>\n<\/ul>\n<\/li>\n<li>\nCMBD : Conception et Manipulation de Bases de donn\u00e9es<\/p>\n<ul>\n<li>Niveau: Licence Info 3<\/li>\n<li>Comp\u00e9tence: PL\/SQL <\/li>\n<\/ul>\n<\/li>\n<li>\nSyst\u00e8me<\/p>\n<ul>\n<li>Niveau: Licence Info 3<\/li>\n<li>Comp\u00e9tence: C<\/li>\n<\/ul>\n<\/li>\n<li>\nWeb 2<\/p>\n<ul>\n<li>Niveau: Licence Info 3<\/li>\n<li>Comp\u00e9tence: PHP,<\/li>\n<\/ul>\n<\/li>\n<\/ul>\n","protected":false},"author":110,"featured_media":0,"parent":0,"menu_order":0,"comment_status":"closed","ping_status":"closed","template":"","meta":{"footnotes":""},"class_list":["post-355","page","type-page","status-publish","hentry"],"_links":{"self":[{"href":"https:\/\/members.loria.fr\/HDPNgo\/wp-json\/wp\/v2\/pages\/355","targetHints":{"allow":["GET"]}}],"collection":[{"href":"https:\/\/members.loria.fr\/HDPNgo\/wp-json\/wp\/v2\/pages"}],"about":[{"href":"https:\/\/members.loria.fr\/HDPNgo\/wp-json\/wp\/v2\/types\/page"}],"author":[{"embeddable":true,"href":"https:\/\/members.loria.fr\/HDPNgo\/wp-json\/wp\/v2\/users\/110"}],"replies":[{"embeddable":true,"href":"https:\/\/members.loria.fr\/HDPNgo\/wp-json\/wp\/v2\/comments?post=355"}],"version-history":[{"count":56,"href":"https:\/\/members.loria.fr\/HDPNgo\/wp-json\/wp\/v2\/pages\/355\/revisions"}],"predecessor-version":[{"id":969,"href":"https:\/\/members.loria.fr\/HDPNgo\/wp-json\/wp\/v2\/pages\/355\/revisions\/969"}],"wp:attachment":[{"href":"https:\/\/members.loria.fr\/HDPNgo\/wp-json\/wp\/v2\/media?parent=355"}],"curies":[{"name":"wp","href":"https:\/\/api.w.org\/{rel}","templated":true}]}}