{"id":10,"date":"2015-06-15T10:23:49","date_gmt":"2015-06-15T08:23:49","guid":{"rendered":"http:\/\/members.loria.fr\/thierrygartiser\/?page_id=10"},"modified":"2022-04-13T06:06:08","modified_gmt":"2022-04-13T04:06:08","slug":"cv","status":"publish","type":"page","link":"https:\/\/members.loria.fr\/HFerreiraChame\/cv\/","title":{"rendered":"CV"},"content":{"rendered":"<h4 class=\"cv\">Higher Education<\/h4>\n<ul>\n<li class=\"p1\"><span class=\"s1\">2016: PhD in Robotics at <a href=\"https:\/\/www.ec-nantes.fr\/english-version\">\u00c9cole Centrale de Nantes<\/a>, lab LS2N (IRCCyN), Nantes, France.<br \/>\n<\/span><\/li>\n<li>2012: Master 2 in Robotics and Automation <span class=\"s1\">at <a href=\"https:\/\/www.ec-nantes.fr\/english-version\">\u00c9cole Centrale de Nantes<\/a>, lab LS2N (IRCCyN), Nantes, France.<\/span><\/li>\n<li>2008: Bachelor in Computer Science at <a href=\"http:\/\/www.ucv.ve\/\">Universidad Central de Venezuela (UCV)<\/a>, Caracas, Venezuela.<\/li>\n<li>2007: Master 2 in Instructional Psychology at <a href=\"http:\/\/www.ucv.ve\/\">Universidad Central de Venezuela (UCV)<\/a>, Caracas, Venezuela.<\/li>\n<li>2004: Bachelor in Psychology at <a href=\"http:\/\/www.ucv.ve\/\">Universidad Central de Venezuela (UCV)<\/a>, Caracas, Venezuela.<\/li>\n<\/ul>\n<h4 class=\"cv\">Scientific and Teaching Professional Experience<\/h4>\n<ul>\n<li>Since September 2021: <strong>Associate Professor, Universit\u00e9 of Lorraine \u2013 LORIA<\/strong> (Laboratoire LOrrain de Recherche en Informatique et ses Applications) \u2013 CNRS \u2013 INRIA, Nancy, France<\/li>\n<li><span class=\"s1\">2020-2021: Post-doctoral researcher at <a href=\"https:\/\/www.univ-toulouse.fr\/\">Universit\u00e9 F\u00e9d\u00e9rale Toulouse Midi-Pyr\u00e9n\u00e9es<\/a>, project <a href=\"https:\/\/aniti.univ-toulouse.fr\/\">ANITI<\/a>, lab LAAS, team RiS, Toulouse, France. <\/span><\/li>\n<li><span class=\"s1\">2018-2020: Post-doctoral researcher at <a href=\"https:\/\/www.oist.jp\/\">Okinawa Institute of Science and Technology (OIST), <\/a><a href=\"https:\/\/groups.oist.jp\/cnru\">team CNRU<\/a>, Okinawa, Japan.<\/span><\/li>\n<li class=\"p1\"><span class=\"s1\">2016-2018: Post-doctoral researcher at <a href=\"https:\/\/www.furg.br\/en\/\">Universidad do Rio Grande (FURG)<\/a>, team NAUTEC, Rio Grande, Brazil.<br \/>\n<\/span><\/li>\n<\/ul>\n<h4 class=\"cv\">Skills and Interests<\/h4>\n<div id=\"skillbar_straight\" style=\"padding:10px 0;\">\n\n<div class=\"skillbar clearfix\" data-percent=\"90%\" style=\"background: #eeeeee;\">\r\n\t\t\t\t<div class=\"skillbar-title\" style=\"background: #336699 !important;\"><span>Neural robotics<\/span><\/div>\r\n\t\t\t\t<div class=\"skillbar-bar\" style=\"background: #336699;\"><\/div>\r\n\t\t\t\t<div class=\"skill-bar-percent\">90%<\/div>\r\n\t\t\t<\/div>\n\n<div class=\"skillbar clearfix\" data-percent=\"75%\" style=\"background: #eeeeee;\">\r\n\t\t\t\t<div class=\"skillbar-title\" style=\"background: #336699 !important;\"><span>Cognitive robotics<\/span><\/div>\r\n\t\t\t\t<div class=\"skillbar-bar\" style=\"background: #336699;\"><\/div>\r\n\t\t\t\t<div class=\"skill-bar-percent\">75%<\/div>\r\n\t\t\t<\/div>\n\n<div class=\"skillbar clearfix\" data-percent=\"95%\" style=\"background: #eeeeee;\">\r\n\t\t\t\t<div class=\"skillbar-title\" style=\"background: #336699 !important;\"><span>Social cognition<\/span><\/div>\r\n\t\t\t\t<div class=\"skillbar-bar\" style=\"background: #336699;\"><\/div>\r\n\t\t\t\t<div class=\"skill-bar-percent\">95%<\/div>\r\n\t\t\t<\/div>\n\n<div class=\"skillbar clearfix\" data-percent=\"95%\" style=\"background: #eeeeee;\">\r\n\t\t\t\t<div class=\"skillbar-title\" style=\"background: #336699 !important;\"><span>Human-machine interaction<\/span><\/div>\r\n\t\t\t\t<div class=\"skillbar-bar\" style=\"background: #336699;\"><\/div>\r\n\t\t\t\t<div class=\"skill-bar-percent\">95%<\/div>\r\n\t\t\t<\/div>\n\n<div class=\"skillbar clearfix\" data-percent=\"50%\" style=\"background: #eeeeee;\">\r\n\t\t\t\t<div class=\"skillbar-title\" style=\"background: #336699 !important;\"><span>Artificial Intelligence<\/span><\/div>\r\n\t\t\t\t<div class=\"skillbar-bar\" style=\"background: #336699;\"><\/div>\r\n\t\t\t\t<div class=\"skill-bar-percent\">50%<\/div>\r\n\t\t\t<\/div>\n\n<div class=\"skillbar clearfix\" data-percent=\"95%\" style=\"background: #eeeeee;\">\r\n\t\t\t\t<div class=\"skillbar-title\" style=\"background: #336699 !important;\"><span>Psychology<\/span><\/div>\r\n\t\t\t\t<div class=\"skillbar-bar\" style=\"background: #336699;\"><\/div>\r\n\t\t\t\t<div class=\"skill-bar-percent\">95%<\/div>\r\n\t\t\t<\/div>\n\n\n<div style=\"clear:both;\"><\/div>\n<\/div>\n<div style=\"clear:both; height:10px; overflow:hidden;\"><\/div>\n<style type=\"text\/css\">.skillbar-title{font-size:px;color:;}.skill-bar-percent{font-size:px;color:;}<\/style><script>\r\n\t\t\t\tfunction sbar(){\r\n\t\t\t\t\tjQuery(\".skillbar\").each(function(){\r\n\t\t\t\t\t\tjQuery(this).find(\".skillbar-bar\").animate({\r\n\t\t\t\t\t\t\twidth:jQuery(this).attr(\"data-percent\")\r\n\t\t\t\t\t\t},3000);\r\n\t\t\t\t\t});\t\r\n\t\t\t\t}\r\n\t\t\t\tif ( jQuery(\"#skillbar_straight\").next().is(\":appeared\") ){\r\n\t\t\t\t\tsbar();\r\n\t\t\t\t} else {\r\n\t\t\t\t\tjQuery( window ).scroll(function() {\r\n\t\t\t\t\t\tif ( jQuery(\"#skillbar_straight\").next().is(\":appeared\") ){\r\n\t\t\t\t\t\t\tsbar();\r\n\t\t\t\t\t\t}\r\n\t\t\t\t\t});\r\n\t\t\t\t}\r\n\t\t\t\t<\/script>\n","protected":false},"excerpt":{"rendered":"<p>Higher Education<\/p>\n<ul>\n<li class=\"p1\">2016: PhD in Robotics at <a href=\"https:\/\/www.ec-nantes.fr\/english-version\">\u00c9cole Centrale de Nantes<\/a>, lab LS2N (IRCCyN), Nantes, France.\n<\/li>\n<li>2012: Master 2 in Robotics and Automation at <a href=\"https:\/\/www.ec-nantes.fr\/english-version\">\u00c9cole Centrale de Nantes<\/a>, lab LS2N (IRCCyN), Nantes, France.<\/li>\n<li>2008: Bachelor in Computer Science at <a href=\"http:\/\/www.ucv.ve\/\">Universidad Central de Venezuela (UCV)<\/a>, Caracas, Venezuela.<\/li>\n<li>2007: Master 2 in Instructional Psychology at <a href=\"http:\/\/www.ucv.ve\/\">Universidad Central de Venezuela (UCV)<\/a>, Caracas, Venezuela.<\/li>\n<li>2004: Bachelor in Psychology at <a href=\"http:\/\/www.ucv.ve\/\">Universidad Central de Venezuela (UCV)<\/a>, Caracas, Venezuela.<\/li>\n<\/ul>\n<p>Scientific and Teaching Professional Experience<\/p>\n<ul>\n<li>Since September 2021: Associate Professor,<\/li>\n<\/ul>\n","protected":false},"author":5,"featured_media":0,"parent":0,"menu_order":0,"comment_status":"closed","ping_status":"closed","template":"","meta":{"footnotes":""},"class_list":["post-10","page","type-page","status-publish","hentry"],"_links":{"self":[{"href":"https:\/\/members.loria.fr\/HFerreiraChame\/wp-json\/wp\/v2\/pages\/10","targetHints":{"allow":["GET"]}}],"collection":[{"href":"https:\/\/members.loria.fr\/HFerreiraChame\/wp-json\/wp\/v2\/pages"}],"about":[{"href":"https:\/\/members.loria.fr\/HFerreiraChame\/wp-json\/wp\/v2\/types\/page"}],"author":[{"embeddable":true,"href":"https:\/\/members.loria.fr\/HFerreiraChame\/wp-json\/wp\/v2\/users\/5"}],"replies":[{"embeddable":true,"href":"https:\/\/members.loria.fr\/HFerreiraChame\/wp-json\/wp\/v2\/comments?post=10"}],"version-history":[{"count":70,"href":"https:\/\/members.loria.fr\/HFerreiraChame\/wp-json\/wp\/v2\/pages\/10\/revisions"}],"predecessor-version":[{"id":504,"href":"https:\/\/members.loria.fr\/HFerreiraChame\/wp-json\/wp\/v2\/pages\/10\/revisions\/504"}],"wp:attachment":[{"href":"https:\/\/members.loria.fr\/HFerreiraChame\/wp-json\/wp\/v2\/media?parent=10"}],"curies":[{"name":"wp","href":"https:\/\/api.w.org\/{rel}","templated":true}]}}