{"id":22,"date":"2015-06-15T11:01:33","date_gmt":"2015-06-15T09:01:33","guid":{"rendered":"http:\/\/members.loria.fr\/thierrygartiser\/?page_id=22"},"modified":"2024-03-13T13:52:58","modified_gmt":"2024-03-13T11:52:58","slug":"projets","status":"publish","type":"page","link":"https:\/\/members.loria.fr\/JColombel\/projets\/","title":{"rendered":"Recherche"},"content":{"rendered":"<h3>Mots cl\u00e9s:<\/h3>\n<p>Mouvement humain, Analyse de donn\u00e9es, Contr\u00f4le optimal inverse, Interaction humain-robot, Robotique.<\/p>\n<h4>Post-doctorat<\/h4>\n<p>Ce post-doctorat s&rsquo;inscrit dans le projet ANR JCJC ROOIBOS de <a href=\"https:\/\/members.loria.fr\/PMaurice\/\">Pauline Maurice<\/a>, visant \u00e0 d\u00e9velopper une politique de robotique collaborative prenant en compte les besoins sp\u00e9cifiques des utilisateurs pour am\u00e9liorer leur sant\u00e9, leur confort et l&rsquo;efficacit\u00e9 de la t\u00e2che sur le long terme. Le travail se concentre sur l&rsquo;identification des diff\u00e9rentes <strong>strat\u00e9gies motrices<\/strong> humaines lors de t\u00e2ches de co-manipulation avec un robot collaboratif, en consid\u00e9rant diverses modalit\u00e9s de mouvement et l&rsquo;\u00e9volution de la fatigue. Les objectifs principaux sont de constituer une base de donn\u00e9es exp\u00e9rimentale et d&rsquo;analyser ces donn\u00e9es pour simuler de mani\u00e8re plus pr\u00e9cise les r\u00e9ponses humaines lors de telles t\u00e2ches.<\/p>\n<h4>Th\u00e8se<\/h4>\n<h6>Analyse du mouvement humain pour l&rsquo;assistance \u00e0 la personne : Apport de la robustesse de l&rsquo;observation et de l&rsquo;analyse par Contr\u00f4le Optimal Inverse<\/h6>\n<p>Le mouvement biologique poss\u00e8de de nombreuses informations, qu&rsquo;elles soient physiques ou cognitives. Des travaux ont montr\u00e9 qu\u2019il \u00e9tait possible de d\u00e9terminer le genre d&rsquo;une personne, son \u00e9motion, voire m\u00eame son identit\u00e9. Ces caract\u00e9ristiques sont accessibles \u00e0 partir d\u2019information sur la dynamique du mouvement des corps poly articul\u00e9s (e.g. le mouvement des points d&rsquo;articulation). Comprendre et interpr\u00e9ter le comportement d&rsquo;une personne et son \u00e9tat sont des capacit\u00e9s li\u00e9es \u00e0 l&#8217;empathie. C&rsquo;est une facult\u00e9 commune \u00e0 l&rsquo;ensemble des mammif\u00e8res qui se base sur certains syst\u00e8mes neuronaux comprenant, entre autres, les neurones miroirs. \u00c9tant donn\u00e9 que l&#8217;empathie participe grandement aux interactions sociales chez les hommes et plus g\u00e9n\u00e9ralement les animaux, on est en mesure de se demander comment notre relation avec les robots peut s&rsquo;en inspirer.<\/p>\n<p>Cela nous am\u00e8ne \u00e0 la probl\u00e9matique suivante: l&rsquo;assistance robotique \u00e0 la personne peut-elle se servir de l\u2019interpr\u00e9tation du mouvement humain, riche d&rsquo;informations physiques et cognitives, comme modalit\u00e9 d&rsquo;am\u00e9lioration de l&rsquo;Interaction Humain-Robot ?<br \/>\nPour r\u00e9pondre \u00e0 cette probl\u00e9matique, nous nous positionnons sur des outils d&rsquo;observations et sur une m\u00e9thode d&rsquo;analyse du mouvement qui soit exploitable en temps r\u00e9el par un syst\u00e8me robotique.<\/p>\n<p>Dans un premier temps, nous avons travaill\u00e9 sur les outils d&rsquo;observation du mouvement humain. Nos objectifs d\u2019assistance robotis\u00e9e en milieu \u00e9cologique, n\u00e9cessitent d\u2019installer des capteurs qui affectent le moins possible les actions de la personne. Nous avons donc choisi d&rsquo;\u00e9tudier le capteur Kinect de Microsoft qui est un capteur de profondeur accessible permettant de r\u00e9cup\u00e9rer les positions cart\u00e9siennes des articulations et extr\u00e9mit\u00e9s du corps. Cependant, ce type de capteur est sujet \u00e0 des bruits de mesure qui emp\u00eacherait une analyse fine du mouvement. Nous avons donc d\u00e9velopp\u00e9 deux m\u00e9thodes pour am\u00e9liorer la mesure de ce capteur bas\u00e9 sur le Filtre de Kalman Etendu (EKF): un EKF sous contrainte anthropom\u00e9trique et un EKF de fusion de capteurs. Nous avons fait la premi\u00e8re \u00e9tude sur la Kinect de 2\u00e8me g\u00e9n\u00e9rations et la deuxi\u00e8me sur les g\u00e9n\u00e9rations 2 et 3, permettant de mettre en avant les diff\u00e9rences entre ces deux capteurs.<\/p>\n<p>Dans un second temps, nous nous sommes int\u00e9ress\u00e9s aux m\u00e9thodes d&rsquo;analyse du mouvement et plus sp\u00e9cifiquement au probl\u00e8me de Contr\u00f4le Optimal Inverse (COI). L&rsquo;objectif du COI est d&rsquo;identifier les pond\u00e9rations associ\u00e9es \u00e0 un ensemble de fonctions de co\u00fbts \u00e0 optimiser pour g\u00e9n\u00e9rer une trajectoire donn\u00e9e. Dans le cadre de cette th\u00e8se, nous cherchons \u00e0 analyser en temps r\u00e9el des trajectoires de mouvement humain dont les mesures, issues de capteurs, sont bruit\u00e9es. Nous avons \u00e9tudi\u00e9 la fiabilit\u00e9 de la m\u00e9thode de r\u00e9solution du COI dite Approch\u00e9e, en fonction du bruit de mesure. Nous apportons \u00e9galement une approche originale du COI qui pose une nouvelle vision de l&rsquo;optimalit\u00e9 de trajectoires et permet de pr\u00e9senter les concepts de Courbes de Singularit\u00e9 et de Projection. Nous montrons dans cette \u00e9tude des outils permettant de mieux comprendre et prendre en compte les probl\u00e9matiques de robustesse du COI.<\/p>\n<p>Encadrement: <a href=\"https:\/\/members.loria.fr\/FCharpillet\/\">Fran\u00e7ois Charpillet<\/a>, <a href=\"http:\/\/people.bordeaux.inria.fr\/ddaney\/\">David Daney<\/a><\/p>\n<h4><span class=\"s1\">Participation recherche<br \/>\n<\/span><\/h4>\n<h6>Review<\/h6>\n<ul>\n<li>RA-L (2023)<\/li>\n<li>ICRA (2019,2020,2021)<\/li>\n<li>IROS (2018)<\/li>\n<\/ul>\n<h6>Organisation de conf\u00e9rence<\/h6>\n<ul>\n<li><strong>Conf\u00e9rence internationale :<\/strong> IEEE Humano\u00efds, Diversity Chair (2024)<\/li>\n<li>Journ\u00e9es Nationales de la Robotique Humano\u00efde, co-organisatrice (2024)<\/li>\n<li>Journ\u00e9e des Jeunes Chercheurs en Robotique, co-organisatrice (2019)<\/li>\n<li>Journ\u00e9e Nationale de Recherche en Robotique (2017)<\/li>\n<\/ul>\n<h6>M\u00e9diation scientifique<\/h6>\n<ul>\n<li>Finale r\u00e9gionale de Ma Th\u00e8se en 180s en 2021 (<a href=\"https:\/\/ultv.univ-lorraine.fr\/video\/0997-analyse-du-mouvement-humain-pour-lassistance-a-la-personne-par-jessica-colombel-mt180s-2021\/\">vid\u00e9o<\/a>)<\/li>\n<li>Projection-d\u00e9bat, 2021 \u00e0 l&rsquo;<a href=\"https:\/\/www.echosciences-grandest.fr\/evenements\/des-machines-intelligentes-aux-machines-pensantes\">EST&rsquo;ival des Sciences<\/a> et 2022 au <a href=\"https:\/\/www.loria.fr\/event\/projection-debat-des-machines-intelligentes-aux-machines-pensantes-2\/\">F\u00e9ru des sciences<\/a> (tout public)<\/li>\n<li>Chiche : 1 scientifique, 1 classe en 2021, 2023 (en tout 6 classes de 2nd g\u00e9n\u00e9rale)<\/li>\n<li>M\u00e9diation scientifique \u00e0 la f\u00eate de la science sur un <a href=\"https:\/\/members.loria.fr\/AScheuer\/comm\/fete-science-2019\/\">atelier de robotique<\/a> (Thymios II) aupr\u00e8s de coll\u00e9giens en 2020<\/li>\n<\/ul>\n","protected":false},"excerpt":{"rendered":"<p>Mots cl\u00e9s: Mouvement humain, Analyse de donn\u00e9es, Contr\u00f4le optimal inverse, Interaction humain-robot, Robotique. Post-doctorat Ce post-doctorat s&rsquo;inscrit dans le projet ANR JCJC ROOIBOS de Pauline Maurice, visant \u00e0 d\u00e9velopper une politique de robotique collaborative prenant en compte les besoins sp\u00e9cifiques des utilisateurs pour am\u00e9liorer leur sant\u00e9, leur confort et l&rsquo;efficacit\u00e9 de la t\u00e2che sur le [&hellip;]<\/p>\n","protected":false},"author":5,"featured_media":0,"parent":0,"menu_order":0,"comment_status":"closed","ping_status":"closed","template":"page-fullwidth.php","meta":{"footnotes":""},"class_list":["post-22","page","type-page","status-publish","hentry"],"_links":{"self":[{"href":"https:\/\/members.loria.fr\/JColombel\/wp-json\/wp\/v2\/pages\/22","targetHints":{"allow":["GET"]}}],"collection":[{"href":"https:\/\/members.loria.fr\/JColombel\/wp-json\/wp\/v2\/pages"}],"about":[{"href":"https:\/\/members.loria.fr\/JColombel\/wp-json\/wp\/v2\/types\/page"}],"author":[{"embeddable":true,"href":"https:\/\/members.loria.fr\/JColombel\/wp-json\/wp\/v2\/users\/5"}],"replies":[{"embeddable":true,"href":"https:\/\/members.loria.fr\/JColombel\/wp-json\/wp\/v2\/comments?post=22"}],"version-history":[{"count":28,"href":"https:\/\/members.loria.fr\/JColombel\/wp-json\/wp\/v2\/pages\/22\/revisions"}],"predecessor-version":[{"id":327,"href":"https:\/\/members.loria.fr\/JColombel\/wp-json\/wp\/v2\/pages\/22\/revisions\/327"}],"wp:attachment":[{"href":"https:\/\/members.loria.fr\/JColombel\/wp-json\/wp\/v2\/media?parent=22"}],"curies":[{"name":"wp","href":"https:\/\/api.w.org\/{rel}","templated":true}]}}