{"id":2,"date":"2015-05-29T08:48:00","date_gmt":"2015-05-29T07:48:00","guid":{"rendered":"http:\/\/members.loria.fr\/thierrygartiser\/?page_id=2"},"modified":"2016-12-17T21:01:51","modified_gmt":"2016-12-17T19:01:51","slug":"personnel","status":"publish","type":"page","link":"https:\/\/members.loria.fr\/JPHaton\/personnel\/","title":{"rendered":"Personnel"},"content":{"rendered":"<p><strong>Vie associative<\/strong><\/p>\n<p>Membre do Conseil d&rsquo;administration de l&rsquo;association <a href=\"http:\/\/archeovosges.blogspot.fr\/\">Arch\u00e9oVosges<\/a><\/p>\n<p>Membre du Conseil d&rsquo;administration du cercle <a href=\"http:\/\/cerclegaren.fr\/\">GAREN<\/a><\/p>\n<p>Membre du Conseil d&rsquo;administration de l&rsquo;<a href=\"http:\/\/als.univ-lorraine.fr\/\">Acad\u00e9mie Lorraine des Sciences<\/a><\/p>\n<p>Membre du Rotary-Club <a href=\"https:\/\/rotarynancy.wordpress.com\/\">Nancy<\/a><br \/>\nMembre du comit\u00e9 Rotary du <a href=\"http:\/\/www.rotary-district1790.com\/\">District 1790<\/a> et Gouverneur \u00e9lu (pour l&rsquo;ann\u00e9e 2017-18) de ce district qui regroupe la Lorraine et le d\u00e9partement de Haute-Marne.<\/p>\n<p><strong>Loisirs<\/strong><\/p>\n<p>Jardinage<\/p>\n<p>Lecture<\/p>\n<p>Marche en for\u00eat<\/p>\n<p>P\u00eache \u00e0 la truite<\/p>\n<p>Ski alpin<\/p>\n<p>V\u00e9lo<\/p>\n<p>Violoncelle<\/p>\n<p>&nbsp;<\/p>\n","protected":false},"excerpt":{"rendered":"<p>Vie associative<\/p>\n<p>Membre do Conseil d&rsquo;administration de l&rsquo;association <a href=\"http:\/\/archeovosges.blogspot.fr\/\">Arch\u00e9oVosges<\/a><\/p>\n<p>Membre du Conseil d&rsquo;administration du cercle <a href=\"http:\/\/cerclegaren.fr\/\">GAREN<\/a><\/p>\n<p>Membre du Conseil d&rsquo;administration de l&rsquo;<a href=\"http:\/\/als.univ-lorraine.fr\/\">Acad\u00e9mie Lorraine des Sciences<\/a><\/p>\n<p>Membre du Rotary-Club <a href=\"https:\/\/rotarynancy.wordpress.com\/\">Nancy<\/a><br \/>\nMembre du comit\u00e9 Rotary du <a href=\"http:\/\/www.rotary-district1790.com\/\">District 1790<\/a> et Gouverneur \u00e9lu (pour l&rsquo;ann\u00e9e 2017-18) de ce district qui regroupe la Lorraine et le d\u00e9partement de Haute-Marne.<\/p>\n<p>Loisirs<\/p>\n<p>Jardinage<\/p>\n<p>Lecture<\/p>\n<p>Marche en for\u00eat<\/p>\n<p>P\u00eache \u00e0 la truite<\/p>\n<p>Ski alpin<\/p>\n<p>V\u00e9lo<\/p>\n<p>Violoncelle<\/p>\n<p>&nbsp;<\/p>\n","protected":false},"author":5,"featured_media":0,"parent":0,"menu_order":0,"comment_status":"closed","ping_status":"closed","template":"page-fullwidth.php","meta":{"footnotes":""},"class_list":["post-2","page","type-page","status-publish","hentry"],"_links":{"self":[{"href":"https:\/\/members.loria.fr\/JPHaton\/wp-json\/wp\/v2\/pages\/2","targetHints":{"allow":["GET"]}}],"collection":[{"href":"https:\/\/members.loria.fr\/JPHaton\/wp-json\/wp\/v2\/pages"}],"about":[{"href":"https:\/\/members.loria.fr\/JPHaton\/wp-json\/wp\/v2\/types\/page"}],"author":[{"embeddable":true,"href":"https:\/\/members.loria.fr\/JPHaton\/wp-json\/wp\/v2\/users\/5"}],"replies":[{"embeddable":true,"href":"https:\/\/members.loria.fr\/JPHaton\/wp-json\/wp\/v2\/comments?post=2"}],"version-history":[{"count":20,"href":"https:\/\/members.loria.fr\/JPHaton\/wp-json\/wp\/v2\/pages\/2\/revisions"}],"predecessor-version":[{"id":371,"href":"https:\/\/members.loria.fr\/JPHaton\/wp-json\/wp\/v2\/pages\/2\/revisions\/371"}],"wp:attachment":[{"href":"https:\/\/members.loria.fr\/JPHaton\/wp-json\/wp\/v2\/media?parent=2"}],"curies":[{"name":"wp","href":"https:\/\/api.w.org\/{rel}","templated":true}]}}

<p><strong>Vie associative</strong></p>
<p>Membre do Conseil d&rsquo;administration de l&rsquo;association <a href="http://archeovosges.blogspot.fr/">ArchéoVosges</a></p>
<p>Membre du Conseil d&rsquo;administration du cercle <a href="http://cerclegaren.fr/">GAREN</a></p>
<p>Membre du Conseil d&rsquo;administration de l&rsquo;<a href="http://als.univ-lorraine.fr/">Académie Lorraine des Sciences</a></p>
<p>Membre du Rotary-Club <a href="https://rotarynancy.wordpress.com/">Nancy</a><br />
Membre du comité Rotary du <a href="http://www.rotary-district1790.com/">District 1790</a> et Gouverneur élu (pour l&rsquo;année 2017-18) de ce district qui regroupe la Lorraine et le département de Haute-Marne.</p>
<p><strong>Loisirs</strong></p>
<p>Jardinage</p>
<p>Lecture</p>
<p>Marche en forêt</p>
<p>Pêche à la truite</p>
<p>Ski alpin</p>
<p>Vélo</p>
<p>Violoncelle</p>
<p>&nbsp;</p>

<p>Vie associative</p>
<p>Membre do Conseil d&rsquo;administration de l&rsquo;association <a href="http://archeovosges.blogspot.fr/">ArchéoVosges</a></p>
<p>Membre du Conseil d&rsquo;administration du cercle <a href="http://cerclegaren.fr/">GAREN</a></p>
<p>Membre du Conseil d&rsquo;administration de l&rsquo;<a href="http://als.univ-lorraine.fr/">Académie Lorraine des Sciences</a></p>
<p>Membre du Rotary-Club <a href="https://rotarynancy.wordpress.com/">Nancy</a><br />
Membre du comité Rotary du <a href="http://www.rotary-district1790.com/">District 1790</a> et Gouverneur élu (pour l&rsquo;année 2017-18) de ce district qui regroupe la Lorraine et le département de Haute-Marne.</p>
<p>Loisirs</p>
<p>Jardinage</p>
<p>Lecture</p>
<p>Marche en forêt</p>
<p>Pêche à la truite</p>
<p>Ski alpin</p>
<p>Vélo</p>
<p>Violoncelle</p>
<p>&nbsp;</p>
