{"id":329,"date":"2016-11-30T22:29:38","date_gmt":"2016-11-30T20:29:38","guid":{"rendered":"http:\/\/members.loria.fr\/JPHaton\/?page_id=329"},"modified":"2016-12-19T17:12:10","modified_gmt":"2016-12-19T15:12:10","slug":"distinctions","status":"publish","type":"page","link":"https:\/\/members.loria.fr\/JPHaton\/distinctions\/","title":{"rendered":"Distinctions"},"content":{"rendered":"<p>Prix Minis et Micros pour le syst\u00e8me SIRENE d\u2019\u00e9ducation vocale des mal-entendants, avec M.C. Haton.<\/p>\n<p>Fellow de l\u2019International Association of Electrical and Electronics Engineers, IEEE \u00a0pour \u201cLeadership in and contributions to automatic speech recognition\u201c.<\/p>\n<p>Pattern Recognition Society Award.<\/p>\n<p>M\u00e9daille d\u2019argent de la Soci\u00e9t\u00e9 Fran\u00e7aise d\u2019Acoustique.<\/p>\n<p>Fellow de l\u2019International Association for Pattern Recognition, IAPR pour \u201cContributions to speech recognition\u201c.<\/p>\n<p>Fellow de l\u2019European Association for Artificial Intelligence, ECCAI<\/p>\n<p>Officier des Palmes Acad\u00e9miques.<\/p>\n<p>Membre d&rsquo;honneur de l&rsquo;AFIA.<\/p>\n<p>Docteur <em>Honoris Causa <\/em>de l&rsquo;Universit\u00e9 de Gen\u00e8ve.<\/p>\n","protected":false},"excerpt":{"rendered":"<p>Prix Minis et Micros pour le syst\u00e8me SIRENE d\u2019\u00e9ducation vocale des mal-entendants, avec M.C. Haton.<\/p>\n<p>Fellow de l\u2019International Association of Electrical and Electronics Engineers, IEEE \u00a0pour \u201cLeadership in and contributions to automatic speech recognition\u201c.<\/p>\n<p>Pattern Recognition Society Award.<\/p>\n<p>M\u00e9daille d\u2019argent de la Soci\u00e9t\u00e9 Fran\u00e7aise d\u2019Acoustique.<\/p>\n<p>Fellow de l\u2019International Association for Pattern Recognition, IAPR pour \u201cContributions to speech recognition\u201c.<\/p>\n<p>Fellow de l\u2019European Association for Artificial Intelligence, ECCAI<\/p>\n<p>Officier des Palmes Acad\u00e9miques.<\/p>\n<p>Membre d&rsquo;honneur de l&rsquo;AFIA.<\/p>\n<p>Docteur <em>Honoris Causa <\/em>de l&rsquo;Universit\u00e9 de Gen\u00e8ve.<\/p>\n","protected":false},"author":132,"featured_media":0,"parent":0,"menu_order":0,"comment_status":"closed","ping_status":"closed","template":"","meta":{"footnotes":""},"class_list":["post-329","page","type-page","status-publish","hentry"],"_links":{"self":[{"href":"https:\/\/members.loria.fr\/JPHaton\/wp-json\/wp\/v2\/pages\/329","targetHints":{"allow":["GET"]}}],"collection":[{"href":"https:\/\/members.loria.fr\/JPHaton\/wp-json\/wp\/v2\/pages"}],"about":[{"href":"https:\/\/members.loria.fr\/JPHaton\/wp-json\/wp\/v2\/types\/page"}],"author":[{"embeddable":true,"href":"https:\/\/members.loria.fr\/JPHaton\/wp-json\/wp\/v2\/users\/132"}],"replies":[{"embeddable":true,"href":"https:\/\/members.loria.fr\/JPHaton\/wp-json\/wp\/v2\/comments?post=329"}],"version-history":[{"count":2,"href":"https:\/\/members.loria.fr\/JPHaton\/wp-json\/wp\/v2\/pages\/329\/revisions"}],"predecessor-version":[{"id":379,"href":"https:\/\/members.loria.fr\/JPHaton\/wp-json\/wp\/v2\/pages\/329\/revisions\/379"}],"wp:attachment":[{"href":"https:\/\/members.loria.fr\/JPHaton\/wp-json\/wp\/v2\/media?parent=329"}],"curies":[{"name":"wp","href":"https:\/\/api.w.org\/{rel}","templated":true}]}}