{"id":365,"date":"2016-12-17T20:22:23","date_gmt":"2016-12-17T18:22:23","guid":{"rendered":"http:\/\/members.loria.fr\/JPHaton\/?page_id=365"},"modified":"2016-12-19T16:58:16","modified_gmt":"2016-12-19T14:58:16","slug":"affiliations","status":"publish","type":"page","link":"https:\/\/members.loria.fr\/JPHaton\/affiliations\/","title":{"rendered":"Affiliations"},"content":{"rendered":"<p>\u2022 Association pour la Recherche Cognitive (ARC)<br \/>\n\u2022 Association Fran\u00e7aise pour l\u2019Intelligence Artificielle (AFIA) (co-fondateur et pr\u00e9sident de 1989 \u00e0 1993) : Membre d&rsquo;honneur<br \/>\n\u2022 Soci\u00e9t\u00e9 Fran\u00e7aise d\u2019Acoustique (SFA)<br \/>\n\u2022 Acoustical Society of America (ASA)<br \/>\n\u2022 International Association for Pattern Recognition : Fellow<br \/>\n\u2022 International Association for Pattern Recognition (IAPR) : Fellow<br \/>\n\u2022 Institute of Electrical and Electronics Engineers (IEEE) : Fellow<br \/>\n\u2022 American Association for Artificial Intelligence (AAAI)<br \/>\n\u2022 European Speech Communication Association (ESCA)<br \/>\n\u2022 European Association for Artificial Intelligence (ECCAI) : Fellow<br \/>\n\u2022 European Association for Signal Processing (EURASIP).<\/p>\n","protected":false},"excerpt":{"rendered":"<p>\u2022 Association pour la Recherche Cognitive (ARC)<br \/>\n\u2022 Association Fran\u00e7aise pour l\u2019Intelligence Artificielle (AFIA) (co-fondateur et pr\u00e9sident de 1989 \u00e0 1993) : Membre d&rsquo;honneur<br \/>\n\u2022 Soci\u00e9t\u00e9 Fran\u00e7aise d\u2019Acoustique (SFA)<br \/>\n\u2022 Acoustical Society of America (ASA)<br \/>\n\u2022 International Association for Pattern Recognition : Fellow<br \/>\n\u2022 International Association for Pattern Recognition (IAPR) : Fellow<br \/>\n\u2022 Institute of Electrical and Electronics Engineers (IEEE) : Fellow<br \/>\n\u2022 American Association for Artificial Intelligence (AAAI)<br \/>\n\u2022 European Speech Communication Association (ESCA)<br \/>\n\u2022 European Association for Artificial Intelligence (ECCAI) : Fellow<br \/>\n\u2022 European Association for Signal Processing (EURASIP).<\/p>\n","protected":false},"author":132,"featured_media":0,"parent":0,"menu_order":0,"comment_status":"closed","ping_status":"closed","template":"","meta":{"footnotes":""},"class_list":["post-365","page","type-page","status-publish","hentry"],"_links":{"self":[{"href":"https:\/\/members.loria.fr\/JPHaton\/wp-json\/wp\/v2\/pages\/365","targetHints":{"allow":["GET"]}}],"collection":[{"href":"https:\/\/members.loria.fr\/JPHaton\/wp-json\/wp\/v2\/pages"}],"about":[{"href":"https:\/\/members.loria.fr\/JPHaton\/wp-json\/wp\/v2\/types\/page"}],"author":[{"embeddable":true,"href":"https:\/\/members.loria.fr\/JPHaton\/wp-json\/wp\/v2\/users\/132"}],"replies":[{"embeddable":true,"href":"https:\/\/members.loria.fr\/JPHaton\/wp-json\/wp\/v2\/comments?post=365"}],"version-history":[{"count":4,"href":"https:\/\/members.loria.fr\/JPHaton\/wp-json\/wp\/v2\/pages\/365\/revisions"}],"predecessor-version":[{"id":377,"href":"https:\/\/members.loria.fr\/JPHaton\/wp-json\/wp\/v2\/pages\/365\/revisions\/377"}],"wp:attachment":[{"href":"https:\/\/members.loria.fr\/JPHaton\/wp-json\/wp\/v2\/media?parent=365"}],"curies":[{"name":"wp","href":"https:\/\/api.w.org\/{rel}","templated":true}]}}