{"id":10,"date":"2015-06-15T10:23:49","date_gmt":"2015-06-15T08:23:49","guid":{"rendered":"http:\/\/members.loria.fr\/thierrygartiser\/?page_id=10"},"modified":"2025-09-17T15:12:56","modified_gmt":"2025-09-17T13:12:56","slug":"cv","status":"publish","type":"page","link":"https:\/\/members.loria.fr\/KBenali\/","title":{"rendered":"Courte biographie \u2013 Short bio"},"content":{"rendered":"<div class=\"important_div\" style=\"text-align: center\"><\/div>\n<div id=\"CV\">\n<h1>Dr. Khalid Benali en quelques mots<\/h1>\n<p>J&rsquo;ai obtenu mon doctorat en informatique de l&rsquo;Universit\u00e9 de Nancy 1, France, en 1989 et mon HDR (Habilitation \u00e0 Diriger des Recherches) de l&rsquo;Universit\u00e9 Nancy 2, France, en 2004. Je suis ma\u00eetre de conf\u00e9rences, habilit\u00e9, \u00e0 <a class=\"urllink\" href=\"https:\/\/idmc.univ-lorraine.fr\/\" rel=\"nofollow\">l&rsquo;Institut des sciences du Digital, Management &amp; Cognition<\/a> de <a class=\"urllink\" href=\"http:\/\/www.univ-lorraine.fr\/\" rel=\"nofollow\">l&rsquo;Universit\u00e9 de Lorraine<\/a> et chercheur au sein de l&rsquo;\u00e9quipe-projet <a class=\"urllink\" href=\"https:\/\/www.inria.fr\/\" rel=\"nofollow\">Inria<\/a> \u00a0<a class=\"urllink\" href=\"https:\/\/team.inria.fr\/loreley\" rel=\"nofollow\">LORELEY<\/a> \u00ab\u00a0Syst\u00e8mes distribu\u00e9s collaboratifs et de confiance \u00e0 grande \u00e9chelle\u00a0\u00bb du\u00a0 <a class=\"urllink\" href=\"https:\/\/www.inria.fr\/fr\/centre-inria-universite-lorraine\" rel=\"nofollow\">centre Inria de l&rsquo;Universit\u00e9 de Lorraine<\/a> et du <a class=\"urllink\" href=\"http:\/\/www.loria.fr\/\" rel=\"nofollow\">LORIA (CNRS-Inria-Universit\u00e9 de Lorraine)<\/a>. Mes enseignements sont principalement dans le domaine des syst\u00e8mes distribu\u00e9s et de l&rsquo;analyse et conception orient\u00e9es objet pour les \u00e9tudiants en Master et mes activit\u00e9s de recherche se situent dans les th\u00e8mes des syst\u00e8mes distribu\u00e9s et coop\u00e9ratifs, et de l&rsquo;int\u00e9gration\/interop\u00e9rabilit\u00e9 des entreprises virtuelles avec un penchant pour la mod\u00e9lisation et les processus.<\/p>\n<div class=\"vspace\"><\/div>\n<\/div>\n<div id=\"shortBio\">\n<h1>Dr. Khalid Benali&rsquo;s short Bio<\/h1>\n<p>I received my <span class=\"wikiword\">PhD<\/span> in Computer Science from Nancy 1 University, France, in 1989 and my HDR (\u00ab\u00a0Habilitation \u00e0 Diriger les Recherches\u00a0\u00bb) from Nancy 2 University, France, in 2004. I am associate professor, HDR, within <a class=\"urllink\" href=\"https:\/\/idmc.univ-lorraine.fr\/\" rel=\"nofollow\">Digital sciences Institute, Management &amp; Cognition<\/a> of <a class=\"urllink\" href=\"http:\/\/www.univ-lorraine.fr\/\" rel=\"nofollow\">Lorraine University<\/a> and researcher within\u00a0<a class=\"urllink\" href=\"https:\/\/www.inria.fr\/\" rel=\"nofollow\">Inria<\/a> team <a class=\"urllink\" href=\"https:\/\/team.inria.fr\/loreley\" rel=\"nofollow\">LORELEY<\/a> \u00ab\u00a0Large Scale Trustworthy Distributed Collaborative Systems\u00a0\u00bb of\u00a0 <a class=\"urllink\" href=\"https:\/\/www.inria.fr\/fr\/centre-inria-universite-lorraine\" rel=\"nofollow\">Inria center of\u00a0 Lorraine University<\/a> and <a class=\"urllink\" href=\"http:\/\/www.loria.fr\/\" rel=\"nofollow\">LORIA (CNRS-Inria-Lorraine University)<\/a>. \u00a0My lectures are mainly in the area of distributed systems and object oriented analysis and design for postgraduates and my research interests are in the area of distributed and cooperative systems, and integration\/interoperability of virtual enterprises with a penchant for modeling and processes.<\/p>\n<\/div>\n","protected":false},"excerpt":{"rendered":"<p>Dr. Khalid Benali en quelques mots<\/p>\n<p>J&rsquo;ai obtenu mon doctorat en informatique de l&rsquo;Universit\u00e9 de Nancy 1, France, en 1989 et mon HDR (Habilitation \u00e0 Diriger des Recherches) de l&rsquo;Universit\u00e9 Nancy 2, France, en 2004. Je suis ma\u00eetre de conf\u00e9rences, habilit\u00e9, \u00e0 <a class=\"urllink\" href=\"https:\/\/idmc.univ-lorraine.fr\/\" rel=\"nofollow\">l&rsquo;Institut des sciences du Digital, Management &amp; Cognition<\/a> de <a class=\"urllink\" href=\"http:\/\/www.univ-lorraine.fr\/\" rel=\"nofollow\">l&rsquo;Universit\u00e9 de Lorraine<\/a> et chercheur au sein de l&rsquo;\u00e9quipe-projet <a class=\"urllink\" href=\"https:\/\/www.inria.fr\/\" rel=\"nofollow\">Inria<\/a> \u00a0<a class=\"urllink\" href=\"https:\/\/team.inria.fr\/loreley\" rel=\"nofollow\">LORELEY<\/a> \u00ab\u00a0Syst\u00e8mes distribu\u00e9s collaboratifs et de confiance \u00e0 grande \u00e9chelle\u00a0\u00bb du\u00a0 <a class=\"urllink\" href=\"https:\/\/www.inria.fr\/fr\/centre-inria-universite-lorraine\" rel=\"nofollow\">centre Inria de l&rsquo;Universit\u00e9 de Lorraine<\/a> et du <a class=\"urllink\" href=\"http:\/\/www.loria.fr\/\" rel=\"nofollow\">LORIA (CNRS-Inria-Universit\u00e9 de Lorraine)<\/a>. Mes enseignements sont principalement dans le domaine des syst\u00e8mes distribu\u00e9s et de l&rsquo;analyse et conception orient\u00e9es objet pour les \u00e9tudiants en Master et mes activit\u00e9s de recherche se situent dans les th\u00e8mes des syst\u00e8mes distribu\u00e9s et coop\u00e9ratifs,<\/p>\n","protected":false},"author":5,"featured_media":0,"parent":0,"menu_order":0,"comment_status":"closed","ping_status":"closed","template":"","meta":{"footnotes":""},"class_list":["post-10","page","type-page","status-publish","hentry"],"_links":{"self":[{"href":"https:\/\/members.loria.fr\/KBenali\/wp-json\/wp\/v2\/pages\/10","targetHints":{"allow":["GET"]}}],"collection":[{"href":"https:\/\/members.loria.fr\/KBenali\/wp-json\/wp\/v2\/pages"}],"about":[{"href":"https:\/\/members.loria.fr\/KBenali\/wp-json\/wp\/v2\/types\/page"}],"author":[{"embeddable":true,"href":"https:\/\/members.loria.fr\/KBenali\/wp-json\/wp\/v2\/users\/5"}],"replies":[{"embeddable":true,"href":"https:\/\/members.loria.fr\/KBenali\/wp-json\/wp\/v2\/comments?post=10"}],"version-history":[{"count":80,"href":"https:\/\/members.loria.fr\/KBenali\/wp-json\/wp\/v2\/pages\/10\/revisions"}],"predecessor-version":[{"id":615,"href":"https:\/\/members.loria.fr\/KBenali\/wp-json\/wp\/v2\/pages\/10\/revisions\/615"}],"wp:attachment":[{"href":"https:\/\/members.loria.fr\/KBenali\/wp-json\/wp\/v2\/media?parent=10"}],"curies":[{"name":"wp","href":"https:\/\/api.w.org\/{rel}","templated":true}]}}