{"id":448,"date":"2020-11-14T11:05:35","date_gmt":"2020-11-14T09:05:35","guid":{"rendered":"http:\/\/members.loria.fr\/KFort\/?page_id=448"},"modified":"2022-06-02T17:19:19","modified_gmt":"2022-06-02T15:19:19","slug":"tutorials-summer-schools-etc","status":"publish","type":"page","link":"https:\/\/members.loria.fr\/KFort\/publications\/tutorials-summer-schools-etc\/","title":{"rendered":"Tutorials, summer schools, etc"},"content":{"rendered":"<h3>Tutorial<\/h3>\n<ul>\n<li>2020:\u00a0 \u00ab\u00a0Reviewing Natural Language Processing Research (Introductory)\u00a0\u00bb at ACL, co-organized with Kevin Cohen, Margot Mieskes and Aur\u00e9lie N\u00e9v\u00e9ol. Available on <a href=\"https:\/\/github.com\/reviewingNLP\/ACL2020T3material\">GitHub.<\/a><\/li>\n<\/ul>\n<h3>Summer schools<\/h3>\n<ul>\n<li>2022: GDR LIFT \u00ab\u00a0Annotation\u00a0\u00bb summer school\n<ul>\n<li>Qual1: <a href=\"https:\/\/members.loria.fr\/KFort\/files\/fichiers_cours\/AnnotationQuality.pdf\">manual annotation<\/a><\/li>\n<li>Qual2a (Thursday, 11 am): <a href=\"https:\/\/members.loria.fr\/KFort\/files\/fichiers_cours\/AnnotationEvaluation.pdf\">inter-annotator agreement<\/a><\/li>\n<li>Qual2b (Friday, 9 am): <a href=\"https:\/\/members.loria.fr\/KFort\/files\/fichiers_cours\/Crowdsourcing.pdf\">myriadisation (crowdsourcing)<\/a>, ugly mix of French and English (sorry)!<\/li>\n<\/ul>\n<\/li>\n<\/ul>\n<ul>\n<li>2021: GDR TAL ETAL summer school: <a href=\"https:\/\/members.loria.fr\/KFort\/files\/fichiers_cours\/CoursETALEthique.pdf\">ethics in NLP<\/a>.<\/li>\n<\/ul>\n","protected":false},"excerpt":{"rendered":"<p>Tutorial<\/p>\n<ul>\n<li>2020:\u00a0 \u00ab\u00a0Reviewing Natural Language Processing Research (Introductory)\u00a0\u00bb at ACL, co-organized with Kevin Cohen, Margot Mieskes and Aur\u00e9lie N\u00e9v\u00e9ol. Available on <a href=\"https:\/\/github.com\/reviewingNLP\/ACL2020T3material\">GitHub.<\/a><\/li>\n<\/ul>\n<p>Summer schools<\/p>\n<ul>\n<li>2022: GDR LIFT \u00ab\u00a0Annotation\u00a0\u00bb summer school\n<ul>\n<li>Qual1: <a href=\"https:\/\/members.loria.fr\/KFort\/files\/fichiers_cours\/AnnotationQuality.pdf\">manual annotation<\/a><\/li>\n<li>Qual2a (Thursday, 11 am): <a href=\"https:\/\/members.loria.fr\/KFort\/files\/fichiers_cours\/AnnotationEvaluation.pdf\">inter-annotator agreement<\/a><\/li>\n<li>Qual2b (Friday, 9 am): <a href=\"https:\/\/members.loria.fr\/KFort\/files\/fichiers_cours\/Crowdsourcing.pdf\">myriadisation (crowdsourcing)<\/a>, ugly mix of French and English (sorry)!<\/li>\n<\/ul>\n<\/li>\n<\/ul>\n<ul>\n<li>2021: GDR TAL ETAL summer school: <a href=\"https:\/\/members.loria.fr\/KFort\/files\/fichiers_cours\/CoursETALEthique.pdf\">ethics in NLP<\/a>.<\/li>\n<\/ul>\n","protected":false},"author":205,"featured_media":0,"parent":442,"menu_order":0,"comment_status":"closed","ping_status":"closed","template":"","meta":{"footnotes":""},"class_list":["post-448","page","type-page","status-publish","hentry"],"_links":{"self":[{"href":"https:\/\/members.loria.fr\/KFort\/wp-json\/wp\/v2\/pages\/448","targetHints":{"allow":["GET"]}}],"collection":[{"href":"https:\/\/members.loria.fr\/KFort\/wp-json\/wp\/v2\/pages"}],"about":[{"href":"https:\/\/members.loria.fr\/KFort\/wp-json\/wp\/v2\/types\/page"}],"author":[{"embeddable":true,"href":"https:\/\/members.loria.fr\/KFort\/wp-json\/wp\/v2\/users\/205"}],"replies":[{"embeddable":true,"href":"https:\/\/members.loria.fr\/KFort\/wp-json\/wp\/v2\/comments?post=448"}],"version-history":[{"count":11,"href":"https:\/\/members.loria.fr\/KFort\/wp-json\/wp\/v2\/pages\/448\/revisions"}],"predecessor-version":[{"id":716,"href":"https:\/\/members.loria.fr\/KFort\/wp-json\/wp\/v2\/pages\/448\/revisions\/716"}],"up":[{"embeddable":true,"href":"https:\/\/members.loria.fr\/KFort\/wp-json\/wp\/v2\/pages\/442"}],"wp:attachment":[{"href":"https:\/\/members.loria.fr\/KFort\/wp-json\/wp\/v2\/media?parent=448"}],"curies":[{"name":"wp","href":"https:\/\/api.w.org\/{rel}","templated":true}]}}