{"id":486,"date":"2020-11-17T11:02:46","date_gmt":"2020-11-17T09:02:46","guid":{"rendered":"http:\/\/members.loria.fr\/KFort\/?page_id=486"},"modified":"2020-11-17T11:02:46","modified_gmt":"2020-11-17T09:02:46","slug":"ecole-des-mines-ater","status":"publish","type":"page","link":"https:\/\/members.loria.fr\/KFort\/teaching\/ecole-des-mines-ater\/","title":{"rendered":"\u00c9cole des Mines (ATER)"},"content":{"rendered":"<h3 id=\"UL\">ATER (Attach\u00e9e Temporaire d&rsquo;Enseignement et de Recherche)<\/h3>\n<p>&#8230; au <a href=\"http:\/\/www.depinfonancy.net\">d\u00e9partement informatique<\/a> de l&rsquo;<a href=\"http:\/\/www.mines.inpl-nancy.fr\/\" target=\"_blank\" rel=\"noopener noreferrer\">Ecole des Mines<\/a> de Nancy (ENSMN)<\/p>\n<h4>2013-2014<\/h4>\n<ul>\n<li><strong>Responsable des projets<\/strong> du d\u00e9partement informatique (2\u00e8me et 3\u00e8me ann\u00e9e, 15h).<\/li>\n<li>Cours magistral de <a href=\"http:\/\/www.depinfonancy.net\/s7\/si031\" target=\"_blank\" rel=\"noopener noreferrer\">G\u00e9nie logiciel<\/a> : outils de build, de gestion de versions, qualit\u00e9 logicielle (13,5h, 2\u00e8me ann\u00e9e)<\/li>\n<li>Cours magistral et TD d&rsquo;<a href=\"http:\/\/www.depinfonancy.net\/s7\/si033\" target=\"_blank\" rel=\"noopener noreferrer\">UML<\/a> : diagrammes de cas d&rsquo;utilisation (et sc\u00e9nario), de classe, d&rsquo;interaction (TD), d&rsquo;\u00e9tats-transitions (CM), d&rsquo;activit\u00e9 (CM), projet (19h, 2\u00e8me ann\u00e9e)<\/li>\n<li>Cours magistral de <a href=\"http:\/\/www.depinfonancy.net\/s7\/ce45\/\" target=\"_blank\" rel=\"noopener noreferrer\">P\u00e9pites algorithmiques<\/a> pour le TAL (9h, 2\u00e8me ann\u00e9e) : <a href=\"pdf\/CoursPepites1.pdf\" target=\"_blank\" rel=\"noopener noreferrer\">Traitement Automatique des Langues, ambigu\u00eft\u00e9s \u00e0 tous les \u00e9tages<\/a> (cours 1), <a href=\"pdf\/CoursPepites2.pdf\" target=\"_blank\" rel=\"noopener noreferrer\">ressources annot\u00e9es et accord inter-annotateurs<\/a> (cours 2)<\/li>\n<li>S\u00e9minaire de rentr\u00e9e (1\u00e8re ann\u00e9e), \u00ab\u00a0informatique et Internet\u00a0\u00bb (12h), notamment :\n<ul>\n<li>TD sur l&rsquo;identit\u00e9 num\u00e9rique<\/li>\n<li>TD sur les outils informatiques disponibles \u00e0 l&rsquo;Ecole<\/li>\n<\/ul>\n<\/li>\n<li style=\"list-style-type: none\"><\/li>\n<li>TD d&rsquo;<a href=\"http:\/\/www.depinfonancy.net\/s5\/tcs13\" target=\"_blank\" rel=\"noopener noreferrer\">Introduction \u00e0 l&rsquo;informatique<\/a> : algorithmique, Python, r\u00e9seau, robotique (65,5h, 1\u00e8re ann\u00e9e). Responsable du CM sur les arbres au <a href=\"http:\/\/www.depinfonancy.net\/s6\/tcs23\" target=\"_blank\" rel=\"noopener noreferrer\">second semestre<\/a> (9h, CM).<\/li>\n<li>TD de <a href=\"http:\/\/ateliers-artem.fr\/abcdweb\/\" target=\"_blank\" rel=\"noopener noreferrer\">E-business (abcdWeb)<\/a> : gestion de projets transversaux (Mines, Beaux-Arts, ICN), WordPress (30h, 2\u00e8me ann\u00e9e)<\/li>\n<li style=\"list-style-type: none\"><\/li>\n<li>Encadrement de projets d&rsquo;\u00e9tudiants de 3\u00e8me ann\u00e9es<\/li>\n<\/ul>\n<h4>2012-2013<\/h4>\n<ul>\n<li>Cours magistral de <a href=\"http:\/\/www.depinfonancy.net\/2012-2013\/si031\" target=\"_blank\" rel=\"noopener noreferrer\">G\u00e9nie logiciel<\/a> : outils de build, profilage, patrons de conception (18h, 2\u00e8me ann\u00e9e)<\/li>\n<li>Cours magistral de <a href=\"http:\/\/www.depinfonancy.net\/s7\/ce45\/contenu-des-annees-precedentes\" target=\"_blank\" rel=\"noopener noreferrer\">P\u00e9pites algorithmiques<\/a> pour le TAL (9h, 2\u00e8me ann\u00e9e) : <a href=\"pdf\/CoursPepites1.pdf\" target=\"_blank\" rel=\"noopener noreferrer\">Traitement Automatique des Langues, ambigu\u00eft\u00e9s \u00e0 tous les \u00e9tages<\/a> (cours 1), <a href=\"pdf\/CoursPepites2.pdf\" target=\"_blank\" rel=\"noopener noreferrer\">ressources annot\u00e9es et accord inter-annotateurs<\/a> (cours 2)<\/li>\n<li>S\u00e9minaire de rentr\u00e9e, \u00ab\u00a0informatique et Internet\u00a0\u00bb (35,5h), notamment :\n<ul>\n<li>cours magistral sur les <a href=\"pdf\/CoursMinesEncodages_2012.pdf\">encodages<\/a> (1,5 h, 2 groupes de 1\u00e8re ann\u00e9e)<\/li>\n<li>cours magistral sur \u00ab\u00a0comment faire une bonne pr\u00e9sentation\u00a0\u00bb (1,5 h, 2 groupes de 1\u00e8re ann\u00e9e)<\/li>\n<\/ul>\n<\/li>\n<li>TD de C2i niveau 1, partie 2 (10h, 1\u00e8re ann\u00e9e)<\/li>\n<li>TD d&rsquo;<a href=\"http:\/\/www.depinfonancy.net\/2012-2013\/tcs13\" target=\"_blank\" rel=\"noopener noreferrer\">Introduction \u00e0 l&rsquo;informatique<\/a> : algorithmique, Java, BD, r\u00e9seau, robotique (70h, 1\u00e8re ann\u00e9e)<\/li>\n<li>TD de <a href=\"http:\/\/tisserant.org\/tsi\/\" target=\"_blank\" rel=\"noopener noreferrer\">Techniques et Solutions informatiques<\/a> : PHP, BD (28h, 2\u00e8me ann\u00e9e)<\/li>\n<li>Encadrement de projets d&rsquo;\u00e9tudiants de 2\u00e8me et 3\u00e8me ann\u00e9es<\/li>\n<\/ul>\n<ul>\n<li style=\"list-style-type: none\"><\/li>\n<\/ul>\n<ul>\n<li style=\"list-style-type: none\"><\/li>\n<\/ul>\n<ul>\n<li style=\"list-style-type: none\"><\/li>\n<\/ul>\n","protected":false},"excerpt":{"rendered":"<p>ATER (Attach\u00e9e Temporaire d&rsquo;Enseignement et de Recherche)<\/p>\n<p>&#8230; au <a href=\"http:\/\/www.depinfonancy.net\">d\u00e9partement informatique<\/a> de l&rsquo;<a href=\"http:\/\/www.mines.inpl-nancy.fr\/\" target=\"_blank\" rel=\"noopener noreferrer\">Ecole des Mines<\/a> de Nancy (ENSMN)<\/p>\n<p>2013-2014<\/p>\n<ul>\n<li>Responsable des projets du d\u00e9partement informatique (2\u00e8me et 3\u00e8me ann\u00e9e, 15h).<\/li>\n<li>Cours magistral de <a href=\"http:\/\/www.depinfonancy.net\/s7\/si031\" target=\"_blank\" rel=\"noopener noreferrer\">G\u00e9nie logiciel<\/a> : outils de build, de gestion de versions, qualit\u00e9 logicielle (13,5h, 2\u00e8me ann\u00e9e)<\/li>\n<li>Cours magistral et TD d&rsquo;<a href=\"http:\/\/www.depinfonancy.net\/s7\/si033\" target=\"_blank\" rel=\"noopener noreferrer\">UML<\/a> : diagrammes de cas d&rsquo;utilisation (et sc\u00e9nario), de classe, d&rsquo;interaction (TD), d&rsquo;\u00e9tats-transitions (CM), d&rsquo;activit\u00e9 (CM), projet (19h, 2\u00e8me ann\u00e9e)<\/li>\n<li>Cours magistral de <a href=\"http:\/\/www.depinfonancy.net\/s7\/ce45\/\" target=\"_blank\" rel=\"noopener noreferrer\">P\u00e9pites algorithmiques<\/a> pour le TAL (9h,<\/li>\n<\/ul>\n","protected":false},"author":205,"featured_media":0,"parent":419,"menu_order":0,"comment_status":"closed","ping_status":"closed","template":"","meta":{"footnotes":""},"class_list":["post-486","page","type-page","status-publish","hentry"],"_links":{"self":[{"href":"https:\/\/members.loria.fr\/KFort\/wp-json\/wp\/v2\/pages\/486","targetHints":{"allow":["GET"]}}],"collection":[{"href":"https:\/\/members.loria.fr\/KFort\/wp-json\/wp\/v2\/pages"}],"about":[{"href":"https:\/\/members.loria.fr\/KFort\/wp-json\/wp\/v2\/types\/page"}],"author":[{"embeddable":true,"href":"https:\/\/members.loria.fr\/KFort\/wp-json\/wp\/v2\/users\/205"}],"replies":[{"embeddable":true,"href":"https:\/\/members.loria.fr\/KFort\/wp-json\/wp\/v2\/comments?post=486"}],"version-history":[{"count":1,"href":"https:\/\/members.loria.fr\/KFort\/wp-json\/wp\/v2\/pages\/486\/revisions"}],"predecessor-version":[{"id":487,"href":"https:\/\/members.loria.fr\/KFort\/wp-json\/wp\/v2\/pages\/486\/revisions\/487"}],"up":[{"embeddable":true,"href":"https:\/\/members.loria.fr\/KFort\/wp-json\/wp\/v2\/pages\/419"}],"wp:attachment":[{"href":"https:\/\/members.loria.fr\/KFort\/wp-json\/wp\/v2\/media?parent=486"}],"curies":[{"name":"wp","href":"https:\/\/api.w.org\/{rel}","templated":true}]}}