{"id":434,"date":"2016-12-17T14:03:12","date_gmt":"2016-12-17T12:03:12","guid":{"rendered":"http:\/\/members.loria.fr\/KSmaili\/?page_id=434"},"modified":"2026-04-14T10:16:14","modified_gmt":"2026-04-14T08:16:14","slug":"participation-to-phd-committees","status":"publish","type":"page","link":"https:\/\/members.loria.fr\/KSmaili\/participation-to-phd-committees\/","title":{"rendered":"Participation to PhD Committees"},"content":{"rendered":"<ol>\n<li>Yannick Est\u00e8ve, \u00ab\u00a0Int\u00e9gration de sources de connaissances pour la mod\u00e9lisation stochastique du langage appliqu\u00e9e \u00e0 la parole continue dans un contexte de dialogue oral Homme-Machine, Universit\u00e9 d&rsquo;Avignon et des Pays de Vaucluse, LIA- France, Reviewer, 28-11-02<\/li>\n<li>Dominique Vaufredaz: Mod\u00e9lisation statistique du langage \u00e0 partir d&rsquo;internet pour la reconnaissance automatique de la parole Universit\u00e9 Joseph Fourier Grenoble I &#8211; France, Reviewer, 7-01-02<\/li>\n<li>Murat Deviren: Syst\u00e8mes de reconnaissance de la parole revisit\u00e9: R\u00e9seaux Bay\u00e9siens dynamiques et nouveaux paradigmes Universit\u00e9 Henri Poincar\u00e9, 20-10-04<\/li>\n<li>Jean-Luc Rouas: Caract\u00e9risation et identification automatique des langues, Universit\u00e9 Paul Sabatier Toulouse 3 &#8211; France, Reviewer, 11-03-05<\/li>\n<li>Halima Bahi: NESSR Un syst\u00e8me neuro-expert pour la reconnaissance de la parole Universit\u00e9 Badji Mokhtar Annaba Algeria, Th\u00e8se de doctorat d&rsquo;\u00e9tat , Reviewer, 2005<\/li>\n<li>Dominique Massoni\u00e9: Int\u00e9gration des variantes de prononciation pour les syst\u00e8mes de transcription et dialogue Homme-Machine, Universit\u00e9 d&rsquo;Avignon et des Pays de Vaucluse, LIA &#8211; France, Reviewer, 5-12-05<\/li>\n<li>David Janiszek: Adaptation des mod\u00e8les de langage, Universit\u00e9 d&rsquo;Avignon et des Pays de Vaucluse, LIA &#8211; France, Reviewer, 6-12-05<\/li>\n<li>Oriol Ramos Terradas: Linear combination of multiresolution descriptors: Application to graphics recognition, universitat Autonoma de Barcelona et universit\u00e9 Nancy 2 &#8211; France, 17-10-06<\/li>\n<li>Daniel Zuwala: Reconnaissance de symboles sans connaissances a priori, Universit\u00e9 Nancy INPL &#8211; France, 6-11-06<\/li>\n<li>Julie Mauclair: Mesures de confiance en traitement automatique de la parole et ses applications, universit\u00e9 du Maine &#8211; France, 6-12-2006<\/li>\n<li>Shiuan-Sung LIN: Optimisation du graphe de d\u00e9codage d&rsquo;un syst\u00e8me de reconnaissance vocale par apprentissage discriminant \u00ab\u00a0,\u00a0 ENST Paris &#8211; France, Reviewer 05-06-2007<\/li>\n<li>Nathalie Camelin: \u00a0\u00bb Strat\u00e9gies robustes de compr\u00e9hension de la parole bas\u00e9es sur des m\u00e9thodes de classification automatique\u00a0\u00bb, Universit\u00e9 d&rsquo;Avignon et des Pays de Vauclus &#8211; France, 26-11-07<\/li>\n<li>Stephane Huet: \u00a0\u00bb Informations morpho-syntaxiques et adaptation th\u00e9matique pour am\u00e9liorer la reconnaissance de la parole\u00a0\u00bb, IRISA Universit\u00e9 de Rennes 1 &#8211; France, Reviewer, 11-12-07<\/li>\n<li>Castagnos Sylvain: \u00a0\u00bb Mod\u00e9lisation de comportements et apprentissage stochastique non supervis\u00e9 de strat\u00e9gies d&rsquo;interactions sociales au sein de syst\u00e8mes temps r\u00e9el de recherche d&rsquo;acc\u00e8s \u00e0 l&rsquo;information \u00ab\u00a0, Universit\u00e9 Nancy 2 &#8211; France, 5-11-08<\/li>\n<li>Christophe Servan: \u00a0\u00bb Apprentissage Automatique et Dialogue Homme-Machine T\u00e9l\u00e9phonique \u00e0 Initiative Mixte \u00ab\u00a0, Universit\u00e9 d&rsquo;Avignon et des Pays de Vaucluse &#8211; France , 10-12-2008<\/li>\n<li>Bogdan Minescu: \u00a0\u00bb Construction et strat\u00e9gie d&rsquo;exploitation des r\u00e9seaux de confusion en lien avec le contexte applicatif de la compr\u00e9hension de la parole \u00ab\u00a0, Universit\u00e9 d&rsquo;Avignon et des Pays de Vaucluse &#8211; France, Reviewer, 11-12-2008<\/li>\n<li>Mourad Abbas : \u00ab\u00a0Identification de th\u00e8mes en vu de la reconnaissance automatique de la parole, \u00c9cole polytechnique d&rsquo;Alger &#8211; Algeria, 14-12-2008<\/li>\n<li>Chahnaz Zakaria: \u00ab\u00a0Contributions \u00e0 la d\u00e9tection de conflits relationnels dans les \u00e9changes d&#8217;emails entre personnes en situation de travail coop\u00e9ratif &#8211; Une approche fond\u00e9e sur les mod\u00e8les statistiques et les ontologies\u00a0\u00bb, Universit\u00e9 Paris-Est &#8211; France, 15-12-2009<\/li>\n<li>Emmanuel Prochasson: \u00a0\u00bb Alignement multilingue en corpus comparables sp\u00e9cialis\u00e9 &#8211; Caract\u00e9risation terminologique multilingue \u00ab\u00a0, Universit\u00e9 de Nantes &#8211; France, Reviewer, 17-12-2009<\/li>\n<li>Meftouh Karima: \u00a0\u00bb Mod\u00e9lisation statistique de la langue Arabe \u00ab\u00a0, Universit\u00e9 Badji-Mokhtar Annaba, Alg\u00e9rie, Examinateur, 04-02-2010<\/li>\n<li>Guillaume Bernard: \u00a0\u00bb R\u00e9ordonnancement d&rsquo;hypoth\u00e8ses dans un syst\u00e8me de questions-r\u00e9ponses\u00a0\u00bb, Universit\u00e9 de Paris Sud (LIMSI) &#8211; France , Reviewer, 06-06-2011<\/li>\n<li>Arnaud Glad : \u00ab\u00a0\u00c9tude de l&rsquo;auto-organisation dans les algorithmes de patrouille multi-agent fond\u00e9s sur les ph\u00e9romones digitales\u00a0\u00bb, Universit\u00e9 Nancy 2 &#8211; France, President, 15-11-2011<\/li>\n<li>Stanislas Oger : \u00ab\u00a0Mod\u00e8les de langage ad hoc pour la reconnaissance automatique de la parole\u00a0\u00bb, Universit\u00e9 d&rsquo;Avignon et des Pays de Vaucluse &#8211; France, Reviewer, 30-11-2011<\/li>\n<li>Rapha\u00ebl Rubino : \u00ab\u00a0Traduction automatique statistique et adaptation \u00e0 un domaine sp\u00e9cialis\u00e9\u00a0\u00bb, Universit\u00e9 d&rsquo;Avignon et des Pays de Vaucluse &#8211; France, Reviewer, 30-11-2011<\/li>\n<li>Thi-Ngoc-Diep Do : \u00ab\u00a0Extraction de corpus parall\u00e8le pour la traduction automatique depuis et vers une langue peu dot\u00e9e\u00a0\u00bb, Universit\u00e9 de Grenoble &#8211; France, Reviewer, 20-12-2011<\/li>\n<li>Farag Ahmed : \u00ab\u00a0Meaning Refinement to Improve Cross-lingual Information Retrieval\u00a0\u00bb, Universit\u00e9 de Magdeburg &#8211; Germany, Reviewer, 17-01-2012<\/li>\n<li>Julien Gosme : \u00ab\u00a0\u00c9num\u00e9ration exhaustive et d\u00e9tection sp\u00e9cifique des analogies : \u00e9tude pour les mod\u00e8les de langue et la traduction automatique\u00a0\u00bb, Universit\u00e9 de Caen Basse-Normandie &#8211; France, Reviewer, 13-02-2012<\/li>\n<li>Kashif Shah : \u00ab\u00a0Model Adaptation Techniques in Machine Translation\u00a0\u00bb, Universit\u00e9 du Maine &#8211; France, Reviewer, 29-06-2012<\/li>\n<li>Asma Ch\u00e9rif : \u00ab\u00a0Mod\u00e8les de contr\u00f4le d&rsquo;acc\u00e8s pour les applications collaboratives\u00a0\u00bb, Universit\u00e9 Nancy 2 &#8211; France , President, 26-11-2012<\/li>\n<li>Marion Potet : \u00ab\u00a0Vers l&rsquo;int\u00e9gration de post-\u00e9ditions d&rsquo;utilisateurs pour am\u00e9liorer les syst\u00e8mes de traduction automatiques probabilistes\u00a0\u00bb, Universit\u00e9 de Grenoble &#8211; France, Reviewer, 11-04-2013<\/li>\n<li>Souhir Gahbiche : \u00ab\u00a0Am\u00e9lioration des syst\u00e8mes de traduction par analyse linguistique et th\u00e9matique &#8211; Application \u00e0 la traduction depuis l&rsquo;arabe\u00a0\u00bb, Universit\u00e9 Paris-Sud &#8211; France, Reviewer, 30-09-2013<\/li>\n<li>HaIthem Afli : \u00ab\u00a0La traduction automatique statistique dans un contexte multimodal\u00a0\u00bb, Universit\u00e9 du Maine &#8211; France, Reviewer, 07-07-2014<\/li>\n<li>Charif Alchieekh Haydar : \u00ab\u00a0Les syst\u00e8mes de recommandation \u00e0 base de confiance\u00a0\u00bb, Universit\u00e9 de Lorraine &#8211; France, President, 03-09-2014<\/li>\n<li>Ngoc Quang Luong : \u00ab\u00a0Word Confidence Estimation for Statistical Machine Translation\u00a0\u00bb, Universit\u00e9 de Grenoble &#8211; France, Reviewer, 12-11-2014<\/li>\n<li>Manel Tagorti : \u00ab\u00a0Sur les abstractions et les projections des processus d\u00e9cisionnels de Markov de grande taille\u00a0\u00bb, Universit\u00e9 de Lorraine &#8211; France , President, 3-2-2015<\/li>\n<li>Walid Aransa: \u00ab\u00a0Statistical Machine Translation of the Arabic Language\u00a0\u00bb, Universit\u00e9 du Maine &#8211; France , Reviewer and President, 23-9-2015<\/li>\n<li>Asmaa Mountassir: \u00ab\u00a0Arabic Sentiment Classification : Addressing the problems of Unbalanced Datasets and Huge Dimentionality\u00a0\u00bb, Universit\u00e9 de Rabat &#8211; ENSIAS, Morocco, Reviewer 10-12-2016<\/li>\n<li>Raja AYED: \u00ab\u00a0D\u00e9sambigu\u00efsation Morphologique Arabe \u00e0 Base de Classification Possibiliste pour la Recherche d&rsquo;Information Socio-S\u00e9mantique\u00a0\u00bb, Ecole Nationale des Sciences de l\u2019Informatique, Tunis &#8211; Tunisia, Reviewer, 22-12-2017<\/li>\n<li>Ken D\u00e9guernel: \u00ab\u00a0Apprentissage de structures musicales en contexte d&rsquo;improvisation\u00a0\u00bb, Universit\u00e9 de Lorraine, President, 6-03-2018<\/li>\n<li>Armelle Brun (HDR): \u00ab\u00a0Sur les traces du futur : entre comprendre et pr\u00e9dire\u00a0\u00bb, Universit\u00e9 de Lorraine, Invit\u00e9, 10-04-2018<\/li>\n<li>Irina Potlavchenko &#8211; Maslowski: \u00ab\u00a0De l\u2019analyse d\u2019opinions \u00e0 la d\u00e9tection des probl\u00e8mes d\u2019interactions humain-machine :<br \/>\napplication \u00e0 la gestion de la relation client.\u00a0\u00bb, TELECOM ParisTech, Examinateur, 4-6-2018.<\/li>\n<li>Youn\u00e8s Abid: \u00ab\u00a0Analyse automatis\u00e9e des risques sur la vie priv\u00e9e dans les r\u00e9seaux sociaux\u00a0\u00bb, Universit\u00e9 de Lorraine, Pr\u00e9sident, 5-7-2018.<\/li>\n<li>Marwa Naili: \u00ab\u00a0Approche d\u2019analyse th\u00e9matique multilingue et g\u00e9n\u00e9rique de documents textuels fond\u00e9e sur les ressources s\u00e9mantiques\u00a0\u00bb, Ecole nationale des sciences de l\u2019informatique (Tunisie), Rapporteur, 13-11-2018.<\/li>\n<li>Anja Habacha (HDR): \u00ab\u00a0Contributions \u00e0 l\u2019analyse multifacette multilingue de documents textuels\u00a0\u00bb, Ecole nationale des sciences de l\u2019informatique (Tunisie), Rapporteur, 13-11-2018.<\/li>\n<li>Marwa Hadj Salah: \u00ab\u00a0D\u00e9sambigu\u00efsation Lexicale de l&rsquo;Arabe pour et par la Traduction Automatique\u00a0\u00bb, cotutelle entre la Communaut\u00e9 Universit\u00e9 Grenoble Alpes et l\u2019Universit\u00e9 de Sfax, Examinateur, 18-12-2018.<\/li>\n<li>L\u00e9opold Crestel: \u00ab\u00a0Neural Networks For Automatic Musical Projective Orchestration\u00a0\u00bb, Institut de Recherche et Coordination Acoustique\/Musique (IRCAM) Sorbonne Universit\u00e9, Rapporteur, 19-12-2018.<\/li>\n<li>Younes Jaafar: \u00ab\u00a0Towards Standardization and enhancement of Arabic Natural Language Processing via the establishment of the SAFAR framework\u00a0\u00bb,\u00a0 Rapporteur, University of Mohammed V, Rabat, Morocco, 21-06-2019.<\/li>\n<li>Duncan Wallace: \u00ab\u00a0ADAM: Application of Data Mining Techniques to Service Modelling an Evaluation at Medical Companies\u00a0\u00bb, Rapporteur, University College Dubli, 26-11-2019.<\/li>\n<li>Djedji Amazouz: \u00ab\u00a0Linguistic and phonetic investigations of French-Algerian Arabic code-switching: Large corpus studies using automatic speech processing\u00a0\u00bb, Rapporteur, Sorbonne Universit\u00e9, 3-12-2019.<\/li>\n<li>GONZALEZ GALLARDO Carlos Emiliano: \u00ab\u00a0R\u00e9sum\u00e9 automatique multim\u00e9dia et multilingue et Recherche d\u2019information\u00a0\u00bb, Examinateur, Avignon Universit\u00e9, 18-12-2019.<\/li>\n<li>Amira Barhoumi: \u00ab\u00a0Une approche neuronale pour l\u2019analyse d\u2019opinions en arabe\u00a0\u00bb, Rapporteur, Universit\u00e9 le Mans, 23-11-2020.<\/li>\n<li>B. Premith: \u00ab\u00a0Embedding linguistic features for improving neural machine translation from english to Malayalam\u00a0\u00bb, Reviewer, AMRITA VISHWA VIDYAPEETHAM<br \/>\nCOIMBATORE CAMPUS, INDIA, June 2021.<\/li>\n<li>Ornela Bardhi: \u00ab\u00a0Machine learning and algorithms applied to ethnographic and biomedical cancer data: case studies from Ireland, Finland, and Spain\u201d, Reviewer, Deusto University, Spain, 18 February, 2022.<\/li>\n<li>Manal Affi: \u00ab\u00a0Deep-Learning-Based Contributions for Detecting and Extracting Named Entities\u00a0\u00bb, Reviewer, ENSI Tunis, November 2022.<\/li>\n<li>Abir Ismaili-Alaoui: \u00ab\u00a0Methodology for an Augmented Business Process Management in IoT Environment\u00a0\u00bb, Universit\u00e9 Lorraine- Universit\u00e9 Mohammed V, President, 7 december, 2022.<\/li>\n<li>Sahbi Sidhom: \u00ab\u00a0Syst\u00e8me de recherche d\u2019information intelligent dans les dispositifs de d\u00e9cision : Cr\u00e9ativit\u00e9, comp\u00e9titivit\u00e9 et innovation.\u00a0\u00bb, HDR Universit\u00e9 Paris 8, March 2023.<\/li>\n<li>Erawan Schild: \u00ab\u00a0De l&rsquo;importance de valoriser l&rsquo;expertise humaine dans l&rsquo;annotation: Application \u00e0 la mod\u00e9lisation de textes en intentions \u00e0 l&rsquo;aide d&rsquo;un clstering interactif\u00a0\u00bb, Universit\u00e9 Lorraine, Pr\u00e9sident, 27 March, 2023.<\/li>\n<li>El Mahdi MERCHA: \u00ab\u00a0Heterogeneous Text Graph and Slightly Deep Graph Convolutional Network for Comprehensive Multilingual Sentiment Analysis\u00a0\u00bb, ENSIAS, Universit\u00e9 Mohammed V, Maroc, Rapporteur, 28 September, 2024.<\/li>\n<li>Yousra Fettach: \u00ab\u00a0Knowledge Graphs for Job Market Representation, Skill Need Prediction and Course Recommendation\u00a0\u00bb, Universit\u00e9 International de Rabat, Maroc, Rapporteur, 28 October, 2024.<\/li>\n<li>Sa\u00efda Laaroussi: \u00ab\u00a0Contributions \u00e0 la correction orthographique automatique des textes en langue arabe\u00a0\u00bb, Universit\u00e9 Ibn Tofa\u00efl, K\u00e9nitra, Maroc, Rapporteur, 21 December, 2024.<\/li>\n<li>Chayma FOURATI: \u00ab\u00a0Transformer Model for Resource-Scarce Languages and Dialects: Application to Text Classification Tasks\u00a0\u00bb, Universit\u00e9 Tunis, Rapporteur, 19 Janvier 2026<\/li>\n<\/ol>\n","protected":false},"excerpt":{"rendered":"<ol>\n<li>Yannick Est\u00e8ve, \u00ab\u00a0Int\u00e9gration de sources de connaissances pour la mod\u00e9lisation stochastique du langage appliqu\u00e9e \u00e0 la parole continue dans un contexte de dialogue oral Homme-Machine, Universit\u00e9 d&rsquo;Avignon et des Pays de Vaucluse, LIA- France, Reviewer, 28-11-02<\/li>\n<li>Dominique Vaufredaz: Mod\u00e9lisation statistique du langage \u00e0 partir d&rsquo;internet pour la reconnaissance automatique de la parole Universit\u00e9 Joseph Fourier Grenoble I &#8211; France, Reviewer, 7-01-02<\/li>\n<li>Murat Deviren: Syst\u00e8mes de reconnaissance de la parole revisit\u00e9: R\u00e9seaux Bay\u00e9siens dynamiques et nouveaux paradigmes Universit\u00e9 Henri Poincar\u00e9, 20-10-04<\/li>\n<li>Jean-Luc Rouas: Caract\u00e9risation et identification automatique des langues, Universit\u00e9 Paul Sabatier Toulouse 3 &#8211;<\/li>\n<\/ol>\n","protected":false},"author":66,"featured_media":0,"parent":0,"menu_order":0,"comment_status":"closed","ping_status":"closed","template":"","meta":{"footnotes":""},"class_list":["post-434","page","type-page","status-publish","hentry"],"_links":{"self":[{"href":"https:\/\/members.loria.fr\/KSmaili\/wp-json\/wp\/v2\/pages\/434","targetHints":{"allow":["GET"]}}],"collection":[{"href":"https:\/\/members.loria.fr\/KSmaili\/wp-json\/wp\/v2\/pages"}],"about":[{"href":"https:\/\/members.loria.fr\/KSmaili\/wp-json\/wp\/v2\/types\/page"}],"author":[{"embeddable":true,"href":"https:\/\/members.loria.fr\/KSmaili\/wp-json\/wp\/v2\/users\/66"}],"replies":[{"embeddable":true,"href":"https:\/\/members.loria.fr\/KSmaili\/wp-json\/wp\/v2\/comments?post=434"}],"version-history":[{"count":13,"href":"https:\/\/members.loria.fr\/KSmaili\/wp-json\/wp\/v2\/pages\/434\/revisions"}],"predecessor-version":[{"id":536,"href":"https:\/\/members.loria.fr\/KSmaili\/wp-json\/wp\/v2\/pages\/434\/revisions\/536"}],"wp:attachment":[{"href":"https:\/\/members.loria.fr\/KSmaili\/wp-json\/wp\/v2\/media?parent=434"}],"curies":[{"name":"wp","href":"https:\/\/api.w.org\/{rel}","templated":true}]}}