{"id":10,"date":"2015-06-15T10:23:49","date_gmt":"2015-06-15T08:23:49","guid":{"rendered":"http:\/\/members.loria.fr\/thierrygartiser\/?page_id=10"},"modified":"2018-04-20T16:47:38","modified_gmt":"2018-04-20T14:47:38","slug":"cv-fr","status":"publish","type":"page","link":"https:\/\/members.loria.fr\/LBougrain\/cv-fr\/","title":{"rendered":"CV"},"content":{"rendered":"<div class=\"important_div\" style=\"text-align: center\"><\/div>\n<h4 class=\"cv\">Formation<\/h4>\n<ul>\n<li class=\"p1\"><span class=\"s1\">2000 : Doctorat en informatique (LORIA \/ Universit\u00e9 de Lorraine)<\/span><\/li>\n<li class=\"p1\">1998 : Licence de Psychologie (universit\u00e9 Nancy 2)<\/li>\n<li class=\"p1\">1995 : D.E.A d&rsquo;intelligence Artificielle, Reconnaissance de Formes et ses Applications (UPMC)<\/li>\n<li class=\"p1\">1994 : ma\u00eetrise d&rsquo;informatique (UPMC)<\/li>\n<\/ul>\n<h4 class=\"cv\">Exp\u00e9rience professionnelle<\/h4>\n<ul>\n<li class=\"p1\">2016-2017 : D\u00e9l\u00e9gation aupr\u00e8s d&rsquo;Inria Nancy &#8211; Grand Est<\/li>\n<li class=\"p1\">2012-2016 : Responsable de la sp\u00e9cialit\u00e9 Interaction, Perception, Apprentissage et Connaissance du master Informatique de l&rsquo;universit\u00e9 de Lorraine<\/li>\n<li class=\"p1\">2006-2008 : Charg\u00e9 de recherche 1\u00e8re classe (d\u00e9tachement aupr\u00e8s d&rsquo;Inria Nancy &#8211; Grand Est)<\/li>\n<li class=\"p1\"><span class=\"s1\">2000-2001 : Post-doctorant, universit\u00e9 de Milan<br \/>\n<\/span><\/li>\n<\/ul>\n<h4 class=\"cv\">Centres d&rsquo;int\u00e9r\u00eat et comp\u00e9tences<\/h4>\n<div id=\"skillbar_straight\" style=\"padding:10px 0;\">\n\n<div class=\"skillbar clearfix\" data-percent=\"80%\" style=\"background: #eeeeee;\">\r\n\t\t\t\t<div class=\"skillbar-title\" style=\"background: #336699 !important;\"><span>Interfaces cerveau-ordinateur<\/span><\/div>\r\n\t\t\t\t<div class=\"skillbar-bar\" style=\"background: #336699;\"><\/div>\r\n\t\t\t\t<div class=\"skill-bar-percent\">80%<\/div>\r\n\t\t\t<\/div><\/p>\n<p><div class=\"skillbar clearfix\" data-percent=\"60%\" style=\"background: #eeeeee;\">\r\n\t\t\t\t<div class=\"skillbar-title\" style=\"background: #336699 !important;\"><span>Syst\u00e8me moteur<\/span><\/div>\r\n\t\t\t\t<div class=\"skillbar-bar\" style=\"background: #336699;\"><\/div>\r\n\t\t\t\t<div class=\"skill-bar-percent\">60%<\/div>\r\n\t\t\t<\/div>\n\n<div class=\"skillbar clearfix\" data-percent=\"70%\" style=\"background: #eeeeee;\">\r\n\t\t\t\t<div class=\"skillbar-title\" style=\"background: #336699 !important;\"><span>Apprentissage automatique<\/span><\/div>\r\n\t\t\t\t<div class=\"skillbar-bar\" style=\"background: #336699;\"><\/div>\r\n\t\t\t\t<div class=\"skill-bar-percent\">70%<\/div>\r\n\t\t\t<\/div>\n\n<div class=\"skillbar clearfix\" data-percent=\"70%\" style=\"background: #eeeeee;\">\r\n\t\t\t\t<div class=\"skillbar-title\" style=\"background: #336699 !important;\"><span>Extraction de caract\u00e9ristique et s\u00e9lection de variables<\/span><\/div>\r\n\t\t\t\t<div class=\"skillbar-bar\" style=\"background: #336699;\"><\/div>\r\n\t\t\t\t<div class=\"skill-bar-percent\">70%<\/div>\r\n\t\t\t<\/div><\/p>\n<p><div class=\"skillbar clearfix\" data-percent=\"60%\" style=\"background: #eeeeee;\">\r\n\t\t\t\t<div class=\"skillbar-title\" style=\"background: #336699 !important;\"><span>Surveillance de l&#039;anesth\u00e9sie<\/span><\/div>\r\n\t\t\t\t<div class=\"skillbar-bar\" style=\"background: #336699;\"><\/div>\r\n\t\t\t\t<div class=\"skill-bar-percent\">60%<\/div>\r\n\t\t\t<\/div><\/p>\n<p><div class=\"skillbar clearfix\" data-percent=\"60%\" style=\"background: #eeeeee;\">\r\n\t\t\t\t<div class=\"skillbar-title\" style=\"background: #336699 !important;\"><span>R\u00e9\u00e9ducation apr\u00e8s un accident vasculaire c\u00e9r\u00e9brale<\/span><\/div>\r\n\t\t\t\t<div class=\"skillbar-bar\" style=\"background: #336699;\"><\/div>\r\n\t\t\t\t<div class=\"skill-bar-percent\">60%<\/div>\r\n\t\t\t<\/div><\/p>\n<p><div class=\"skillbar clearfix\" data-percent=\"50%\" style=\"background: #eeeeee;\">\r\n\t\t\t\t<div class=\"skillbar-title\" style=\"background: #336699 !important;\"><span>Intelligence Artificielle<\/span><\/div>\r\n\t\t\t\t<div class=\"skillbar-bar\" style=\"background: #336699;\"><\/div>\r\n\t\t\t\t<div class=\"skill-bar-percent\">50%<\/div>\r\n\t\t\t<\/div><\/p>\n<p>\n<div style=\"clear:both;\"><\/div>\n<\/div>\n<div style=\"clear:both; height:10px; overflow:hidden;\"><\/div>\n<style type=\"text\/css\">.skillbar-title{font-size:px;color:;}.skill-bar-percent{font-size:px;color:;}<\/style><script>\r\n\t\t\t\tfunction sbar(){\r\n\t\t\t\t\tjQuery(\".skillbar\").each(function(){\r\n\t\t\t\t\t\tjQuery(this).find(\".skillbar-bar\").animate({\r\n\t\t\t\t\t\t\twidth:jQuery(this).attr(\"data-percent\")\r\n\t\t\t\t\t\t},3000);\r\n\t\t\t\t\t});\t\r\n\t\t\t\t}\r\n\t\t\t\tif ( jQuery(\"#skillbar_straight\").next().is(\":appeared\") ){\r\n\t\t\t\t\tsbar();\r\n\t\t\t\t} else {\r\n\t\t\t\t\tjQuery( window ).scroll(function() {\r\n\t\t\t\t\t\tif ( jQuery(\"#skillbar_straight\").next().is(\":appeared\") ){\r\n\t\t\t\t\t\t\tsbar();\r\n\t\t\t\t\t\t}\r\n\t\t\t\t\t});\r\n\t\t\t\t}\r\n\t\t\t\t<\/script>\n","protected":false},"excerpt":{"rendered":"<p>Formation<\/p>\n<ul>\n<li class=\"p1\">2000 : Doctorat en informatique (LORIA \/ Universit\u00e9 de Lorraine)<\/li>\n<li class=\"p1\">1998 : Licence de Psychologie (universit\u00e9 Nancy 2)<\/li>\n<li class=\"p1\">1995 : D.E.A d&rsquo;intelligence Artificielle, Reconnaissance de Formes et ses Applications (UPMC)<\/li>\n<li class=\"p1\">1994 : ma\u00eetrise d&rsquo;informatique (UPMC)<\/li>\n<\/ul>\n<p>Exp\u00e9rience professionnelle<\/p>\n<ul>\n<li class=\"p1\">2016-2017 : D\u00e9l\u00e9gation aupr\u00e8s d&rsquo;Inria Nancy &#8211; Grand Est<\/li>\n<li class=\"p1\">2012-2016 : Responsable de la sp\u00e9cialit\u00e9 Interaction, Perception, Apprentissage et Connaissance du master Informatique de l&rsquo;universit\u00e9 de Lorraine<\/li>\n<li class=\"p1\">2006-2008 : Charg\u00e9 de recherche 1\u00e8re classe (d\u00e9tachement aupr\u00e8s d&rsquo;Inria Nancy &#8211; Grand Est)<\/li>\n<li class=\"p1\">2000-2001 : Post-doctorant, universit\u00e9 de Milan\n<\/li>\n<\/ul>\n<p>Centres d&rsquo;int\u00e9r\u00eat et comp\u00e9tences <\/p>\n","protected":false},"author":5,"featured_media":0,"parent":0,"menu_order":0,"comment_status":"closed","ping_status":"closed","template":"","meta":{"footnotes":""},"class_list":["post-10","page","type-page","status-publish","hentry"],"_links":{"self":[{"href":"https:\/\/members.loria.fr\/LBougrain\/wp-json\/wp\/v2\/pages\/10","targetHints":{"allow":["GET"]}}],"collection":[{"href":"https:\/\/members.loria.fr\/LBougrain\/wp-json\/wp\/v2\/pages"}],"about":[{"href":"https:\/\/members.loria.fr\/LBougrain\/wp-json\/wp\/v2\/types\/page"}],"author":[{"embeddable":true,"href":"https:\/\/members.loria.fr\/LBougrain\/wp-json\/wp\/v2\/users\/5"}],"replies":[{"embeddable":true,"href":"https:\/\/members.loria.fr\/LBougrain\/wp-json\/wp\/v2\/comments?post=10"}],"version-history":[{"count":54,"href":"https:\/\/members.loria.fr\/LBougrain\/wp-json\/wp\/v2\/pages\/10\/revisions"}],"predecessor-version":[{"id":341,"href":"https:\/\/members.loria.fr\/LBougrain\/wp-json\/wp\/v2\/pages\/10\/revisions\/341"}],"wp:attachment":[{"href":"https:\/\/members.loria.fr\/LBougrain\/wp-json\/wp\/v2\/media?parent=10"}],"curies":[{"name":"wp","href":"https:\/\/api.w.org\/{rel}","templated":true}]}}