{"id":10,"date":"2015-06-15T10:23:49","date_gmt":"2015-06-15T08:23:49","guid":{"rendered":"http:\/\/members.loria.fr\/thierrygartiser\/?page_id=10"},"modified":"2018-09-18T15:14:28","modified_gmt":"2018-09-18T13:14:28","slug":"cv","status":"publish","type":"page","link":"https:\/\/members.loria.fr\/LCiarletta\/cv\/","title":{"rendered":"CV"},"content":{"rendered":"<div class=\"important_div\" style=\"text-align: center\"><\/div>\n<h4 class=\"cv\">Formation<\/h4>\n<ul>\n<li class=\"p1\"><span class=\"s1\">2002 : PhD in\u00a0<span lang=\"EN-US\">Computer Science\u00a0<b><\/b>at Universit\u00e9 Henri Poincar\u00e9, Nancy \u00a0(<\/span>LORIA \/ Universit\u00e9 de Lorraine), \u00ab\u00a0<i><span lang=\"EN-US\">Towards Evaluation of Pervasive Computing technologies\u00a0\u00bb<\/span><\/i><\/span><\/li>\n<li>1998 : Engineer \/ Master in automation and Industrial computing systems and networks at ENSEM (Ecole Nationale Sup\u00e9rieure d\u2019Electricit\u00e9 et de M\u00e9canique), a school of INPL (Institut National Polytechnique de Lorraine, now Collegium Lorraine INP of Universit\u00e9 de Lorraine)<\/li>\n<li>1998 : Research Master in Computer Science at l\u2019INPL: \u00ab\u00a0<em>Towards secured autoconfiguration mecanisms for IPv6<\/em>\u00ab\u00a0<\/li>\n<\/ul>\n<h4 class=\"cv\">Exp\u00e9rience professionnelle<\/h4>\n<ul>\n<li>2003 &#8211; \u2026: Associate Professor (Ma\u00eetre de conf\u00e9rences) at Mines Nancy<\/li>\n<li>2002-2003: Assisting Professor (ATER) at the Computer Science laboratory (LIA) of Avignon<\/li>\n<li>2001-2002: Assisting Professor (ATER) at Mines Nancy \/ LORIA<\/li>\n<li>1998-2001: Guest researcher at NIST (National Institute of Standards and Technology), USA<\/li>\n<li>1998: Masters (Research and Engineer) thesis at NIST<\/li>\n<\/ul>\n<h4 class=\"cv\">Centres d&rsquo;int\u00e9r\u00eat et comp\u00e9tences<\/h4>\n<div id=\"skillbar_straight\" style=\"padding:10px 0;\">\n\n<div class=\"skillbar clearfix\" data-percent=\"95%\" style=\"background: #eeeeee;\">\r\n\t\t\t\t<div class=\"skillbar-title\" style=\"background: #336699 !important;\"><span>Cyber<\/span><\/div>\r\n\t\t\t\t<div class=\"skillbar-bar\" style=\"background: #336699;\"><\/div>\r\n\t\t\t\t<div class=\"skill-bar-percent\">95%<\/div>\r\n\t\t\t<\/div>\n\n<div class=\"skillbar clearfix\" data-percent=\"75%\" style=\"background: #eeeeee;\">\r\n\t\t\t\t<div class=\"skillbar-title\" style=\"background: #336699 !important;\"><span>Physical<\/span><\/div>\r\n\t\t\t\t<div class=\"skillbar-bar\" style=\"background: #336699;\"><\/div>\r\n\t\t\t\t<div class=\"skill-bar-percent\">75%<\/div>\r\n\t\t\t<\/div>\n\n<div class=\"skillbar clearfix\" data-percent=\"95%\" style=\"background: #eeeeee;\">\r\n\t\t\t\t<div class=\"skillbar-title\" style=\"background: #336699 !important;\"><span>Systems<\/span><\/div>\r\n\t\t\t\t<div class=\"skillbar-bar\" style=\"background: #336699;\"><\/div>\r\n\t\t\t\t<div class=\"skill-bar-percent\">95%<\/div>\r\n\t\t\t<\/div>\n\n\n<div style=\"clear:both;\"><\/div>\n<\/div>\n<div style=\"clear:both; height:10px; overflow:hidden;\"><\/div>\n<style type=\"text\/css\">.skillbar-title{font-size:px;color:;}.skill-bar-percent{font-size:px;color:;}<\/style><script>\r\n\t\t\t\tfunction sbar(){\r\n\t\t\t\t\tjQuery(\".skillbar\").each(function(){\r\n\t\t\t\t\t\tjQuery(this).find(\".skillbar-bar\").animate({\r\n\t\t\t\t\t\t\twidth:jQuery(this).attr(\"data-percent\")\r\n\t\t\t\t\t\t},3000);\r\n\t\t\t\t\t});\t\r\n\t\t\t\t}\r\n\t\t\t\tif ( jQuery(\"#skillbar_straight\").next().is(\":appeared\") ){\r\n\t\t\t\t\tsbar();\r\n\t\t\t\t} else {\r\n\t\t\t\t\tjQuery( window ).scroll(function() {\r\n\t\t\t\t\t\tif ( jQuery(\"#skillbar_straight\").next().is(\":appeared\") ){\r\n\t\t\t\t\t\t\tsbar();\r\n\t\t\t\t\t\t}\r\n\t\t\t\t\t});\r\n\t\t\t\t}\r\n\t\t\t\t<\/script>\n<fieldset class=\"tutoriel\">\n<legend class=\"info\"> <a href=\"\/infodoc\/tutoriel\/lecon3\/\"><span class=\"decal\">&gt; voir Tuto Infodoc 3<\/span><\/a><br \/>\n<\/legend>\n<p><em>Vous pouvez ajouter (ou supprimer) autant de centres d&rsquo;int\u00e9r\u00eat que vous le souhaitez dans la section <strong>skillwrapper<\/strong> ci-dessus.<br \/>\nRecopiez simplement l&rsquo;int\u00e9gralit\u00e9 d&rsquo;un shortcode <strong>skill<\/strong>, puis modifiez les contenus des champs <strong>title<\/strong> et <strong>percent<\/strong><\/em>.<br \/>\nDocumentation compl\u00e8te dans le <a href=\"\/infodoc\/tutoriel\/lecon3\/\">Tuto 3<\/a>.<\/fieldset>\n<p>&nbsp;<\/p>\n","protected":false},"excerpt":{"rendered":"<p>Formation<\/p>\n<ul>\n<li class=\"p1\">2002 : PhD in\u00a0Computer Science\u00a0at Universit\u00e9 Henri Poincar\u00e9, Nancy \u00a0(LORIA \/ Universit\u00e9 de Lorraine), \u00ab\u00a0<i>Towards Evaluation of Pervasive Computing technologies\u00a0\u00bb<\/i><\/li>\n<li>1998 : Engineer \/ Master in automation and Industrial computing systems and networks at ENSEM (Ecole Nationale Sup\u00e9rieure d\u2019Electricit\u00e9 et de M\u00e9canique), a school of INPL (Institut National Polytechnique de Lorraine, now Collegium Lorraine INP of Universit\u00e9 de Lorraine)<\/li>\n<li>1998 : Research Master in Computer Science at l\u2019INPL: \u00ab\u00a0<em>Towards secured autoconfiguration mecanisms for IPv6<\/em>\u00ab\u00a0<\/li>\n<\/ul>\n<p>Exp\u00e9rience professionnelle<\/p>\n<ul>\n<li>2003 &#8211; \u2026: Associate Professor (Ma\u00eetre de conf\u00e9rences) at Mines Nancy<\/li>\n<li>2002-2003: Assisting Professor (ATER) at the Computer Science laboratory (LIA) of Avignon<\/li>\n<li>2001-2002: Assisting Professor (ATER) at Mines Nancy \/ LORIA<\/li>\n<li>1998-2001: Guest researcher at NIST (National Institute of Standards and Technology),<\/li>\n<\/ul>\n","protected":false},"author":5,"featured_media":0,"parent":0,"menu_order":0,"comment_status":"closed","ping_status":"closed","template":"","meta":{"footnotes":""},"class_list":["post-10","page","type-page","status-publish","hentry"],"_links":{"self":[{"href":"https:\/\/members.loria.fr\/LCiarletta\/wp-json\/wp\/v2\/pages\/10","targetHints":{"allow":["GET"]}}],"collection":[{"href":"https:\/\/members.loria.fr\/LCiarletta\/wp-json\/wp\/v2\/pages"}],"about":[{"href":"https:\/\/members.loria.fr\/LCiarletta\/wp-json\/wp\/v2\/types\/page"}],"author":[{"embeddable":true,"href":"https:\/\/members.loria.fr\/LCiarletta\/wp-json\/wp\/v2\/users\/5"}],"replies":[{"embeddable":true,"href":"https:\/\/members.loria.fr\/LCiarletta\/wp-json\/wp\/v2\/comments?post=10"}],"version-history":[{"count":51,"href":"https:\/\/members.loria.fr\/LCiarletta\/wp-json\/wp\/v2\/pages\/10\/revisions"}],"predecessor-version":[{"id":310,"href":"https:\/\/members.loria.fr\/LCiarletta\/wp-json\/wp\/v2\/pages\/10\/revisions\/310"}],"wp:attachment":[{"href":"https:\/\/members.loria.fr\/LCiarletta\/wp-json\/wp\/v2\/media?parent=10"}],"curies":[{"name":"wp","href":"https:\/\/api.w.org\/{rel}","templated":true}]}}