{"id":1133,"date":"2025-11-07T18:24:10","date_gmt":"2025-11-07T16:24:10","guid":{"rendered":"https:\/\/members.loria.fr\/MAmblard\/?page_id=1133"},"modified":"2025-12-01T15:53:07","modified_gmt":"2025-12-01T13:53:07","slug":"insight","status":"publish","type":"page","link":"https:\/\/members.loria.fr\/MAmblard\/insight\/","title":{"rendered":"INSIGHT"},"content":{"rendered":"<h5 style=\"text-align: right\"><a href=\"https:\/\/www.univ-lorraine.fr\/isite-lorraine\/\">Initiative Excellence Lorraine<\/a><\/h5>\n<p style=\"text-align: right\"><a href=\"https:\/\/bul.univ-lorraine.fr\/index.php\/s\/oYtpdrE8gdNkRM9\">Consulter le projet scientifique INSIGHT en pdf<\/a><\/p>\n<p style=\"text-align: justify\">Le projet impact INSIGHT a pour ambition de stimuler une dynamique interdisciplinaire entre les domaines des Sciences humaines et sociales (SHS), des Arts, lettres et langues (ALL), et des Sciences juridiques, politiques, \u00e9conomiques et de gestion (SJPEG), en lien \u00e9troit avec les champs de l\u2019intelligence artificielle (IA) et du traitement automatique des langues (TAL \/ NLP). INSIGHT soutient des recherches s\u2019appuyant sur des donn\u00e9es en langue naturelle (corpus textuels, litt\u00e9raires, juridiques, conversationnels, oraux, etc.), permettant de croiser des m\u00e9thodologies issues des SHS \u00e9largies avec les outils et approches de l\u2019IA et du TAL.<\/p>\n<p style=\"text-align: justify\">Ce positionnement vise \u00e0 encourager des collaborations innovantes, au-del\u00e0 des bin\u00f4mes disciplinaires traditionnels, pour une approche v\u00e9ritablement interdisciplinaire des ph\u00e9nom\u00e8nes li\u00e9s au langage, aux textes et aux donn\u00e9es culturelles.<\/p>\n<p>&nbsp;<\/p>\n<h4><strong>Appels en cours<\/strong><\/h4>\n<ul>\n<li><a href=\"https:\/\/bul.univ-lorraine.fr\/index.php\/s\/2RpXPeWjKPJSqxY?dir=\/&amp;openfile=true\">Appel \u00e0 sujet de stage en 2026 : ici<\/a><\/li>\n<\/ul>\n<h4><strong>Projets financ\u00e9s<\/strong><\/h4>\n<ul>\n<li>Demi financement de th\u00e8se 2025-2028 (avec ENACT) : Margaux ADLOFF &#8211; AHP, LORIA et CREM<\/li>\n<li>Contrats courts de 6 mois\n<ul>\n<li>Charles GEORGE &#8211; projet Psyphine<\/li>\n<li>Ivan YAKUSHEV &#8211; Approches frugales en IA g\u00e9n\u00e9rative. Applications \u00e0 l\u2019art et au design<\/li>\n<\/ul>\n<\/li>\n<\/ul>\n<h2><\/h2>\n<p>&nbsp;<\/p>\n<h2>Kick-off meeting &#8211; 04 d\u00e9cembre 2025<\/h2>\n<h5><a href=\"https:\/\/enquetes.univ-lorraine.fr\/index.php\/727382?lang=fr\">Formulaire d&rsquo;inscription : ici<\/a><\/h5>\n<p>La journ\u00e9e se tiendra \u00e0 la maison de la recherche, 23 Rue Baron Louis<\/p>\n<h4>Programme de la journ\u00e9e<\/h4>\n<p><strong>9h00 \u2013 9h30 : Discours d\u2019introduction des instances<\/strong><\/p>\n<ul>\n<li>Alain Hehn, Vice-pr\u00e9sident du Conseil Scientifique, Universit\u00e9 de Lorraine<\/li>\n<li>Beno\u00eet Grasser, Vice-pr\u00e9sident adjoint \u00e0 la politique scientifique, Universit\u00e9 de Lorraine \u2013 Directeur ex\u00e9cutif de l\u2019Initiative d\u2019Excellence Lorraine<\/li>\n<li>J\u00e9r\u00f4me Dinet, Charg\u00e9 de mission IA, Universit\u00e9 de Lorraine<\/li>\n<li>Groupe EBRA \u2013 Responsable prospective m\u00e9dias | Futurs de l\u2019info, IA &amp; transformation digitale Groupe EBRA \u2013 Partenaire Insight<\/li>\n<li>Institut National des Jeunes Sourds, Metz<\/li>\n<li>Pr\u00e9sentation du projet INSIGHT : Maxime Amblard, Universit\u00e9 de Lorraine<\/li>\n<\/ul>\n<p><strong>9h30 \u2013 10h30 : Pr\u00e9sentation invit\u00e9e<\/strong><\/p>\n<ul>\n<li>Kar\u00ebn Fort (Universit\u00e9 de Lorraine &#8211; Loria) \u2013 <strong><em>Les enjeux \u00e9thiques de l\u2019IA vus depuis le traitement automatique des langues<\/em><\/strong><\/li>\n<\/ul>\n<p><em>En l&rsquo;espace de moins d&rsquo;une d\u00e9cennie, les grands mod\u00e8les de langues de type <\/em><em>ChatGPT<\/em><em> ont r\u00e9volutionn\u00e9 le domaine du traitement automatique<\/em><em> des langues. Ces mod\u00e8les ont non seulement submerg\u00e9 le domaine, mais \u00e9galement nos soci\u00e9t\u00e9s, avec des impacts auxquels il est urgent de s&rsquo;int\u00e9resser et qu&rsquo;il est imp\u00e9ratif de mesurer. Dans cette intervention, je pr\u00e9senterai les probl\u00e8mes r\u00e9els que posent <\/em><em>ces syst\u00e8mes, loin des pr\u00e9dictions de prise de pouvoir par l&rsquo;IA. Je montrerai \u00e9galement les diff\u00e9rents outils que nous avons d\u00e9velopp\u00e9s pour mieux \u00e9valuer les grands mod\u00e8les de langues et favoriser ainsi une prise de d\u00e9cision inform\u00e9e sur leur utilisation.<\/em><\/p>\n<p><strong>10h30 \u2013 11h00 : Pause<\/strong><\/p>\n<p><strong>11h00 \u2013 12h00 : Pr\u00e9sentation invit\u00e9e<\/strong><\/p>\n<ul>\n<li>Jean-Baptiste Camps (\u00c9cole nationale des chartes \u2013 PSL, ERC LostMa) \u2013 <strong><em>M\u00e9thodes computationnelles et manuscrits anciens<\/em><\/strong><\/li>\n<\/ul>\n<p><em>Cette pr\u00e9sentation abordera diff\u00e9rent cas o\u00f9 l&rsquo;intelligence artificielle et les m\u00e9thodes computationnelles (traitement automatique des langues,<\/em><em>\u00a0<\/em><em>vision par ordinateur, mod\u00e9lisation multi-agent) sont utilis\u00e9es pour<\/em><em>\u00a0<\/em><em>l&rsquo;\u00e9tude des manuscrits anciens, notamment ceux produits au cours du<\/em><em>\u00a0<\/em><em>Moyen \u00c2ge. On montrera comment ces m\u00e9thodes permettent, \u00e0 la fois, de<\/em><em>\u00a0<\/em><em>r\u00e9pondre \u00e0 des besoin<\/em><em>s<\/em><em> identifi\u00e9s de longue date (par exemple, la<\/em><em>\u00a0<\/em><em>transcription des manuscrits), mais aussi de<\/em><em>\u00a0<\/em><em>faire \u00e9merger de nouvelles<\/em><em>\u00a0<\/em><em>approches scientifiques, et ont le potentiel de transformer<\/em><em>\u00a0<\/em><em>notre<\/em><em>\u00a0<\/em><em>connaissance des cultures du pass\u00e9.<\/em><em>\u00a0<\/em><\/p>\n<p><strong>12h30 : D\u00e9jeuner<\/strong><\/p>\n<p><strong>14h00 \u2013 14h50 : Pr\u00e9sentation invit\u00e9e<\/strong><\/p>\n<ul>\n<li>Cl\u00e9ment Mabi (INSA Rennes &#8211; LFPC) \u2013 <strong><em>Faire de la recherche en SHS dans la fabrique de l\u2019IA : la responsabilit\u00e9 comme terrain commun<\/em><\/strong><\/li>\n<\/ul>\n<p><em>Cette conf\u00e9rence s\u2019app<\/em><em>uie sur les travaux de l\u2019\u00e9quipe-projet SIRA (Inria) et du Laboratoire de la Fabrique de Pens\u00e9e Critique (INSA Rennes), consacr\u00e9s \u00e0 l\u2019\u00e9tude de la fabrique de l\u2019IA responsable. En analysant des terrains vari\u00e9s \u2013 dispositifs d\u2019audit et d\u2019explicabilit\u00e9, exp\u00e9ri<\/em><em>mentations artistiques, usages sociaux des IA g\u00e9n\u00e9ratives \u2013, ces recherches montrent que la responsabilit\u00e9 ne rel\u00e8ve pas d\u2019un cadre \u00e9thique pr\u00e9\u00e9tabli, mais d\u2019un processus situ\u00e9, \u00e9labor\u00e9 dans les interactions entre acteurs techniques, juridiques et sociaux.<\/em><\/p>\n<p><em>Sur cette base, l\u2019intervention proposera une r\u00e9flexion sur les enseignements de la collaboration interdisciplinaire entre sciences humaines et sciences du num\u00e9rique. Elle <\/em><em>mettra en lumi\u00e8re la mani\u00e8re dont le travail sur des objets partag\u00e9s conduit \u00e0 reformuler les modes de production du savoir, les pratiques de conception et les cadres de responsabilit\u00e9, ouvrant ainsi la voie \u00e0 une v\u00e9ritable culture commune de la recherche.<\/em><\/p>\n<p><strong>14h50 \u2013 15h30 : Pr\u00e9sentation invit\u00e9e<\/strong><\/p>\n<ul>\n<li>Juliette Rouchier (CNRS &#8211; Centre Gilles Gaston Granger) \u2013 <strong><em>IA et SHS \/ IA ou SHS ?<\/em><\/strong><\/li>\n<\/ul>\n<p><em>La pr\u00e9sentation commencera par une observation de quelques usages de l\u2019IA qui laissent \u00e0 penser que la science (en g\u00e9n\u00e9ral) pourrait bient\u00f4t dispara\u00eetre comme activit\u00e9 humaine, en \u00e9voquant quelques \u00e9l\u00e9ments historiques pour <\/em><em>re-situer<\/em><em> la question. On \u00e9voquera rapidement <\/em><em>Prospero<\/em><em>, un anc\u00eatre oubli\u00e9 des IA g\u00e9n\u00e9ratives contemporain<\/em><em>es, \u00ab\u00a0sociologue artificiel\u00a0\u00bb, qui a \u00e9t\u00e9 utilis\u00e9 au d\u00e9but des ann\u00e9es 2000. L\u2019usage de l\u2019IA pr\u00e9sente un paradoxe : ces outils font \u00e0 la fois des erreurs grossi\u00e8res et montrent un manque de tabous parfois surprenant (et donc cr\u00e9atif) dans une p\u00e9riode de cens<\/em><em>ure intense de la pens\u00e9e. N\u00e9anmoins la propri\u00e9t\u00e9 m\u00eame de l\u2019IA contemporaine &#8211; l\u2019\u00e9crasement des singularit\u00e9s pour produire un discours moyen &#8211; est le contraire absolu de la pens\u00e9e critique, base des sciences sociales r\u00e9flexives. M\u00eame si quelques auteurs de <\/em><em>science-fiction<\/em><em> ont d\u00e9j\u00e0 pens\u00e9 \u00e0 des m\u00e9thodes pour compenser les d\u00e9fauts d\u2019une pens\u00e9e purement statistique, on voit le risque de reproduction des id\u00e9es re\u00e7ues, et la fin des ruptures \u00e9pist\u00e9mologiques, en particulier quand il s\u2019agit d\u2019observer le monde social.\u00a0<\/em><\/p>\n<p><strong>15h30 \u2013 16h00 : Pause<\/strong><\/p>\n<p><strong>16h00 \u2013 16h30 : Pr\u00e9sentation invit\u00e9e<\/strong><\/p>\n<ul>\n<li>Selma Demir (Universit\u00e9 de Lorraine \u2013 IFG) \u2013 <strong><em>L&rsquo;encadrement juridique des syst\u00e8mes d&rsquo;IA : un cadre l\u00e9gal en construction<\/em><\/strong><\/li>\n<\/ul>\n<p><em>\u00c0 la crois\u00e9e du droit de la responsabilit\u00e9, de la<\/em><em> protection des donn\u00e9es et de la r\u00e9gulation technologique, l\u2019Union europ\u00e9enne s\u2019est impos\u00e9e comme pionni\u00e8re dans l\u2019\u00e9laboration d\u2019un cadre juridique des syst\u00e8mes d\u2019IA en adoptant sa premi\u00e8re r\u00e8glementation fond\u00e9e sur une approche par les risques. Avec l\u2019AI <\/em><em>Act<\/em><em>, elle propose un mod\u00e8le visant \u00e0 concilier innovation et protection des droits fondamentaux, tout en garantissant t<\/em><em>ransparence, s\u00e9curit\u00e9 et \u00e9quit\u00e9. Si l\u2019initiative m\u00e9rite d\u2019\u00eatre salu\u00e9e, elle laisse n\u00e9anmoins subsister de nombreuses zones d\u2019ombre, qui n\u00e9cessitent une capacit\u00e9 d\u2019adaptation continue du droit face \u00e0 l\u2019\u00e9volution des syst\u00e8mes d\u2019IA ainsi que de leurs usages.\u00a0<\/em><\/p>\n<p><strong>16h30 \u2013 18h00 : D\u00e9monstrations et r\u00e9seautage<\/strong><\/p>\n<ul>\n<li>M\u00e9lodie Boillet, TEKLIA (https:\/\/teklia.com\/)<br \/>\n<em>L&rsquo;IA au service de l&rsquo;art et des SHS : plateformes open-source et projets de recherche en traitement de documents culturels et patrimoniaux.<\/em><\/li>\n<li>Baptiste Queuche, chef des projets Calfa (<a href=\"https:\/\/calfa.fr\/\"><u>https:\/\/calfa.fr\/<\/u><\/a>)\n<div><i>AI in rare languages and cultural heritage context : uses cases from Calfa<\/i><\/div>\n<\/li>\n<li>Yannis Addi, d\u00e9veloppeur de la plateforme Sematheque, Archives Henri-Poincar\u00e9.<br \/>\n<a href=\"https:\/\/sematheque.ahp-numerique.fr\/\">https:\/\/sematheque.ahp-numerique.fr<\/a><\/li>\n<li>Jonathan Perrinet : Mezanno : Des sources s\u00e9rielles aux donn\u00e9es structur\u00e9es pour les humanit\u00e9s num\u00e9riques<\/li>\n<li>Barbara Gendron, <em>Ontology-Driven Control of LLM-Based Conversational Agents\u00a0<\/em><\/li>\n<\/ul>\n<p><strong>17h30 : Cocktail de cl\u00f4ture<\/strong><\/p>\n<p>&nbsp;<\/p>\n<p>&nbsp;<\/p>\n","protected":false},"excerpt":{"rendered":"<p><a href=\"https:\/\/www.univ-lorraine.fr\/isite-lorraine\/\">Initiative Excellence Lorraine<\/a><\/p>\n<p style=\"text-align: right\"><a href=\"https:\/\/bul.univ-lorraine.fr\/index.php\/s\/oYtpdrE8gdNkRM9\">Consulter le projet scientifique INSIGHT en pdf<\/a><\/p>\n<p style=\"text-align: justify\">Le projet impact INSIGHT a pour ambition de stimuler une dynamique interdisciplinaire entre les domaines des Sciences humaines et sociales (SHS), des Arts, lettres et langues (ALL), et des Sciences juridiques, politiques, \u00e9conomiques et de gestion (SJPEG), en lien \u00e9troit avec les champs de l\u2019intelligence artificielle (IA) et du traitement automatique des langues (TAL \/ NLP). INSIGHT soutient des recherches s\u2019appuyant sur des donn\u00e9es en langue naturelle (corpus textuels, litt\u00e9raires, juridiques, conversationnels, oraux, etc.), permettant de croiser des m\u00e9thodologies issues des SHS \u00e9largies avec les outils et approches de l\u2019IA et du TAL.<\/p>\n","protected":false},"author":57,"featured_media":0,"parent":0,"menu_order":0,"comment_status":"closed","ping_status":"closed","template":"","meta":{"footnotes":""},"class_list":["post-1133","page","type-page","status-publish","hentry"],"_links":{"self":[{"href":"https:\/\/members.loria.fr\/MAmblard\/wp-json\/wp\/v2\/pages\/1133","targetHints":{"allow":["GET"]}}],"collection":[{"href":"https:\/\/members.loria.fr\/MAmblard\/wp-json\/wp\/v2\/pages"}],"about":[{"href":"https:\/\/members.loria.fr\/MAmblard\/wp-json\/wp\/v2\/types\/page"}],"author":[{"embeddable":true,"href":"https:\/\/members.loria.fr\/MAmblard\/wp-json\/wp\/v2\/users\/57"}],"replies":[{"embeddable":true,"href":"https:\/\/members.loria.fr\/MAmblard\/wp-json\/wp\/v2\/comments?post=1133"}],"version-history":[{"count":47,"href":"https:\/\/members.loria.fr\/MAmblard\/wp-json\/wp\/v2\/pages\/1133\/revisions"}],"predecessor-version":[{"id":1183,"href":"https:\/\/members.loria.fr\/MAmblard\/wp-json\/wp\/v2\/pages\/1133\/revisions\/1183"}],"wp:attachment":[{"href":"https:\/\/members.loria.fr\/MAmblard\/wp-json\/wp\/v2\/media?parent=1133"}],"curies":[{"name":"wp","href":"https:\/\/api.w.org\/{rel}","templated":true}]}}

<h5 style="text-align: right"><a href="https://www.univ-lorraine.fr/isite-lorraine/">Initiative Excellence Lorraine</a></h5>
<p style="text-align: right"><a href="https://bul.univ-lorraine.fr/index.php/s/oYtpdrE8gdNkRM9">Consulter le projet scientifique INSIGHT en pdf</a></p>
<p style="text-align: justify">Le projet impact INSIGHT a pour ambition de stimuler une dynamique interdisciplinaire entre les domaines des Sciences humaines et sociales (SHS), des Arts, lettres et langues (ALL), et des Sciences juridiques, politiques, économiques et de gestion (SJPEG), en lien étroit avec les champs de l’intelligence artificielle (IA) et du traitement automatique des langues (TAL / NLP). INSIGHT soutient des recherches s’appuyant sur des données en langue naturelle (corpus textuels, littéraires, juridiques, conversationnels, oraux, etc.), permettant de croiser des méthodologies issues des SHS élargies avec les outils et approches de l’IA et du TAL.</p>
<p style="text-align: justify">Ce positionnement vise à encourager des collaborations innovantes, au-delà des binômes disciplinaires traditionnels, pour une approche véritablement interdisciplinaire des phénomènes liés au langage, aux textes et aux données culturelles.</p>
<p>&nbsp;</p>
<h4><strong>Appels en cours</strong></h4>
<ul>
<li><a href="https://bul.univ-lorraine.fr/index.php/s/2RpXPeWjKPJSqxY?dir=/&amp;openfile=true">Appel à sujet de stage en 2026 : ici</a></li>
</ul>
<h4><strong>Projets financés</strong></h4>
<ul>
<li>Demi financement de thèse 2025-2028 (avec ENACT) : Margaux ADLOFF &#8211; AHP, LORIA et CREM</li>
<li>Contrats courts de 6 mois
<ul>
<li>Charles GEORGE &#8211; projet Psyphine</li>
<li>Ivan YAKUSHEV &#8211; Approches frugales en IA générative. Applications à l’art et au design</li>
</ul>
</li>
</ul>
<h2></h2>
<p>&nbsp;</p>
<h2>Kick-off meeting &#8211; 04 décembre 2025</h2>
<h5><a href="https://enquetes.univ-lorraine.fr/index.php/727382?lang=fr">Formulaire d&rsquo;inscription : ici</a></h5>
<p>La journée se tiendra à la maison de la recherche, 23 Rue Baron Louis</p>
<h4>Programme de la journée</h4>
<p><strong>9h00 – 9h30 : Discours d’introduction des instances</strong></p>
<ul>
<li>Alain Hehn, Vice-président du Conseil Scientifique, Université de Lorraine</li>
<li>Benoît Grasser, Vice-président adjoint à la politique scientifique, Université de Lorraine – Directeur exécutif de l’Initiative d’Excellence Lorraine</li>
<li>Jérôme Dinet, Chargé de mission IA, Université de Lorraine</li>
<li>Groupe EBRA – Responsable prospective médias | Futurs de l’info, IA &amp; transformation digitale Groupe EBRA – Partenaire Insight</li>
<li>Institut National des Jeunes Sourds, Metz</li>
<li>Présentation du projet INSIGHT : Maxime Amblard, Université de Lorraine</li>
</ul>
<p><strong>9h30 – 10h30 : Présentation invitée</strong></p>
<ul>
<li>Karën Fort (Université de Lorraine &#8211; Loria) – <strong><em>Les enjeux éthiques de l’IA vus depuis le traitement automatique des langues</em></strong></li>
</ul>
<p><em>En l&rsquo;espace de moins d&rsquo;une décennie, les grands modèles de langues de type </em><em>ChatGPT</em><em> ont révolutionné le domaine du traitement automatique</em><em> des langues. Ces modèles ont non seulement submergé le domaine, mais également nos sociétés, avec des impacts auxquels il est urgent de s&rsquo;intéresser et qu&rsquo;il est impératif de mesurer. Dans cette intervention, je présenterai les problèmes réels que posent </em><em>ces systèmes, loin des prédictions de prise de pouvoir par l&rsquo;IA. Je montrerai également les différents outils que nous avons développés pour mieux évaluer les grands modèles de langues et favoriser ainsi une prise de décision informée sur leur utilisation.</em></p>
<p><strong>10h30 – 11h00 : Pause</strong></p>
<p><strong>11h00 – 12h00 : Présentation invitée</strong></p>
<ul>
<li>Jean-Baptiste Camps (École nationale des chartes – PSL, ERC LostMa) – <strong><em>Méthodes computationnelles et manuscrits anciens</em></strong></li>
</ul>
<p><em>Cette présentation abordera différent cas où l&rsquo;intelligence artificielle et les méthodes computationnelles (traitement automatique des langues,</em><em> </em><em>vision par ordinateur, modélisation multi-agent) sont utilisées pour</em><em> </em><em>l&rsquo;étude des manuscrits anciens, notamment ceux produits au cours du</em><em> </em><em>Moyen Âge. On montrera comment ces méthodes permettent, à la fois, de</em><em> </em><em>répondre à des besoin</em><em>s</em><em> identifiés de longue date (par exemple, la</em><em> </em><em>transcription des manuscrits), mais aussi de</em><em> </em><em>faire émerger de nouvelles</em><em> </em><em>approches scientifiques, et ont le potentiel de transformer</em><em> </em><em>notre</em><em> </em><em>connaissance des cultures du passé.</em><em> </em></p>
<p><strong>12h30 : Déjeuner</strong></p>
<p><strong>14h00 – 14h50 : Présentation invitée</strong></p>
<ul>
<li>Clément Mabi (INSA Rennes &#8211; LFPC) – <strong><em>Faire de la recherche en SHS dans la fabrique de l’IA : la responsabilité comme terrain commun</em></strong></li>
</ul>
<p><em>Cette conférence s’app</em><em>uie sur les travaux de l’équipe-projet SIRA (Inria) et du Laboratoire de la Fabrique de Pensée Critique (INSA Rennes), consacrés à l’étude de la fabrique de l’IA responsable. En analysant des terrains variés – dispositifs d’audit et d’explicabilité, expéri</em><em>mentations artistiques, usages sociaux des IA génératives –, ces recherches montrent que la responsabilité ne relève pas d’un cadre éthique préétabli, mais d’un processus situé, élaboré dans les interactions entre acteurs techniques, juridiques et sociaux.</em></p>
<p><em>Sur cette base, l’intervention proposera une réflexion sur les enseignements de la collaboration interdisciplinaire entre sciences humaines et sciences du numérique. Elle </em><em>mettra en lumière la manière dont le travail sur des objets partagés conduit à reformuler les modes de production du savoir, les pratiques de conception et les cadres de responsabilité, ouvrant ainsi la voie à une véritable culture commune de la recherche.</em></p>
<p><strong>14h50 – 15h30 : Présentation invitée</strong></p>
<ul>
<li>Juliette Rouchier (CNRS &#8211; Centre Gilles Gaston Granger) – <strong><em>IA et SHS / IA ou SHS ?</em></strong></li>
</ul>
<p><em>La présentation commencera par une observation de quelques usages de l’IA qui laissent à penser que la science (en général) pourrait bientôt disparaître comme activité humaine, en évoquant quelques éléments historiques pour </em><em>re-situer</em><em> la question. On évoquera rapidement </em><em>Prospero</em><em>, un ancêtre oublié des IA génératives contemporain</em><em>es, « sociologue artificiel », qui a été utilisé au début des années 2000. L’usage de l’IA présente un paradoxe : ces outils font à la fois des erreurs grossières et montrent un manque de tabous parfois surprenant (et donc créatif) dans une période de cens</em><em>ure intense de la pensée. Néanmoins la propriété même de l’IA contemporaine &#8211; l’écrasement des singularités pour produire un discours moyen &#8211; est le contraire absolu de la pensée critique, base des sciences sociales réflexives. Même si quelques auteurs de </em><em>science-fiction</em><em> ont déjà pensé à des méthodes pour compenser les défauts d’une pensée purement statistique, on voit le risque de reproduction des idées reçues, et la fin des ruptures épistémologiques, en particulier quand il s’agit d’observer le monde social. </em></p>
<p><strong>15h30 – 16h00 : Pause</strong></p>
<p><strong>16h00 – 16h30 : Présentation invitée</strong></p>
<ul>
<li>Selma Demir (Université de Lorraine – IFG) – <strong><em>L&rsquo;encadrement juridique des systèmes d&rsquo;IA : un cadre légal en construction</em></strong></li>
</ul>
<p><em>À la croisée du droit de la responsabilité, de la</em><em> protection des données et de la régulation technologique, l’Union européenne s’est imposée comme pionnière dans l’élaboration d’un cadre juridique des systèmes d’IA en adoptant sa première règlementation fondée sur une approche par les risques. Avec l’AI </em><em>Act</em><em>, elle propose un modèle visant à concilier innovation et protection des droits fondamentaux, tout en garantissant t</em><em>ransparence, sécurité et équité. Si l’initiative mérite d’être saluée, elle laisse néanmoins subsister de nombreuses zones d’ombre, qui nécessitent une capacité d’adaptation continue du droit face à l’évolution des systèmes d’IA ainsi que de leurs usages. </em></p>
<p><strong>16h30 – 18h00 : Démonstrations et réseautage</strong></p>
<ul>
<li>Mélodie Boillet, TEKLIA (https://teklia.com/)<br />
<em>L&rsquo;IA au service de l&rsquo;art et des SHS : plateformes open-source et projets de recherche en traitement de documents culturels et patrimoniaux.</em></li>
<li>Baptiste Queuche, chef des projets Calfa (<a href="https://calfa.fr/"><u>https://calfa.fr/</u></a>)
<div><i>AI in rare languages and cultural heritage context : uses cases from Calfa</i></div>
</li>
<li>Yannis Addi, développeur de la plateforme Sematheque, Archives Henri-Poincaré.<br />
<a href="https://sematheque.ahp-numerique.fr/">https://sematheque.ahp-numerique.fr</a></li>
<li>Jonathan Perrinet : Mezanno : Des sources sérielles aux données structurées pour les humanités numériques</li>
<li>Barbara Gendron, <em>Ontology-Driven Control of LLM-Based Conversational Agents </em></li>
</ul>
<p><strong>17h30 : Cocktail de clôture</strong></p>
<p>&nbsp;</p>
<p>&nbsp;</p>

<p><a href="https://www.univ-lorraine.fr/isite-lorraine/">Initiative Excellence Lorraine</a></p>
<p style="text-align: right"><a href="https://bul.univ-lorraine.fr/index.php/s/oYtpdrE8gdNkRM9">Consulter le projet scientifique INSIGHT en pdf</a></p>
<p style="text-align: justify">Le projet impact INSIGHT a pour ambition de stimuler une dynamique interdisciplinaire entre les domaines des Sciences humaines et sociales (SHS), des Arts, lettres et langues (ALL), et des Sciences juridiques, politiques, économiques et de gestion (SJPEG), en lien étroit avec les champs de l’intelligence artificielle (IA) et du traitement automatique des langues (TAL / NLP). INSIGHT soutient des recherches s’appuyant sur des données en langue naturelle (corpus textuels, littéraires, juridiques, conversationnels, oraux, etc.), permettant de croiser des méthodologies issues des SHS élargies avec les outils et approches de l’IA et du TAL.</p>
