{"id":648,"date":"2018-11-13T12:24:24","date_gmt":"2018-11-13T10:24:24","guid":{"rendered":"http:\/\/members.loria.fr\/MAmblard\/?page_id=648"},"modified":"2021-04-16T16:36:38","modified_gmt":"2021-04-16T14:36:38","slug":"master-tal","status":"publish","type":"page","link":"https:\/\/members.loria.fr\/MAmblard\/master-tal\/","title":{"rendered":"Master TAL"},"content":{"rendered":"<h4>Informations g\u00e9n\u00e9rales : <a href=\"http:\/\/idmc.univ-lorraine.fr\/nlp\/\">toutes les informations ici<\/a><\/h4>\n<h5><a href=\"http:\/\/members.loria.fr\/MAmblard\/wp-content\/blogs.dir\/74\/files\/sites\/74\/2021\/04\/logo.png\"><img loading=\"lazy\" decoding=\"async\" class=\"size-medium wp-image-958 alignleft\" src=\"http:\/\/members.loria.fr\/MAmblard\/wp-content\/blogs.dir\/74\/files\/sites\/74\/2021\/04\/logo-266x300.png\" alt=\"\" width=\"266\" height=\"300\" srcset=\"https:\/\/members.loria.fr\/MAmblard\/wp-content\/blogs.dir\/74\/files\/sites\/74\/2021\/04\/logo-266x300.png 266w, https:\/\/members.loria.fr\/MAmblard\/wp-content\/blogs.dir\/74\/files\/sites\/74\/2021\/04\/logo-908x1024.png 908w, https:\/\/members.loria.fr\/MAmblard\/wp-content\/blogs.dir\/74\/files\/sites\/74\/2021\/04\/logo-768x866.png 768w, https:\/\/members.loria.fr\/MAmblard\/wp-content\/blogs.dir\/74\/files\/sites\/74\/2021\/04\/logo.png 1064w\" sizes=\"auto, (max-width: 266px) 100vw, 266px\" \/><\/a>Qu&rsquo;est-ce que le TAL ?<\/h5>\n<p>TAL signifie Traitement Automatique des Langues (ou Natural Language Processing en anglais). La th\u00e9matique est celle du traitement des donn\u00e9es langagi\u00e8res avec l\u2019informatique.<\/p>\n<p>Nous produisons collectivement des volumes de donn\u00e9es langagi\u00e8res toujours plus grands au point qu\u2019il est n\u00e9cessaire de disposer de solutions automatiques. Ici, cela concerne tout autant la parole, le texte que la connaissance. Les \u00e9tudiants se sp\u00e9cialisent en informatique et en linguistique afin de faire dialoguer ces deux disciplines qui entretiennent des relations anciennes.<\/p>\n<p>La langue nous servant tout autant \u00e0 communiquer qu\u2019\u00e0 structurer notre pens\u00e9e, nous aimerions avoir des outils permettant d\u2019aider l\u2019inter-compr\u00e9hension ou encore capables d\u2019extraire des connaissances, ou de suppl\u00e9er des d\u00e9ficiences de communication.<\/p>\n<h5>Pourquoi faire un master TAL \u00e0 l&rsquo;Universit\u00e9 de Lorraine ?<\/h5>\n<p>Parce que l\u2019Universit\u00e9 de Lorraine dispose d\u2019un potentiel unique en France sur la th\u00e9matique !<br \/>\nDu c\u00f4t\u00e9 enseignement, le master est ancr\u00e9 dans les formations pluridisciplinaires en informatique et math\u00e9matique ouvertes sur les SHS et cela depuis plus 15 ans \u00e0 l\u2019IDMC.<br \/>\nDu c\u00f4t\u00e9 recherche on trouve deux laboratoires UMR et un EPST dont c\u2019est l\u2019une des probl\u00e9matiques : en informatique avec le Loria et Inria Nancy Grand Est ; et en linguistique avec l\u2019ATILF. Il existe une dynamique et une reconnaissance nationale et internationale de la qualit\u00e9 de la recherche qui y est port\u00e9e. En plus, l\u2019Universit\u00e9 de Lorraine accueille des \u00e9quipements d\u2019excellence comme Ortolang. L\u2019environnement est d\u2019autant plus riche qu\u2019on retrouve des partenaires naturels comme l\u2019INIST ou la MSH-L.<\/p>\n<p>Parce qu\u2019aussi nous proposons une formation unique en France en Europe.<br \/>\nUnique en France parce que le master est ouvert sur l\u2019ensemble du traitement des donn\u00e9es langagi\u00e8res en incluant la parole, le texte et la connaissance. Cette ouverture implique dans le cursus le d\u00e9veloppement de comp\u00e9tences autant sur les donn\u00e9es de l\u2019oral que de la connaissance, en passant par les donn\u00e9es textuelles, en utilisant des th\u00e9ories et des technologies num\u00e9riques et symboliques, \u00e0 commencer par les derniers d\u00e9veloppements en IA. De plus certains nous offrons la possibilit\u00e9 de suivre suivent la formation avec un cursus en alternance, ce qui permet de passer rapidement de la th\u00e9orie \u00e0 la pratique.<\/p>\n<p>Unique en Europe parce que la formation est int\u00e9gralement dispens\u00e9e en anglais ce qui lui permet d\u2019accueillir des \u00e9tudiants du monde entier. Le master int\u00e8gre \u00e9galement des \u00e9tudiants de l\u2019Erasmus Mundus Language and Communication Technologies (LCT). C\u2019est v\u00e9ritablement l\u2019opportunit\u00e9 de d\u00e9couvrir de nombreuses cultures tout en partageant un objectif scientifique avec ses condisciples.<\/p>\n<h5>Quel sont les profils vis\u00e9s ?<\/h5>\n<p>Le programme est fait pour que se rencontrent des profils diff\u00e9rents et que les parcours se construisent tout autant vers la recherche que vers les entreprises. Si ces deux perspectives ont des finalit\u00e9s diff\u00e9rentes, elles partagent en particulier sur les questions d\u2019IA beaucoup de probl\u00e9matiques. Nous nous assurons donc que les questions et m\u00e9thodologies tant de la recherche que celles des vis\u00e9es d\u2019applications aient \u00e9t\u00e9 approch\u00e9es, dans la construction d&rsquo;une culture interdisciplinaire commune. L\u2019organisation de la formation avec plusieurs projets permet la ma\u00eetrise effective des th\u00e9ories et d\u00e9veloppe leur capacit\u00e9 d\u2019innovation.<\/p>\n<p>Nous avons plusieurs profils de formation initial vis\u00e9 : en linguistique, en informatique ou en math\u00e9matiques et intelligence artificielle. Gr\u00e2ce au travail de la Direction de production audiovisuelle et multim\u00e9dia, nous avons pu donner la parole aux \u00e9tudiants de la formation qui sont certainement nos meilleurs ambassadeurs. <a href=\"http:\/\/idmc.univ-lorraine.fr\/nlp\/\">\u00c0 vous de voir !<\/a><\/p>\n<p>&nbsp;<\/p>\n<p>&nbsp;<\/p>\n<p><a href=\"http:\/\/members.loria.fr\/MAmblard\/wp-content\/blogs.dir\/74\/files\/sites\/74\/2018\/11\/MasterTAL.pdf\">Pr\u00e9sentation acad\u00e9mique du master TAL<\/a><\/p>\n<p>&nbsp;<\/p>\n","protected":false},"excerpt":{"rendered":"<p>Informations g\u00e9n\u00e9rales : <a href=\"http:\/\/idmc.univ-lorraine.fr\/nlp\/\">toutes les informations ici<\/a><br \/>\n<a href=\"http:\/\/members.loria.fr\/MAmblard\/wp-content\/blogs.dir\/74\/files\/sites\/74\/2021\/04\/logo.png\"><img loading=\"lazy\" decoding=\"async\" class=\"size-medium wp-image-958 alignleft\" src=\"http:\/\/members.loria.fr\/MAmblard\/wp-content\/blogs.dir\/74\/files\/sites\/74\/2021\/04\/logo-266x300.png\" alt=\"\" width=\"266\" height=\"300\" srcset=\"https:\/\/members.loria.fr\/MAmblard\/wp-content\/blogs.dir\/74\/files\/sites\/74\/2021\/04\/logo-266x300.png 266w, https:\/\/members.loria.fr\/MAmblard\/wp-content\/blogs.dir\/74\/files\/sites\/74\/2021\/04\/logo-908x1024.png 908w, https:\/\/members.loria.fr\/MAmblard\/wp-content\/blogs.dir\/74\/files\/sites\/74\/2021\/04\/logo-768x866.png 768w, https:\/\/members.loria.fr\/MAmblard\/wp-content\/blogs.dir\/74\/files\/sites\/74\/2021\/04\/logo.png 1064w\" sizes=\"auto, (max-width: 266px) 100vw, 266px\" \/><\/a>Qu&rsquo;est-ce que le TAL ?<\/p>\n<p>TAL signifie Traitement Automatique des Langues (ou Natural Language Processing en anglais). La th\u00e9matique est celle du traitement des donn\u00e9es langagi\u00e8res avec l\u2019informatique.<\/p>\n<p>Nous produisons collectivement des volumes de donn\u00e9es langagi\u00e8res toujours plus grands au point qu\u2019il est n\u00e9cessaire de disposer de solutions automatiques. Ici, cela concerne tout autant la parole, le texte que la connaissance. Les \u00e9tudiants se sp\u00e9cialisent en informatique et en linguistique afin de faire dialoguer ces deux disciplines qui entretiennent des relations anciennes.<\/p>\n<p>La langue nous servant tout autant \u00e0 communiquer qu\u2019\u00e0 structurer notre pens\u00e9e,<\/p>\n","protected":false},"author":57,"featured_media":0,"parent":0,"menu_order":0,"comment_status":"closed","ping_status":"closed","template":"","meta":{"footnotes":""},"class_list":["post-648","page","type-page","status-publish","hentry"],"_links":{"self":[{"href":"https:\/\/members.loria.fr\/MAmblard\/wp-json\/wp\/v2\/pages\/648","targetHints":{"allow":["GET"]}}],"collection":[{"href":"https:\/\/members.loria.fr\/MAmblard\/wp-json\/wp\/v2\/pages"}],"about":[{"href":"https:\/\/members.loria.fr\/MAmblard\/wp-json\/wp\/v2\/types\/page"}],"author":[{"embeddable":true,"href":"https:\/\/members.loria.fr\/MAmblard\/wp-json\/wp\/v2\/users\/57"}],"replies":[{"embeddable":true,"href":"https:\/\/members.loria.fr\/MAmblard\/wp-json\/wp\/v2\/comments?post=648"}],"version-history":[{"count":14,"href":"https:\/\/members.loria.fr\/MAmblard\/wp-json\/wp\/v2\/pages\/648\/revisions"}],"predecessor-version":[{"id":961,"href":"https:\/\/members.loria.fr\/MAmblard\/wp-json\/wp\/v2\/pages\/648\/revisions\/961"}],"wp:attachment":[{"href":"https:\/\/members.loria.fr\/MAmblard\/wp-json\/wp\/v2\/media?parent=648"}],"curies":[{"name":"wp","href":"https:\/\/api.w.org\/{rel}","templated":true}]}}