{"id":10,"date":"2015-06-15T10:23:49","date_gmt":"2015-06-15T08:23:49","guid":{"rendered":"http:\/\/members.loria.fr\/thierrygartiser\/?page_id=10"},"modified":"2026-02-26T18:22:52","modified_gmt":"2026-02-26T16:22:52","slug":"cv","status":"publish","type":"page","link":"https:\/\/members.loria.fr\/MCousin\/cv\/","title":{"rendered":"CV"},"content":{"rendered":"<h4 class=\"cv\">Formation<\/h4>\n<ul>\n<li class=\"p1\">Octobre 2022 &#8211; Aujourd\u2019hui : <strong>Doctorat en Informatique<\/strong><br \/>\n<em>Universit\u00e9 de Lorraine, LORIA<\/em>, <em>Nancy, France<\/em><br \/>\nSous la direction de Dr. Philippe de Groote et Dr. Sylvain Pogodalla<br \/>\nMod\u00e9lisation de paraphrase dans les grammaires cat\u00e9gorielles abstraites<\/li>\n<li>Octobre 2021 &#8211; F\u00e9vrier 2022 : <strong>Master Logic &amp; Computation<\/strong>, mention Tr\u00e8s Bien<br \/>\n<em>Technische Universit\u00e4t Wien, Vienne, Autriche<\/em><br \/>\nSemestre Erasmus<\/li>\n<li>2019 &#8211; 2022 :<strong> Dipl\u00f4me d\u2019Ing\u00e9nieur Ensimag<\/strong>, mention Tr\u00e8s Bien<br \/>\n<em>Genoble INP &#8211; Ensimag, Genoble, France<\/em><br \/>\nM\u00e9moire M2 : G\u00e9n\u00e9ration de texte avec les grammaires cat\u00e9gorielles abstraites et la th\u00e9orie sens-texte<\/li>\n<li>2017 &#8211; 2019 : <strong>Classes Pr\u00e9paratoires aux Grandes \u00c9coles (CPGE) : MPSI\/MP*<\/strong><br \/>\n<em>Lyc\u00e9e Fabert, Metz, France<\/em><\/li>\n<\/ul>\n<h4 class=\"cv\">Exp\u00e9riences professionnelles<\/h4>\n<ul>\n<li class=\"p1\">Mars 2022 &#8211; Ao\u00fbt 2022 : <strong>Stage de recherche (Master 2)<\/strong><br \/>\n<em>Laboratoire LORIA, \u00c9quipe S\u00e9magramme, Nancy, France<\/em><br \/>\nG\u00e9n\u00e9ration de texte avec les grammaires cat\u00e9gorielles abstraites et la th\u00e9orie sens-texte<\/li>\n<li>Juin 2021 &#8211; Juillet 2021 : <strong>Stage Assistant Ing\u00e9nieur (Master 1)<\/strong><br \/>\n<em>iWE, Biot, France<\/em><br \/>\nD\u00e9veloppement web<\/li>\n<\/ul>\n<h4><\/h4>\n<p><a href=\"https:\/\/members.loria.fr\/MCousin\/files\/CV-mc-fr.pdf\"> Mon CV<\/a> (modifi\u00e9 en f\u00e9vrier 2026)<\/p>\n","protected":false},"excerpt":{"rendered":"<p>Formation<\/p>\n<ul>\n<li class=\"p1\">Octobre 2022 &#8211; Aujourd\u2019hui : Doctorat en Informatique<br \/>\n<em>Universit\u00e9 de Lorraine, LORIA<\/em>, <em>Nancy, France<\/em><br \/>\nSous la direction de Dr. Philippe de Groote et Dr. Sylvain Pogodalla<br \/>\nMod\u00e9lisation de paraphrase dans les grammaires cat\u00e9gorielles abstraites<\/li>\n<li>Octobre 2021 &#8211; F\u00e9vrier 2022 : Master Logic &amp; Computation, mention Tr\u00e8s Bien<br \/>\n<em>Technische Universit\u00e4t Wien, Vienne, Autriche<\/em><br \/>\nSemestre Erasmus<\/li>\n<li>2019 &#8211; 2022 : Dipl\u00f4me d\u2019Ing\u00e9nieur Ensimag, mention Tr\u00e8s Bien<br \/>\n<em>Genoble INP &#8211; Ensimag, Genoble, France<\/em><br \/>\nM\u00e9moire M2 : G\u00e9n\u00e9ration de texte avec les grammaires cat\u00e9gorielles abstraites et la th\u00e9orie sens-texte<\/li>\n<li>2017 &#8211;<\/li>\n<\/ul>\n","protected":false},"author":5,"featured_media":0,"parent":0,"menu_order":0,"comment_status":"closed","ping_status":"closed","template":"","meta":{"footnotes":""},"class_list":["post-10","page","type-page","status-publish","hentry"],"_links":{"self":[{"href":"https:\/\/members.loria.fr\/MCousin\/wp-json\/wp\/v2\/pages\/10","targetHints":{"allow":["GET"]}}],"collection":[{"href":"https:\/\/members.loria.fr\/MCousin\/wp-json\/wp\/v2\/pages"}],"about":[{"href":"https:\/\/members.loria.fr\/MCousin\/wp-json\/wp\/v2\/types\/page"}],"author":[{"embeddable":true,"href":"https:\/\/members.loria.fr\/MCousin\/wp-json\/wp\/v2\/users\/5"}],"replies":[{"embeddable":true,"href":"https:\/\/members.loria.fr\/MCousin\/wp-json\/wp\/v2\/comments?post=10"}],"version-history":[{"count":63,"href":"https:\/\/members.loria.fr\/MCousin\/wp-json\/wp\/v2\/pages\/10\/revisions"}],"predecessor-version":[{"id":505,"href":"https:\/\/members.loria.fr\/MCousin\/wp-json\/wp\/v2\/pages\/10\/revisions\/505"}],"wp:attachment":[{"href":"https:\/\/members.loria.fr\/MCousin\/wp-json\/wp\/v2\/media?parent=10"}],"curies":[{"name":"wp","href":"https:\/\/api.w.org\/{rel}","templated":true}]}}