{"id":2,"date":"2015-05-29T08:48:00","date_gmt":"2015-05-29T07:48:00","guid":{"rendered":"http:\/\/members.loria.fr\/thierrygartiser\/?page_id=2"},"modified":"2025-03-10T18:17:13","modified_gmt":"2025-03-10T16:17:13","slug":"perso","status":"publish","type":"page","link":"https:\/\/members.loria.fr\/MCousin\/perso\/","title":{"rendered":"Perso"},"content":{"rendered":"<h5>Langues<\/h5>\n<ul>\n<li>Fran\u00e7ais : langue maternelle<\/li>\n<li>Allemand : niveau C1 (Abitur 2017)<\/li>\n<li>Anglais : niveau C1 (TOEIC 2021 : 960\/990)<\/li>\n<li>Espagnol : niveau A1<\/li>\n<\/ul>\n<h5>R\u00e9seaux sociaux<\/h5>\n<ul>\n<li>LinkedIn : <a href=\"https:\/\/www.linkedin.com\/in\/marie-cousin-b58508196\/\">marie-cousin<\/a><\/li>\n<li>CV HAL : <a href=\"https:\/\/cv.hal.science\/marie-cousin\">marie-cousin<\/a><\/li>\n<\/ul>\n<h5>Centres d&rsquo;int\u00e9r\u00eat<\/h5>\n<p>Je suis passionn\u00e9e de tricot et de lecture. J&rsquo;adore discuter autout d&rsquo;un th\u00e9 avec mon projet trictot en cours.<br \/>\nJ&rsquo;aime beaucoup la musique. Je fais \u00e9galement de la fl\u00fbte traversi\u00e8re depuis 2006.<\/p>\n<p>&nbsp;<\/p>\n","protected":false},"excerpt":{"rendered":"<p>Langues<\/p>\n<ul>\n<li>Fran\u00e7ais : langue maternelle<\/li>\n<li>Allemand : niveau C1 (Abitur 2017)<\/li>\n<li>Anglais : niveau C1 (TOEIC 2021 : 960\/990)<\/li>\n<li>Espagnol : niveau A1<\/li>\n<\/ul>\n<p>R\u00e9seaux sociaux<\/p>\n<ul>\n<li>LinkedIn : <a href=\"https:\/\/www.linkedin.com\/in\/marie-cousin-b58508196\/\">marie-cousin<\/a><\/li>\n<li>CV HAL : <a href=\"https:\/\/cv.hal.science\/marie-cousin\">marie-cousin<\/a><\/li>\n<\/ul>\n<p>Centres d&rsquo;int\u00e9r\u00eat<\/p>\n<p>Je suis passionn\u00e9e de tricot et de lecture. J&rsquo;adore discuter autout d&rsquo;un th\u00e9 avec mon projet trictot en cours.<br \/>\nJ&rsquo;aime beaucoup la musique. Je fais \u00e9galement de la fl\u00fbte traversi\u00e8re depuis 2006.<\/p>\n<p>&nbsp;<\/p>\n","protected":false},"author":5,"featured_media":0,"parent":0,"menu_order":0,"comment_status":"closed","ping_status":"closed","template":"","meta":{"footnotes":""},"class_list":["post-2","page","type-page","status-publish","hentry"],"_links":{"self":[{"href":"https:\/\/members.loria.fr\/MCousin\/wp-json\/wp\/v2\/pages\/2","targetHints":{"allow":["GET"]}}],"collection":[{"href":"https:\/\/members.loria.fr\/MCousin\/wp-json\/wp\/v2\/pages"}],"about":[{"href":"https:\/\/members.loria.fr\/MCousin\/wp-json\/wp\/v2\/types\/page"}],"author":[{"embeddable":true,"href":"https:\/\/members.loria.fr\/MCousin\/wp-json\/wp\/v2\/users\/5"}],"replies":[{"embeddable":true,"href":"https:\/\/members.loria.fr\/MCousin\/wp-json\/wp\/v2\/comments?post=2"}],"version-history":[{"count":19,"href":"https:\/\/members.loria.fr\/MCousin\/wp-json\/wp\/v2\/pages\/2\/revisions"}],"predecessor-version":[{"id":438,"href":"https:\/\/members.loria.fr\/MCousin\/wp-json\/wp\/v2\/pages\/2\/revisions\/438"}],"wp:attachment":[{"href":"https:\/\/members.loria.fr\/MCousin\/wp-json\/wp\/v2\/media?parent=2"}],"curies":[{"name":"wp","href":"https:\/\/api.w.org\/{rel}","templated":true}]}}