{"id":22,"date":"2015-06-15T11:01:33","date_gmt":"2015-06-15T09:01:33","guid":{"rendered":"http:\/\/members.loria.fr\/thierrygartiser\/?page_id=22"},"modified":"2016-09-16T19:39:58","modified_gmt":"2016-09-16T17:39:58","slug":"projets","status":"publish","type":"page","link":"https:\/\/members.loria.fr\/MGautier\/projets\/","title":{"rendered":"artEoz"},"content":{"rendered":"<p><strong>artEoz<\/strong> est une plateforme d\u00e9di\u00e9e \u00e0 l\u2019enseignement de la programmation permettant de visualiser l\u2019\u00e9tat de la m\u00e9moire lors de l\u2019ex\u00e9cution d\u2019un programme \u00e9crit en Java ou en Python.<\/p>\n<p>Son objectif principal est de mettre en images les paradigmes de la programmation objet, allant de la d\u00e9claration de variable \u00e0 l\u2019instanciation et l&rsquo;utilisation des objets. La compr\u00e9hension de l\u2019effet des instructions passe par la construction d\u2019une repr\u00e9sentation de ce qui se passe en m\u00e9moire centrale.<\/p>\n<p>Le logiciel artEoz a \u00e9t\u00e9 d\u00e9pos\u00e9 le 22 novembre 2012 \u00e0 l\u2019Agence de Protection des Programmes (APP). Il est la propri\u00e9t\u00e9 de l\u2019Universit\u00e9 de Lorraine.<\/p>\n<p>Il a \u00e9t\u00e9 con\u00e7u et d\u00e9velopp\u00e9 par Martine Gautier et Brigitte Wrobel-Dautcourt, enseignants-chercheurs au D\u00e9partement informatique de la Facult\u00e9 des Sciences et Technologies \u2013 Universit\u00e9 de Lorraine \/ Loria.<\/p>\n<p>Il est prot\u00e9g\u00e9 par une licence d\u2019utilisation.<\/p>\n<p>Il peut \u00eatre t\u00e9l\u00e9charg\u00e9 gratuitement depuis son site web \u00e0 condition de l\u2019utiliser dans un cadre acad\u00e9mique.<\/p>\n<p><a href=\"http:\/\/artEoz.loria.fr\" target=\"_blank\">Site web artEoz<\/a><\/p>\n","protected":false},"excerpt":{"rendered":"<p>artEoz est une plateforme d\u00e9di\u00e9e \u00e0 l\u2019enseignement de la programmation permettant de visualiser l\u2019\u00e9tat de la m\u00e9moire lors de l\u2019ex\u00e9cution d\u2019un programme \u00e9crit en Java ou en Python.<\/p>\n<p>Son objectif principal est de mettre en images les paradigmes de la programmation objet, allant de la d\u00e9claration de variable \u00e0 l\u2019instanciation et l&rsquo;utilisation des objets. La compr\u00e9hension de l\u2019effet des instructions passe par la construction d\u2019une repr\u00e9sentation de ce qui se passe en m\u00e9moire centrale.<\/p>\n<p>Le logiciel artEoz a \u00e9t\u00e9 d\u00e9pos\u00e9 le 22 novembre 2012 \u00e0 l\u2019Agence de Protection des Programmes (APP). Il est la propri\u00e9t\u00e9 de l\u2019Universit\u00e9 de Lorraine.<\/p>\n","protected":false},"author":5,"featured_media":0,"parent":0,"menu_order":0,"comment_status":"closed","ping_status":"closed","template":"page-fullwidth.php","meta":{"footnotes":""},"class_list":["post-22","page","type-page","status-publish","hentry"],"_links":{"self":[{"href":"https:\/\/members.loria.fr\/MGautier\/wp-json\/wp\/v2\/pages\/22","targetHints":{"allow":["GET"]}}],"collection":[{"href":"https:\/\/members.loria.fr\/MGautier\/wp-json\/wp\/v2\/pages"}],"about":[{"href":"https:\/\/members.loria.fr\/MGautier\/wp-json\/wp\/v2\/types\/page"}],"author":[{"embeddable":true,"href":"https:\/\/members.loria.fr\/MGautier\/wp-json\/wp\/v2\/users\/5"}],"replies":[{"embeddable":true,"href":"https:\/\/members.loria.fr\/MGautier\/wp-json\/wp\/v2\/comments?post=22"}],"version-history":[{"count":8,"href":"https:\/\/members.loria.fr\/MGautier\/wp-json\/wp\/v2\/pages\/22\/revisions"}],"predecessor-version":[{"id":294,"href":"https:\/\/members.loria.fr\/MGautier\/wp-json\/wp\/v2\/pages\/22\/revisions\/294"}],"wp:attachment":[{"href":"https:\/\/members.loria.fr\/MGautier\/wp-json\/wp\/v2\/media?parent=22"}],"curies":[{"name":"wp","href":"https:\/\/api.w.org\/{rel}","templated":true}]}}