{"id":56,"date":"2015-06-16T13:44:07","date_gmt":"2015-06-16T11:44:07","guid":{"rendered":"http:\/\/members.loria.fr\/thierrygartiser\/?page_id=56"},"modified":"2017-11-15T14:19:29","modified_gmt":"2017-11-15T12:19:29","slug":"accueil","status":"publish","type":"page","link":"https:\/\/members.loria.fr\/NBoudjlida\/","title":{"rendered":"Accueil"},"content":{"rendered":"<h1>Nacer BOUDJLIDA<\/h1>\n<article>\n<header>\n<h2>Fonctions<\/h2>\n<\/header>\n<p>  Professeur \u00e0 l&rsquo;Universit\u00e9 de Lorraine, FST.<br \/>\n  <a href=\"2011-NacerB\/BoudjlidaN-Juin2011-Web.htm\">En savoir plus<\/a><br \/>\n<\/article>\n<article>\n<header>\n<h2>Domaines de recherche (Research Interest)<\/h2>\n<\/header>\n<ul>\n<li>Bases de donn\u00e9es (Databases)<\/li>\n<li>Int\u00e9gration et interop\u00e9rabilit\u00e9 de syst\u00e8mes logiciels h\u00e9t\u00e9rog\u00e8nes (Integration and interoperability of heterogeneous software systems)<\/li>\n<li>Environnements de d\u00e9veloppement de logiciels et mod\u00e9lisation de proc\u00e9d\u00e9s (Software engineering environments and process modelling)<\/li>\n<li>Architectures distribu\u00e9es de m\u00e9diation (Distributed Mediated Architectures)<\/li>\n<li>Interop\u00e9rabilit\u00e9 s\u00e9mantique (Semantic Interoperability)<\/li>\n<\/ul>\n<\/article>\n<p>\n  <a href=\"https:\/\/members.loria.fr\/NBoudjlida\/files\/MyPubli.html\">Publications: Articles, Tutorials, etc.<\/a>\n<\/p>\n<article>\n<header>\n<h2>Formation (Lecturing)<\/h2>\n<\/header>\n<ul>\n<li><a href=\"http:\/\/members.loria.fr\/NBoudjlida\/master-imoi\">MASTER IMOI<\/a><\/li>\n<li><a href=\"https:\/\/members.loria.fr\/NBoudjlida\/files\/Master2-LMFI.html\">MASTER-2 INFORMATIQUE<\/a><\/li>\n<li>MASTER1-IGA-EID<\/li>\n<li><a href=\"https:\/\/members.loria.fr\/NBoudjlida\/files\/Master1-INFO-XML.html\">MASTER-1-INFO-XML<\/a><\/li>\n<li><a href=\"https:\/\/members.loria.fr\/NBoudjlida\/files\/Master1-INFO-SGBD.html\">MASTER-1-INFO-SGBD<\/a><\/li>\n<li><a href=\"https:\/\/members.loria.fr\/NBoudjlida\/files\/TELECOM-NANCY.html\">ESIAL3-BDA<\/a><\/li>\n<li><a href=\"https:\/\/members.loria.fr\/NBoudjlida\/files\/L3-BDD3.html\">LICENCE 3 INFORMATIQUE-BDD3<\/a><\/li>\n<\/ul>\n<\/article>\n<article>\n<header>\n<h2>Recherche (Research)<\/h2>\n<\/header>\n<h3>PAST EVENTS<\/h3>\n<ul>\n<li><a href=\"http:\/\/www.loria.fr\/%7Enacer\/BPM-ENEI05\/ENEI-CfP.html\">Journ\u00e9e sur l&rsquo;int\u00e9rop\u00e9rabilit\u00e9 5 mai 2010<\/a><a href=\"https:\/\/members.loria.fr\/NBoudjlida\/files\/HERMITE-10\/Programme-NB.pdf\"> le programme<\/a><\/li>\n<li><a href=\"http:\/\/www.loria.fr\/%7Enacer\/BPM-ENEI05\/ENEI-CfP.html\">1st International Workshop on \u00ab\u00a0Enterprises and Networked Enterprises Interoperability\u00a0\u00bb<\/a>, Nancy, 5 September 2005, in conjunction with the <a href=\"http:\/\/bpm2005.loria.fr\"> 3rd BPM International Conference<\/a><\/li>\n<li><a href=\"http:\/\/interop-esa05.unige.ch\/\">1rst International Conference on Interoperability for Enterprise Software and Applications<\/a>, I-ESA\u20192005<\/li>\n<li><a href=\"http:\/\/www.i-esa.org\">2nd International Conference  on INTEROPerability for Enterprise Software and Applications<\/a>, I-ESA&rsquo;2006, Bordeaux, 20-24 march, 2006<\/li>\n<li><a href=\"http:\/\/www.tudor.lu\/caise06\">CAiSE Forum<\/a>, in the frame of the 18th Conference on Advanced Information Systems Engineering, CAiSE&rsquo;2006, June 5-9, Luxembourg<\/li>\n<li><a href=\"http:\/\/www.loria.fr\/%7Enacer\/ENEI06.htm\">2nd International Workshop on \u00ab\u00a0Enterprises and Networked Enterprises Interoperability\u00a0\u00bb<\/a>, Vienna, 4 September 2006, in conjunction with the 4th International Conference<a href=\"http:\/\/bpm2006.tuwien.ac.at\/cfw\/\"> on Business Process Management<\/a><\/li>\n<li><a href=\"http:\/\/www.i-esa.org\/i-esa2007\">3rd International Conference  on INTEROPerability for Enterprise Software and Applications<\/a>, I-ESA&rsquo;2007, Funchal (Madeira Island), Portugal, 26-30 March 2007<\/li>\n<li><a href=\"http:\/\/www.i-esa.org\/\">4th International Conference on Interoperability for Enterprise Software and Aplications<\/a>, IESA&rsquo;08, Berlin, Germany, 26-28 March 2008<\/li>\n<li><a href=\"http:\/\/www.lifl.fr\/iwaise08\/\">1st International  Workshop on Advanced Information Systems for Enterprises<\/a> (IWAISE 2008), Constantine,  Algeria,  19-20 April 2008<\/li>\n<li><a href=\"http:\/\/www.ifac2008.org\/\">17th IFAC World Congress<\/a>, IFAC 2008, Seoul, Korea, 6-11 July 2008<\/li>\n<li>\n<ul>\n<li><a href=\"https:\/\/members.loria.fr\/NBoudjlida\/files\/EVENTS-08\/INVITED%20SESSION%20ON%20Semantic-Based%20Solutions%20for%20Enterprise%20Integration%20and%20Networking.pdf\">INVITED SESSION ON Semantic-Based Solutions for Enterprise Integration and Networking<\/a><\/li>\n<\/ul>\n<\/li>\n<li><a href=\"http:\/\/www.i-esa.org\/\">5th International Conference on Interoperability for Enterprise Software and Aplications<\/a>, IESA&rsquo;08, Berlin, Germany, 26-28 March 2008<\/li>\n<li><a href=\"http:\/\/www.lirmm.fr\/caise08\/\"> 20th International Conference on Advanced Information Systems Engineering<\/a> (CAiSE&rsquo;08), June 16\u2013 20, 2008,  Montpellier, France<\/li>\n<\/ul>\n<\/article>\n","protected":false},"excerpt":{"rendered":"<p>Nacer BOUDJLIDA<\/p>\n<p>Fonctions<\/p>\n<p>  Professeur \u00e0 l&rsquo;Universit\u00e9 de Lorraine, FST.<br \/>\n  <a href=\"2011-NacerB\/BoudjlidaN-Juin2011-Web.htm\">En savoir plus<\/a><\/p>\n<p>Domaines de recherche (Research Interest)<\/p>\n<ul>\n<li>Bases de donn\u00e9es (Databases)<\/li>\n<li>Int\u00e9gration et interop\u00e9rabilit\u00e9 de syst\u00e8mes logiciels h\u00e9t\u00e9rog\u00e8nes (Integration and interoperability of heterogeneous software systems)<\/li>\n<li>Environnements de d\u00e9veloppement de logiciels et mod\u00e9lisation de proc\u00e9d\u00e9s (Software engineering environments and process modelling)<\/li>\n<li>Architectures distribu\u00e9es de m\u00e9diation (Distributed Mediated Architectures)<\/li>\n<li>Interop\u00e9rabilit\u00e9 s\u00e9mantique (Semantic Interoperability)<\/li>\n<\/ul>\n<p>\n  <a href=\"https:\/\/members.loria.fr\/NBoudjlida\/files\/MyPubli.html\">Publications: Articles, Tutorials, etc.<\/a>\n<\/p>\n<p>Formation (Lecturing)<\/p>\n<ul>\n<li><a href=\"http:\/\/members.loria.fr\/NBoudjlida\/master-imoi\">MASTER IMOI<\/a><\/li>\n<li><a href=\"https:\/\/members.loria.fr\/NBoudjlida\/files\/Master2-LMFI.html\">MASTER-2 INFORMATIQUE<\/a><\/li>\n<li>MASTER1-IGA-EID<\/li>\n<li><a href=\"https:\/\/members.loria.fr\/NBoudjlida\/files\/Master1-INFO-XML.html\">MASTER-1-INFO-XML<\/a><\/li>\n<li><a href=\"https:\/\/members.loria.fr\/NBoudjlida\/files\/Master1-INFO-SGBD.html\">MASTER-1-INFO-SGBD<\/a><\/li>\n<li><a href=\"https:\/\/members.loria.fr\/NBoudjlida\/files\/TELECOM-NANCY.html\">ESIAL3-BDA<\/a><\/li>\n<li><a href=\"https:\/\/members.loria.fr\/NBoudjlida\/files\/L3-BDD3.html\">LICENCE 3 INFORMATIQUE-BDD3<\/a><\/li>\n<\/ul>\n<p>Recherche (Research)<\/p>\n<p>PAST EVENTS<\/p>\n<ul>\n<li><a href=\"http:\/\/www.loria.fr\/%7Enacer\/BPM-ENEI05\/ENEI-CfP.html\">Journ\u00e9e sur l&rsquo;int\u00e9rop\u00e9rabilit\u00e9 5 mai 2010<\/a><a href=\"https:\/\/members.loria.fr\/NBoudjlida\/files\/HERMITE-10\/Programme-NB.pdf\"> le programme<\/a><\/li>\n<li><a href=\"http:\/\/www.loria.fr\/%7Enacer\/BPM-ENEI05\/ENEI-CfP.html\">1st International Workshop on \u00ab\u00a0Enterprises and Networked Enterprises Interoperability\u00a0\u00bb<\/a>,<\/li>\n<\/ul>\n","protected":false},"author":5,"featured_media":0,"parent":0,"menu_order":0,"comment_status":"closed","ping_status":"closed","template":"","meta":{"footnotes":""},"class_list":["post-56","page","type-page","status-publish","hentry"],"_links":{"self":[{"href":"https:\/\/members.loria.fr\/NBoudjlida\/wp-json\/wp\/v2\/pages\/56","targetHints":{"allow":["GET"]}}],"collection":[{"href":"https:\/\/members.loria.fr\/NBoudjlida\/wp-json\/wp\/v2\/pages"}],"about":[{"href":"https:\/\/members.loria.fr\/NBoudjlida\/wp-json\/wp\/v2\/types\/page"}],"author":[{"embeddable":true,"href":"https:\/\/members.loria.fr\/NBoudjlida\/wp-json\/wp\/v2\/users\/5"}],"replies":[{"embeddable":true,"href":"https:\/\/members.loria.fr\/NBoudjlida\/wp-json\/wp\/v2\/comments?post=56"}],"version-history":[{"count":24,"href":"https:\/\/members.loria.fr\/NBoudjlida\/wp-json\/wp\/v2\/pages\/56\/revisions"}],"predecessor-version":[{"id":320,"href":"https:\/\/members.loria.fr\/NBoudjlida\/wp-json\/wp\/v2\/pages\/56\/revisions\/320"}],"wp:attachment":[{"href":"https:\/\/members.loria.fr\/NBoudjlida\/wp-json\/wp\/v2\/media?parent=56"}],"curies":[{"name":"wp","href":"https:\/\/api.w.org\/{rel}","templated":true}]}}