{"id":320,"date":"2018-02-26T12:09:41","date_gmt":"2018-02-26T10:09:41","guid":{"rendered":"http:\/\/members.loria.fr\/OMella\/?page_id=320"},"modified":"2018-02-26T12:44:54","modified_gmt":"2018-02-26T10:44:54","slug":"enseignement","status":"publish","type":"page","link":"https:\/\/members.loria.fr\/OMella\/enseignement\/","title":{"rendered":"Enseignement"},"content":{"rendered":"<p>J&rsquo;enseigne de Bac+1 \u00e0 Bac+5 au sein de l&rsquo; Universit\u00e9 de Lorraine <a href=\"http:\/\/www.univ-lorraine.fr\/\" target=\"_blank\" rel=\"noopener\">(UL)<\/a>.\u00a0 Actuellement, mes\u00a0 enseignements se d\u00e9roulent :<\/p>\n<ul>\n<li>Au D\u00e9partement Informatique de la Facult\u00e9 des Sciences et Technologies de Nancy <a href=\"http:\/\/fst.univ-lorraine.fr\/\" target=\"_blank\" rel=\"noopener\">(FST)<\/a> (formation initiale)\n<ul>\n<li><a href=\"http:\/\/licence-master-informatique.formation.univ-lorraine.fr\/\" target=\"_blank\" rel=\"noopener\">Master Informatique<\/a> :\n<ul>\n<li>R\u00e9seaux<\/li>\n<li>Introduction au Traitement et \u00e0 la Reconnaissance de la Parole<\/li>\n<\/ul>\n<\/li>\n<li><a href=\"http:\/\/licence-master-informatique.formation.univ-lorraine.fr\/\" target=\"_blank\" rel=\"noopener\">Licence Informatique<\/a> :\n<ul>\n<li>R\u00e9seaux et programmation R\u00e9seaux en L2 et L3<\/li>\n<li>Web1 en L1<\/li>\n<li>Outils de l&rsquo;Internet<\/li>\n<\/ul>\n<\/li>\n<\/ul>\n<\/li>\n<li>\u00e0 l&rsquo;\u00c9cole Sup\u00e9rieures du Professorat et de l\u2019\u00c9ducation de l&rsquo;Acad\u00e9mie Nancy-Metz\u00a0<a href=\"http:\/\/espe.univ-lorraine.fr\" target=\"_blank\" rel=\"noopener\">ESP\u00c9<\/a> (formation continue)\n<ul>\n<li>Introduction aux r\u00e9seaux aux enseignants de lyc\u00e9e\u00a0 impliqu\u00e9s dans la sp\u00e9cialit\u00e9 \u00ab\u00a0Informatique et Sciences du Num\u00e9rique (<a href=\"https:\/\/members.loria.fr\/DLanglois\/files\/ISN\/index.html\" target=\"_blank\" rel=\"noopener\">ISN<\/a>)\u00a0\u00bb en terminale S<\/li>\n<\/ul>\n<\/li>\n<\/ul>\n","protected":false},"excerpt":{"rendered":"<p>J&rsquo;enseigne de Bac+1 \u00e0 Bac+5 au sein de l&rsquo; Universit\u00e9 de Lorraine <a href=\"http:\/\/www.univ-lorraine.fr\/\" target=\"_blank\" rel=\"noopener\">(UL)<\/a>.\u00a0 Actuellement, mes\u00a0 enseignements se d\u00e9roulent :<\/p>\n<ul>\n<li>Au D\u00e9partement Informatique de la Facult\u00e9 des Sciences et Technologies de Nancy <a href=\"http:\/\/fst.univ-lorraine.fr\/\" target=\"_blank\" rel=\"noopener\">(FST)<\/a> (formation initiale)\n<ul>\n<li><a href=\"http:\/\/licence-master-informatique.formation.univ-lorraine.fr\/\" target=\"_blank\" rel=\"noopener\">Master Informatique<\/a> :\n<ul>\n<li>R\u00e9seaux<\/li>\n<li>Introduction au Traitement et \u00e0 la Reconnaissance de la Parole<\/li>\n<\/ul>\n<\/li>\n<li><a href=\"http:\/\/licence-master-informatique.formation.univ-lorraine.fr\/\" target=\"_blank\" rel=\"noopener\">Licence Informatique<\/a> :\n<ul>\n<li>R\u00e9seaux et programmation R\u00e9seaux en L2 et L3<\/li>\n<li>Web1 en L1<\/li>\n<li>Outils de l&rsquo;Internet<\/li>\n<\/ul>\n<\/li>\n<\/ul>\n<\/li>\n<li>\u00e0 l&rsquo;\u00c9cole Sup\u00e9rieures du Professorat et de l\u2019\u00c9ducation de l&rsquo;Acad\u00e9mie Nancy-Metz\u00a0<a href=\"http:\/\/espe.univ-lorraine.fr\" target=\"_blank\" rel=\"noopener\">ESP\u00c9<\/a> (formation continue)\n<ul>\n<li>Introduction aux r\u00e9seaux aux enseignants de lyc\u00e9e\u00a0 impliqu\u00e9s dans la sp\u00e9cialit\u00e9 \u00ab\u00a0Informatique et Sciences du Num\u00e9rique (<a href=\"https:\/\/members.loria.fr\/DLanglois\/files\/ISN\/index.html\" target=\"_blank\" rel=\"noopener\">ISN<\/a>)\u00a0\u00bb en terminale S<\/li>\n<\/ul>\n<\/li>\n<\/ul>\n","protected":false},"author":87,"featured_media":0,"parent":0,"menu_order":0,"comment_status":"closed","ping_status":"closed","template":"","meta":{"footnotes":""},"class_list":["post-320","page","type-page","status-publish","hentry"],"_links":{"self":[{"href":"https:\/\/members.loria.fr\/OMella\/wp-json\/wp\/v2\/pages\/320","targetHints":{"allow":["GET"]}}],"collection":[{"href":"https:\/\/members.loria.fr\/OMella\/wp-json\/wp\/v2\/pages"}],"about":[{"href":"https:\/\/members.loria.fr\/OMella\/wp-json\/wp\/v2\/types\/page"}],"author":[{"embeddable":true,"href":"https:\/\/members.loria.fr\/OMella\/wp-json\/wp\/v2\/users\/87"}],"replies":[{"embeddable":true,"href":"https:\/\/members.loria.fr\/OMella\/wp-json\/wp\/v2\/comments?post=320"}],"version-history":[{"count":7,"href":"https:\/\/members.loria.fr\/OMella\/wp-json\/wp\/v2\/pages\/320\/revisions"}],"predecessor-version":[{"id":328,"href":"https:\/\/members.loria.fr\/OMella\/wp-json\/wp\/v2\/pages\/320\/revisions\/328"}],"wp:attachment":[{"href":"https:\/\/members.loria.fr\/OMella\/wp-json\/wp\/v2\/media?parent=320"}],"curies":[{"name":"wp","href":"https:\/\/api.w.org\/{rel}","templated":true}]}}