{"id":56,"date":"2015-06-16T13:44:07","date_gmt":"2015-06-16T11:44:07","guid":{"rendered":"http:\/\/members.loria.fr\/thierrygartiser\/?page_id=56"},"modified":"2022-08-17T11:01:24","modified_gmt":"2022-08-17T09:01:24","slug":"accueil","status":"publish","type":"page","link":"https:\/\/members.loria.fr\/PMaurice\/","title":{"rendered":"Home"},"content":{"rendered":"<div>\n<p align=\"\u201djustify\u201d\">I am a CNRS research scientist in <a href=\"https:\/\/www.loria.fr\/en\/\" target=\"_blank\" rel=\"noopener noreferrer\">LORIA<\/a> (Nancy, France) working in the <a href=\"https:\/\/team.inria.fr\/larsen\/\" target=\"_blank\" rel=\"nofollow noopener noreferrer\">LARSEN<\/a> team.<\/p>\n<\/div>\n<div>\n<p align=\"\u201djustify\u201d\">My research focuses on experimental and computational <b>human motion analysis<\/b> in the context of <b>physical human-robot interaction<\/b>. This research serves to develop human-centered designs and controllers for collaborative robots and exoskeletons, with a focus on <b>ergonomics<\/b>.<\/p>\n<\/div>\n<div>\n<p style=\"margin-bottom: 1.5cm\">I received my Engineer&#8217;s Degree from Ecole Polytechnique and my M.S. degree in Mechanical Engineering from University Pierre and Marie Curie in 2011. In 2015, I received my Ph.D in Robotics from University Pierre and Marie Curie under the advisement of <a href=\"http:\/\/www.isir.upmc.fr\/index.php?op=view_profil&amp;id=6&amp;old=N&amp;lang=en\" target=\"_blank\" rel=\"noopener noreferrer\">Philippe Bidaud<\/a> and <a href=\"http:\/\/people.bordeaux.inria.fr\/vincent.padois\/\" target=\"_blank\" rel=\"noopener noreferrer\">Vincent Padois<\/a>. From 2015 to 2017, I was a postdoctoral researcher in the Biology Department at Northeastern University and a member of the Action Lab under the direction of <a href=\"https:\/\/web.northeastern.edu\/actionlab\/\" target=\"_blank\" rel=\"noopener noreferrer\">Dagmar Sternad<\/a>. From 2017 to 2019, I was a postdoctoral researcher at INRIA Nancy where I worked with <a href=\"https:\/\/members.loria.fr\/SIvaldi\/\" target=\"_blank\" rel=\"noopener noreferrer\">Serena Ivaldi<\/a>.<\/p>\n<\/div>\n<div>\n<h3>News<\/h3>\n<p><strong>May 27, 2022: Workshop at ICRA 2022<\/strong><br \/>\nI am co-organizing a workshop on <a href=\"https:\/\/project.inria.fr\/phrc2022icra\/\" target=\"_blank\" rel=\"nofollow noopener noreferrer\">Integrating multidisciplinary approaches to advance physical human-robot interaction: Challenges of interfacing wearable robots with the human neuromotor system<\/a>, with Meghan Huber (UMass Amherst), Claudia Latella (IIT), Serena Ivaldi (INRIA) and Arash Ajoudani (IIT) at ICRA 2022 in Philadelphia, USA.<\/p>\n<p><strong>February 28, 2022: Invited talk at R4 Nouvelle-Aquitaine Robotics Network seminar<\/strong><br \/>\nI am giving a talk on collaborative robotics to improve ergonomics at work, at a seminar of the  <a href=\"https:\/\/r4-robotique.fr\/\" target=\"_blank\" rel=\"nofollow noopener noreferrer\">R4 Nouvelle-Aquitaine Regional Robotics Network<\/a>.<\/p>\n<p><strong>October 27, 2021: Presentation at the Congress of the French Society of Biomechanics<\/strong><br \/>\nI am presenting our work on the evaluation of the Laevo back support exoskeleton for applications in the healthcare sector, at the <a href=\"https:\/\/sb2021stetienne.sciencesconf.org\/\" target=\"_blank\" rel=\"nofollow noopener noreferrer\">conference of the Soci\u00e9t\u00e9 de Biom\u00e9canique<\/a> in Saint-Etienne, France.<\/p>\n<p><strong>October 7, 2021: Invited talk at GdR Robotique GT1-GT6 seminar<\/strong><br \/>\nI am giving a talk with Serena Ivaldi on our recent work on exoskeletons, at a seminar of GT1-GT6 from GdR Robotique on occupational exoskeletons.<\/p>\n<p><strong>September 30, 2021: Live Workshop at IROS 2021<\/strong><br \/>\nI am co-organizing a workshop on <a href=\"https:\/\/haosu-robotics.github.io\/2021iros-workshop.html\" target=\"_blank\" rel=\"nofollow noopener noreferrer\">Challenges and Opportunities of Human-robot Symbiosis: from Wearable Robots to Neurorobotics<\/a> at IROS 2021 (live event on Zoom).<\/p>\n<p><strong>September 21, 2021: Wearable Robotics Association Webinar<\/strong><br \/>\nI am giving a talk at <a href=\"http:\/\/www.wearablerobotics.com\/webinar-series\/\" target=\"_blank\" rel=\"nofollow noopener noreferrer\">a webinar of WearRA<\/a> on the PAEXO-Shoulder studies that we conducted in H2020 AnDy, along with AnyBody Technology, IMK Automotive, and Ottobock.<\/p>\n<p><strong>June 4, 2021: Live Workshop at ICRA 2021<\/strong><br \/>\nI am co-organizing a workshop on <a href=\"http:\/\/phrc2021icra.loria.fr\/\" target=\"_blank\" rel=\"nofollow noopener noreferrer\">Integrating multidisciplinary approaches to advance physical human-robot interaction<\/a>, with Meghan Huber (UMass Amherst), Claudia Latella (IIT), Serena Ivaldi (INRIA) and Arash Ajoudani (IIT) at ICRA 2021 (live event on Zoom).<\/p>\n<p><strong>March 8, 2021: Invited talk at SoftBank Robotics seminar<\/strong><br \/>\nI am giving a talk on robotic co-workers for enhanced ergonomics at work at a SoftBank Robotics seminar.<\/p>\n<p><strong>December 15, 2020: Invited talk at AFIA seminar<\/strong><br \/>\nI am giving a talk on human-robot collaboration for physical assistance at the <a href=\"https:\/\/afia.asso.fr\/rob-ia20\/\" target=\"_blank\" rel=\"noopener noreferrer\">Robotics and AI seminar<\/a> organized by the French Association for Artificial Intelligence.<\/p>\n<p><strong>December 10, 2020: Invited talk at I-RIM workshop<br \/>\n<\/strong>I am giving a talk on ergonomics in collaborative robotics at the <a href=\"https:\/\/i-rim.it\/it\/i-rim-3d-2020\/workshop\/#W2\" target=\"_blank\" rel=\"noopener noreferrer\">I-RIM workshop<\/a> on Socio-Physical Interaction Skills for Cooperative Human-Robot Systems in Agile Production.<\/p>\n<p><strong>October 20, 2020: ANR JCJC grant accepted<\/strong><br \/>\nMy ANR JCJC proposal on User-Specific Adaptation of Collaborative Robot Motion for Improved Ergonomics was accepted for funding. I will soon be recruiting a PhD and interns on this topic.<\/p>\n<p><strong>June 16, 2020: Paper published in Annals of Physical and Rehabilitation Medicine<\/strong><br \/>\n<em>&#8220;The use of exoskeletons to help with prone positioning in the intensive care unit during COVID-19&#8221;<\/em> by Nicla Settembre, Pauline Maurice, Jean Paysant <i>et al. <\/i><span style=\"color: #666666\">has been accepted for publication as a Letter to the Editor in the Annals of Physical and Rehabilitation Medicine <a href=\"https:\/\/hal.archives-ouvertes.fr\/hal-02944154\/document\" target=\"_blank\" rel=\"nofollow noopener noreferrer\">[PDF]<\/a>.<\/span><\/p>\n<p><strong>May 31, 2020: Live Workshop at ICRA 2020<\/strong><br \/>\nI am co-organizing a workshop on <a href=\"https:\/\/phrc2020icra.loria.fr\" target=\"_blank\" rel=\"nofollow noopener noreferrer\">Integrating multidisciplinary approaches to advance physical human-robot interaction<\/a>, with Meghan Huber (UMass Amherst), Claudia Latella (IIT), Serena Ivaldi (INRIA) and Arash Ajoudani (IIT) at ICRA 2020 (live event on Zoom). Videos of the talks are available <a href=\"https:\/\/www.youtube.com\/playlist?list=PLaViAl2WLPMeuNFyO78bHpOCXCS3-hxM4\" target=\"_blank\" rel=\"noopener noreferrer\">here<\/a>.<\/p>\n<p><strong>October 30, 2019: Presentation at the Congress of the French Society of Biomechanics<\/strong><br \/>\nI am presenting our work on the evaluation of Ottobock&#8217;s exoskeleton for overhead work (PAEXO) that we conducted within the EU project Andy, in a robotics session at the <a href=\"https:\/\/sb2019-poitiers.sciencesconf.org\/\" target=\"_blank\" rel=\"nofollow noopener noreferrer\">conference of the Soci\u00e9t\u00e9 de Biom\u00e9canique<\/a> in Poitiers, France.<\/p>\n<p><strong>October 15, 2019: Invited talk at OSH InnoTech conference<\/strong><br \/>\nI am giving a talk on technology acceptance for the deployment of robotics assistive technologies at work at the conference on &#8220;<a href=\"https:\/\/www.ciop.pl\/CIOPPortalWAR\/appmanager\/ciop\/en?_nfpb=true&amp;_pageLabel=P4900034401554125420468&amp;html_tresc_root_id=300010170&amp;html_tresc_id=300010194&amp;html_klucz=1234\" target=\"_blank\" rel=\"nofollow noopener noreferrer\">Novel technological Innovations for Occupational Safety and Health&#8221; <\/a>organised by the Polish Central Institute for Labour Protection (CIOP-PIB) in Warsaw, Poland.<\/p>\n<p><strong>October 14, 2019: Paper published in IJRR<\/strong><br \/>\n<em>&#8220;Human movement and ergonomics: An industry-oriented dataset for collaborative robotics&#8221;<\/em> by Pauline Maurice, Adrien Malais\u00e9, Cl\u00e9lie Amiot <i>et al. <\/i>has been accepted for publication as a data paper in the International Journal of Robotics Research <a href=\"https:\/\/hal.archives-ouvertes.fr\/hal-02289107\/document\" target=\"_blank\" rel=\"nofollow noopener noreferrer\">[PDF]<\/a>. The associated dataset is available <a href=\"https:\/\/zenodo.org\/record\/3254403\" target=\"_blank\" rel=\"nofollow noopener noreferrer\">here<\/a>.<\/p>\n<p><strong>October 3, 2019: Paper published in Trans. Neural Systems and Rehabilitation Engineering<\/strong><br \/>\n<em>&#8220;Objective and subjective effects of a passive exoskeleton on overhead work&#8221;<\/em> by Pauline Maurice, Jernej Camernik, Dasa Gorjan, <i>et al.<\/i> has been accepted for publication in IEEE Transactions on Neural System and Rehabilitation Engineering <a href=\"https:\/\/hal.archives-ouvertes.fr\/hal-02301922\/file\/Exoskeleton_TNSRE.pdf\" target=\"_blank\" rel=\"nofollow noopener noreferrer\">[PDF]<\/a>.<\/p>\n<p><strong>October 1, 2019: Starting my new position!<\/strong><br \/>\nI am starting my new position as a CNRS research scientist, in LORIA, Nancy, France. I will be part of the Larsen team.<\/p>\n<p><strong>May 23, 2019: Workshop at ICRA 2019<\/strong><br \/>\nI am co-organizing a workshop on <a href=\"http:\/\/hms2019icra.mit.edu\/\" target=\"_blank\" rel=\"nofollow noopener noreferrer\">Human Movement Science for Physical Human-Robot Collaboration<\/a>, with Meghan Huber (MIT), Claudia Latella (IIT), Serena Ivaldi (INIRA) and Neville Hogan (MIT) at ICRA 2019. Videos of the workshop talks are <a href=\"https:\/\/www.youtube.com\/playlist?list=PLaViAl2WLPMcN7pWCqkX6p74eRycJKAdT\" target=\"_blank\" rel=\"noopener noreferrer\">here<\/a>.<\/p>\n<p><strong>April 9, 2019: Paper published in International Journal of Computer Integrated Manufacturing<\/strong><br \/>\n<em>&#8220;Assessing and improving human movements using sensitivity analysis and digital human simulation&#8221;<\/em> by Pauline Maurice, Vincent Padois, Yvan Measson and Philippe Bidaud has been accepted for publication in the International Journal of Computer Integrated Manufacturing <a href=\"https:\/\/hal.archives-ouvertes.fr\/hal-01221647v3\/document\" target=\"_blank\" rel=\"nofollow noopener noreferrer\">[PDF]<\/a>.<\/p>\n<p><strong>January 21, 2019: Paper published in Robotics and Automation Letters<\/strong><br \/>\n<em>&#8220;Activity Recognition for Ergonomics Assessment of Industrial Tasks with Automatic Feature Selection&#8221;<\/em> by Adrien Malais\u00e9, Pauline Maurice, Francis Colas and Serena Ivaldi has been accepted for publication in IEEE Robotics and Automation Letters <a href=\"https:\/\/hal.archives-ouvertes.fr\/hal-01985013\/document\" target=\"_blank\" rel=\"nofollow noopener noreferrer\">[PDF]<\/a>.<\/p>\n<p><strong>December 6, 2018: Invited talk at University Paris-Sud<\/strong><br \/>\nI am giving a talk on human movement modeling and analysis for physical human-robot interaction <span style=\"color: #666666\">in <a href=\"http:\/\/www.staps.u-psud.fr\/en\/ufr_staps\/presentation.html\" target=\"_blank\" rel=\"nofollow noopener noreferrer\">CIAMS<\/a> laboratory.<\/span><\/p>\n<p><strong>October 10, 2018: Presentation at SIAS 2018<\/strong><br \/>\nI am presenting our team work on &#8220;Learning and control for human-robot collaboration&#8221; and on &#8220;Evaluation of a novel exoskeleton for overhead work&#8221; at the <a href=\"http:\/\/www.inrs-sias2018.fr\/\" target=\"_blank\" rel=\"nofollow noopener noreferrer\">International Conference on Safety of Industrial Automated Systems<\/a> in Nancy.<\/p>\n<p><strong>September 17, 2018: Invited talk at INRIA Bordeaux<\/strong><br \/>\nI am giving a talk on ergonomics tools for collaborative robotics during a seminar on &#8220;New applications in robotics&#8221; organized by Vincent Padois.<\/p>\n<p><strong>August 26, 2018: Workshop on Collaborative Robotics and Ergonomics at IEA 2018<\/strong><br \/>\nI am organizing a workshop at the <a href=\"http:\/\/iea2018.org\" target=\"_blank\" rel=\"nofollow noopener noreferrer\">congress of the International Ergonomics Association <\/a>in Florence, Italy. More information available on the <a href=\"http:\/\/crews.loria.fr\" target=\"_blank\" rel=\"nofollow noopener noreferrer\">workshop website<\/a>.<\/p>\n<p><strong>July 9, 2018: Presentation at World Congress of Biomechanics<\/strong><br \/>\nI am presenting my work on &#8220;Assessing and improving human movements using sensitivity analysis and digital human simulation&#8221; at the <a href=\"http:\/\/wcb2018.com\/\" target=\"_blank\" rel=\"noopener noreferrer\">WCB<\/a> in Dublin, Ireland (joint work with Vincent Padois, Yvan Measson and Philippe Bidaud).<\/p>\n<p><strong>June 15, 2018: Presentation at French Humanoid Robotics Days<\/strong><br \/>\nI am presenting work on assessment of an industrial upper-limb exoskeleton at <a href=\"http:\/\/jnrh2018.loria.fr\/\" target=\"_blank\" rel=\"nofollow noopener noreferrer\">JNRH 2018<\/a> (joint work within the AnDy project).<\/p>\n<p><strong>June 11, 2018: Paper accepted at ARSO 2018<\/strong><br \/>\n<em>&#8220;Ethical and Social Considerations for the introduction of Human-Centered Technologies at Work&#8221;<\/em> by Pauline Maurice, Ludivine Allienne, Adrien Malais\u00e9 and Serena Ivaldi has been accepted for presentation at <a href=\"http:\/\/www.arso2018.eu\/\" target=\"_blank\" rel=\"nofollow noopener noreferrer\">ARSO 2018<\/a> <a href=\"https:\/\/hal.archives-ouvertes.fr\/hal-01826487\/document\" target=\"_blank\" rel=\"noopener noreferrer\">[PDF]<\/a>.<\/p>\n<p><strong>April 18, 2018: Paper published in Journal of Neurophysiology<\/strong><br \/>\n<em>&#8220;Predictability, Force and (Anti-)Resonance in Complex Object Control&#8221;<\/em> by Pauline Maurice, Neville Hogan and Dagmar Sternad has been published in Journal of Neurophysiology <a href=\"https:\/\/hal.archives-ouvertes.fr\/hal-01907232\/document\" target=\"_blank\" rel=\"nofollow noopener noreferrer\">[PDF]<\/a>.<\/p>\n<\/div>\n","protected":false},"excerpt":{"rendered":"<p>I am a CNRS research scientist in LORIA (Nancy, France) working in the LARSEN team. My research focuses on experimental and computational human motion analysis in the context of physical human-robot interaction. This research serves to develop human-centered designs and controllers for collaborative robots and exoskeletons, with a focus on ergonomics. I received my Engineer&#8217;s [&hellip;]<\/p>\n","protected":false},"author":5,"featured_media":0,"parent":0,"menu_order":0,"comment_status":"closed","ping_status":"closed","template":"","meta":{"footnotes":""},"class_list":["post-56","page","type-page","status-publish","hentry"],"_links":{"self":[{"href":"https:\/\/members.loria.fr\/PMaurice\/wp-json\/wp\/v2\/pages\/56","targetHints":{"allow":["GET"]}}],"collection":[{"href":"https:\/\/members.loria.fr\/PMaurice\/wp-json\/wp\/v2\/pages"}],"about":[{"href":"https:\/\/members.loria.fr\/PMaurice\/wp-json\/wp\/v2\/types\/page"}],"author":[{"embeddable":true,"href":"https:\/\/members.loria.fr\/PMaurice\/wp-json\/wp\/v2\/users\/5"}],"replies":[{"embeddable":true,"href":"https:\/\/members.loria.fr\/PMaurice\/wp-json\/wp\/v2\/comments?post=56"}],"version-history":[{"count":87,"href":"https:\/\/members.loria.fr\/PMaurice\/wp-json\/wp\/v2\/pages\/56\/revisions"}],"predecessor-version":[{"id":881,"href":"https:\/\/members.loria.fr\/PMaurice\/wp-json\/wp\/v2\/pages\/56\/revisions\/881"}],"wp:attachment":[{"href":"https:\/\/members.loria.fr\/PMaurice\/wp-json\/wp\/v2\/media?parent=56"}],"curies":[{"name":"wp","href":"https:\/\/api.w.org\/{rel}","templated":true}]}}