{"id":10,"date":"2015-06-15T10:23:49","date_gmt":"2015-06-15T08:23:49","guid":{"rendered":"http:\/\/members.loria.fr\/thierrygartiser\/?page_id=10"},"modified":"2025-09-01T12:16:11","modified_gmt":"2025-09-01T10:16:11","slug":"cv","status":"publish","type":"page","link":"https:\/\/members.loria.fr\/RSerizel\/cv\/","title":{"rendered":"Curriculum Vitae"},"content":{"rendered":"<p>&nbsp;<\/p>\n<h2>Academics<\/h2>\n<p><b>Ph.D.,<\/b> in Engineering Sciences (Oct. 2006 &#8211; June 2011)<\/p>\n<ul>\n<li>Location: <a href=\"http:\/\/www.kuleuven.be\/english\/\">Katholieke Universiteit Leuven<\/a> <a href=\"http:\/\/www.esat.kuleuven.be\/scd\/\">Department of Electrical Engineering (ESAT\/SCD)<\/a><\/li>\n<li>Thesis: <a href=\"http:\/\/romain.serizel.net\/abstract\/phd.html\">Integrated active noise control and noise reduction in hearing aids<\/a><\/li>\n<li>PhD Advisors: <a href=\"http:\/\/www.esat.kuleuven.be\/scd\/person.php?view=0&amp;persid=2\">Prof. Marc Moonen<\/a>, <a href=\"https:\/\/gilbert.med.kuleuven.be\/web\/index.php\/Public:Members\/Jan_Wouters\">Prof. Jan Wouters<\/a> and <a href=\"http:\/\/personprofil.aau.dk\/Profil\/107439\">Prof. S\u00f8ren Holdt Jensen<\/a>.<\/li>\n<\/ul>\n<p><b>M.Sc.<\/b>, In Signal, Tansmission and Image (June 2006)<\/p>\n<ul>\n<li>Location: <a href=\"http:\/\/www.univ-rennes1.fr\/\">Universit\u00e9 Rennes 1<\/a>, Rennes, France, <a href=\"http:\/\/www.inria.fr\/recherche\/equipes\/r2d2.en.html\">Team R2D2 (Reconfigurable and Retargetable Digital Devices)<\/a>, Lannion, France<\/li>\n<li>Thesis: <em>Fixed-point implementation of an MP3 coder.<\/em><\/li>\n<li>Advisors: Prof. Olivier Sentieys and Prof. Daniel M\u00e9nard<\/li>\n<\/ul>\n<p><b>M.Eng.<\/b>, In Signal Processing Automatic System Engineering (June 2005)<\/p>\n<ul>\n<li>Location: <a href=\"http:\/\/www.ensem.inpl-nancy.fr\/\">\u00e9cole Nationale Sup\u00e9rieure d&rsquo;\u00e9lectricit\u00e9 et de M\u00e9canique (ENSEM)<\/a>, Nancy, France, <a href=\"http:\/\/www.ltu.se\/csee\/research\/eislab?l=en\"> Embedded Internet Systems LABoratory (EISLAB)<\/a> , Lule\u00e5, Sweden<\/li>\n<li>Thesis: <em>Design of a remote fish measurement system, including embedded web server and GPS controller. Programming in Langage C on Microship PIC microcontrollers.<\/em><\/li>\n<\/ul>\n<p>&nbsp;<\/p>\n<h2>Research Activities<\/h2>\n<ul>\n<li>Since Sep. 2025: <b>Professor<\/b>, Universit\u00e9 de Lorraine, Loria, UMR 7503, Vand\u0153uvre-l\u00e8s-Nancy, France.<br \/>\nResearch on: Machine learning and signal processing for hearing aids and ambiant sound analysis<\/li>\n<li>Sep. 2016 &#8211; Aug .2025: <b>Associate professor<\/b>, Universit\u00e9 de Lorraine, Loria, UMR 7503, Vand\u0153uvre-l\u00e8s-Nancy, France.<br \/>\nResearch on: Distant speech recogntion, multichannel speech processing and representation learning for speech processing.<\/li>\n<li>Oct. 2014 &#8211; Aug. 2016: <b>Post-doctoral researcher<\/b> (with Prof. Ga\u00ebl Richard and Slim Essid), Dept. Signal and image processing (TSI), Telecom ParisTech, Paris, France.<br \/>\nResearch on: Speaker diarization and identification, representation learning for audio<br \/>\n(The research take place in the framework of the <a href=\"http:\/\/www.lasie-project.eu\/\">LASIE<\/a> project).<\/li>\n<li>Jan. 2013 &#8211; Sep. 2014: <b>Post-doctoral researcher<\/b> (with Prof. Marcello Federico), Human Language Technology research group, Fondazione Bruno Kessler, Trento, Italy.<br \/>\nResearch on : Robust automatic speech recognition.<br \/>\n(The research take place in the framework of the <a href=\"http:\/\/www.eu-bridge.eu\/\">EU-BRIDGE<\/a> project).<\/li>\n<li>June 2011 &#8211; Dec. 2012: <b>Post-doctoral researcher <\/b>(with Prof. Marc Moonen), Dept. of Electrical Engineering, KULeu- ven, Leuven, Belgium.<br \/>\nResearch on : Design and evaluation of binaural noise reduction algorithms for cochlear im- plants.<br \/>\n(This project is a joint collaboration between the Dept. of Electrical Engineering and the Dept. of neurosciences at KULeuven and Cochlear Ltd).<\/li>\n<li>Oct. 2006 &#8211; June 2011: <b>Research assistant<\/b> (with Prof. Marc Moonen), Dept. of Electrical Engineering, KULeuven, Leuven, Belgium.<br \/>\nResearch on : Integrated active noise control and noise reduction in hearings aids<\/li>\n<li>Oct. &#8211; Dec. 2009: <b>Guest researcher<\/b> (with Prof. S\u00f8ren Holdt Jensen), Dept. of Electronic Systems, Aalborg University, Aalborg, Danemark.<\/li>\n<\/ul>\n<h3><\/h3>\n<h2>Academic Activities<\/h2>\n<h3>Lecturer<\/h3>\n<ul>\n<li>Since 2025: Universit\u00e9 de Lorraine &#8212; Mines Nancy<\/li>\n<li>2016 &#8211; 2025: Universit\u00e9 de Lorraine &#8212; IUT Charlemagne, Nancy, France<\/li>\n<\/ul>\n<h3>MSc projects<\/h3>\n<ul>\n<li>2011-2012: <a href=\"http:\/\/homes.esat.kuleuven.be\/%7Erserizel\/master\/2011_2012\/index.html\"> Active reduction of the occlusion effect in hearing aids<\/a> (Kevin Verluyten)<\/li>\n<li>2008-2009: <a href=\"http:\/\/homes.esat.kuleuven.be\/%7Edoclo\/thesis\/voorstel08_09.html\"> Active noise reduction for cars<\/a> (Kenneth De Noel, Mathias Vercruysse)<\/li>\n<li>2007-2008: Active noise control in hearing aids (Anne-Sofie Micholt)<\/li>\n<\/ul>\n<h3>Teaching Assistant<\/h3>\n<ul>\n<li>2012: System and control theory, KULeuven, Belgium (<a href=\"http:\/\/onderwijsaanbod.kuleuven.be\/syllabi\/v\/e\/H01M8AE.htm\">H01M8AE<\/a>)<\/li>\n<li>2007-2012: Speech and audio class, KULeuven, Belgium (<a href=\"http:\/\/onderwijsaanbod.kuleuven.be\/syllabi\/e\/H09K5AE.htm\">H09K5A<\/a>)<\/li>\n<li>2007-2010: Student project supervision for Digital Signal Processing for Communications and Information Systems class, KULeuven, Belgium (<a href=\"http:\/\/onderwijsaanbod.kuleuven.be\/syllabi\/e\/H05F1AE.htm\">H05F1AE<\/a>)<\/li>\n<li>October 2007: Adaptive filtering class, <a href=\"http:\/\/est-signal.i3s.unice.fr\/index.php\/Signal\/Signal?from=Main.HomePage\">EST-Signal project<\/a>, Aalborg, Danemark<\/li>\n<\/ul>\n<p>&nbsp;<\/p>\n<h2>Research interests<\/h2>\n<ul>\n<li>Signal processing for speech and audio applications<\/li>\n<li>Single- and multi-channel noise reduction<\/li>\n<li>Machine learning for signal processing<\/li>\n<li>epresentation learning for audio processing<\/li>\n<li>Active Noise Control<\/li>\n<li>Automatic Speech Recognition<\/li>\n<li>(Deep) neural networks<\/li>\n<li>Speaker identification<\/li>\n<\/ul>\n<p>&nbsp;<\/p>\n","protected":false},"excerpt":{"rendered":"<p>&nbsp;<\/p>\n<p>Academics<\/p>\n<p>Ph.D., in Engineering Sciences (Oct. 2006 &#8211; June 2011)<\/p>\n<ul>\n<li>Location: <a href=\"http:\/\/www.kuleuven.be\/english\/\">Katholieke Universiteit Leuven<\/a> <a href=\"http:\/\/www.esat.kuleuven.be\/scd\/\">Department of Electrical Engineering (ESAT\/SCD)<\/a><\/li>\n<li>Thesis: <a href=\"http:\/\/romain.serizel.net\/abstract\/phd.html\">Integrated active noise control and noise reduction in hearing aids<\/a><\/li>\n<li>PhD Advisors: <a href=\"http:\/\/www.esat.kuleuven.be\/scd\/person.php?view=0&amp;persid=2\">Prof. Marc Moonen<\/a>, <a href=\"https:\/\/gilbert.med.kuleuven.be\/web\/index.php\/Public:Members\/Jan_Wouters\">Prof. Jan Wouters<\/a> and <a href=\"http:\/\/personprofil.aau.dk\/Profil\/107439\">Prof. S\u00f8ren Holdt Jensen<\/a>.<\/li>\n<\/ul>\n<p>M.Sc., In Signal, Tansmission and Image (June 2006)<\/p>\n<ul>\n<li>Location: <a href=\"http:\/\/www.univ-rennes1.fr\/\">Universit\u00e9 Rennes 1<\/a>, Rennes, France, <a href=\"http:\/\/www.inria.fr\/recherche\/equipes\/r2d2.en.html\">Team R2D2 (Reconfigurable and Retargetable Digital Devices)<\/a>,<\/li>\n<\/ul>\n","protected":false},"author":5,"featured_media":0,"parent":0,"menu_order":0,"comment_status":"closed","ping_status":"closed","template":"","meta":{"footnotes":""},"class_list":["post-10","page","type-page","status-publish","hentry"],"_links":{"self":[{"href":"https:\/\/members.loria.fr\/RSerizel\/wp-json\/wp\/v2\/pages\/10","targetHints":{"allow":["GET"]}}],"collection":[{"href":"https:\/\/members.loria.fr\/RSerizel\/wp-json\/wp\/v2\/pages"}],"about":[{"href":"https:\/\/members.loria.fr\/RSerizel\/wp-json\/wp\/v2\/types\/page"}],"author":[{"embeddable":true,"href":"https:\/\/members.loria.fr\/RSerizel\/wp-json\/wp\/v2\/users\/5"}],"replies":[{"embeddable":true,"href":"https:\/\/members.loria.fr\/RSerizel\/wp-json\/wp\/v2\/comments?post=10"}],"version-history":[{"count":59,"href":"https:\/\/members.loria.fr\/RSerizel\/wp-json\/wp\/v2\/pages\/10\/revisions"}],"predecessor-version":[{"id":346,"href":"https:\/\/members.loria.fr\/RSerizel\/wp-json\/wp\/v2\/pages\/10\/revisions\/346"}],"wp:attachment":[{"href":"https:\/\/members.loria.fr\/RSerizel\/wp-json\/wp\/v2\/media?parent=10"}],"curies":[{"name":"wp","href":"https:\/\/api.w.org\/{rel}","templated":true}]}}