{"id":10,"date":"2015-06-15T10:23:49","date_gmt":"2015-06-15T09:23:49","guid":{"rendered":"http:\/\/members.loria.fr\/thierrygartiser\/?page_id=10"},"modified":"2017-02-11T19:25:08","modified_gmt":"2017-02-11T18:25:08","slug":"cv","status":"publish","type":"page","link":"https:\/\/members.loria.fr\/SContassotVivier\/cv\/","title":{"rendered":"Curriculum Vitae"},"content":{"rendered":"<div class=\"title\"><a href=\"http:\/\/members.loria.fr\/SContassotVivier\/cv\">Fran\u00e7ais<\/a> \/ <a href=\"http:\/\/members.loria.fr\/SContassotVivier\/curriculum-vitae\">English<\/a><\/div>\n<p><\/p>\n<table  class=\" table table-hover\" >\n<col width=\"20%\">\n<col width=\"80%\">\n<tbody>\n<tr valign=\"top\">\n<td><strong>Depuis Septembre 2007<\/strong><\/td>\n<td>Professeur \u00e0 l&rsquo;Universit\u00e9 de Lorraine<br \/>\n(initialement \u00e0 l&rsquo;Universit\u00e9 Henri Poincar\u00e9 &#8211; Nancy 1, avant la fusion des universit\u00e9s le 1er Janvier 2012)<\/td>\n<\/tr>\n<tr valign=\"top\">\n<td><strong>1er D\u00e9cembre 2006<\/strong><\/td>\n<td>Habilitation \u00e0 Diriger des Recherches<\/td>\n<\/tr>\n<tr valign=\"top\">\n<td><strong>1999 &#8211; 2007<\/strong><\/td>\n<td>Ma\u00eetre de Conf\u00e9rences \u00e0 l&rsquo;IUT de Belfort-Montb\u00e9liard<br \/>\n\u00c9quipe de recherche AND du LIFC<\/td>\n<\/tr>\n<tr valign=\"top\">\n<td><strong>1998 &#8211; 1999<\/strong><\/td>\n<td>Attach\u00e9 Temporaire d&rsquo;Enseignement et de Recherche \u00e0 l&rsquo;IUT de Belfort-Montb\u00e9liard<\/td>\n<\/tr>\n<tr valign=\"top\">\n<td><strong>Janvier &#8211; Ao\u00fbt 1998\u00a0\u00a0<\/strong><\/td>\n<td>Post-Doctorat en st\u00e9r\u00e9o-vision a\u00e9rienne au D\u00e9partement de Math\u00e9matiques des Facult\u00e9s Universitaires Notre-Dame de la Paix \u00e0 Namur en Belgique<\/td>\n<\/tr>\n<tr valign=\"top\">\n<td><strong>1995 &#8211; 1998<\/strong><\/td>\n<td>Doctorat d&rsquo;informatique \u00e0 l&rsquo;\u00c9cole Normale Sup\u00e9rieure de Lyon<\/td>\n<\/tr>\n<tr valign=\"top\">\n<td><strong>1992 &#8211; 1995<\/strong><\/td>\n<td>Magist\u00e8re d&rsquo;Informatique et Mod\u00e9lisation \u00e0 l&rsquo;\u00c9cole Normale Sup\u00e9rieure de Lyon<br \/>\nLicence &#8211; Ma\u00eetrise &#8211; DEA d&rsquo;informatique de l&rsquo;Universit\u00e9 Claude Bernard Lyon-I<\/td>\n<\/tr>\n<tr valign=\"top\">\n<td><strong>1990 &#8211; 1992<\/strong><\/td>\n<td>DEUG A (Maths Physique Chimie Informatique) \u00e0 l&rsquo;Universit\u00e9 Joseph Fourier Grenoble-I<\/td>\n<\/tr>\n<tr valign=\"top\">\n<td><strong>1990<\/strong><\/td>\n<td>Baccalaur\u00e9at C au lyc\u00e9e Alain Borne &#8211; Mont\u00e9limar (Dr\u00f4me)<\/td>\n<\/tr>\n<\/tbody>\n<\/table>\n<p>&nbsp;<\/p>\n","protected":false},"excerpt":{"rendered":"<p><a href=\"http:\/\/members.loria.fr\/SContassotVivier\/cv\">Fran\u00e7ais<\/a> \/ <a href=\"http:\/\/members.loria.fr\/SContassotVivier\/curriculum-vitae\">English<\/a><\/p>\n<p>Depuis Septembre 2007<br \/>\nProfesseur \u00e0 l&rsquo;Universit\u00e9 de Lorraine<br \/>\n(initialement \u00e0 l&rsquo;Universit\u00e9 Henri Poincar\u00e9 &#8211; Nancy 1, avant la fusion des universit\u00e9s le 1er Janvier 2012)<\/p>\n<p>1er D\u00e9cembre 2006<br \/>\nHabilitation \u00e0 Diriger des Recherches<\/p>\n<p>1999 &#8211; 2007<br \/>\nMa\u00eetre de Conf\u00e9rences \u00e0 l&rsquo;IUT de Belfort-Montb\u00e9liard<br \/>\n\u00c9quipe de recherche AND du LIFC<\/p>\n<p>1998 &#8211; 1999<br \/>\nAttach\u00e9 Temporaire d&rsquo;Enseignement et de Recherche \u00e0 l&rsquo;IUT de Belfort-Montb\u00e9liard<\/p>\n<p>Janvier &#8211; Ao\u00fbt 1998\u00a0\u00a0<br \/>\nPost-Doctorat en st\u00e9r\u00e9o-vision a\u00e9rienne au D\u00e9partement de Math\u00e9matiques des Facult\u00e9s Universitaires Notre-Dame de la Paix \u00e0 Namur en Belgique<\/p>\n<p>1995 &#8211; 1998<br \/>\nDoctorat d&rsquo;informatique \u00e0 l&rsquo;\u00c9cole Normale Sup\u00e9rieure de Lyon<\/p>\n<p>1992 &#8211; <\/p>\n","protected":false},"author":117,"featured_media":0,"parent":0,"menu_order":0,"comment_status":"closed","ping_status":"closed","template":"","meta":{"footnotes":""},"class_list":["post-10","page","type-page","status-publish","hentry"],"_links":{"self":[{"href":"https:\/\/members.loria.fr\/SContassotVivier\/wp-json\/wp\/v2\/pages\/10","targetHints":{"allow":["GET"]}}],"collection":[{"href":"https:\/\/members.loria.fr\/SContassotVivier\/wp-json\/wp\/v2\/pages"}],"about":[{"href":"https:\/\/members.loria.fr\/SContassotVivier\/wp-json\/wp\/v2\/types\/page"}],"author":[{"embeddable":true,"href":"https:\/\/members.loria.fr\/SContassotVivier\/wp-json\/wp\/v2\/users\/117"}],"replies":[{"embeddable":true,"href":"https:\/\/members.loria.fr\/SContassotVivier\/wp-json\/wp\/v2\/comments?post=10"}],"version-history":[{"count":57,"href":"https:\/\/members.loria.fr\/SContassotVivier\/wp-json\/wp\/v2\/pages\/10\/revisions"}],"predecessor-version":[{"id":428,"href":"https:\/\/members.loria.fr\/SContassotVivier\/wp-json\/wp\/v2\/pages\/10\/revisions\/428"}],"wp:attachment":[{"href":"https:\/\/members.loria.fr\/SContassotVivier\/wp-json\/wp\/v2\/media?parent=10"}],"curies":[{"name":"wp","href":"https:\/\/api.w.org\/{rel}","templated":true}]}}

<div class="title"><a href="http://members.loria.fr/SContassotVivier/cv">Français</a> / <a href="http://members.loria.fr/SContassotVivier/curriculum-vitae">English</a></div>
<p></p>
<table  class=" table table-hover" >
<col width="20%">
<col width="80%">
<tbody>
<tr valign="top">
<td><strong>Depuis Septembre 2007</strong></td>
<td>Professeur à l&rsquo;Université de Lorraine<br />
(initialement à l&rsquo;Université Henri Poincaré &#8211; Nancy 1, avant la fusion des universités le 1er Janvier 2012)</td>
</tr>
<tr valign="top">
<td><strong>1er Décembre 2006</strong></td>
<td>Habilitation à Diriger des Recherches</td>
</tr>
<tr valign="top">
<td><strong>1999 &#8211; 2007</strong></td>
<td>Maître de Conférences à l&rsquo;IUT de Belfort-Montbéliard<br />
Équipe de recherche AND du LIFC</td>
</tr>
<tr valign="top">
<td><strong>1998 &#8211; 1999</strong></td>
<td>Attaché Temporaire d&rsquo;Enseignement et de Recherche à l&rsquo;IUT de Belfort-Montbéliard</td>
</tr>
<tr valign="top">
<td><strong>Janvier &#8211; Août 1998  </strong></td>
<td>Post-Doctorat en stéréo-vision aérienne au Département de Mathématiques des Facultés Universitaires Notre-Dame de la Paix à Namur en Belgique</td>
</tr>
<tr valign="top">
<td><strong>1995 &#8211; 1998</strong></td>
<td>Doctorat d&rsquo;informatique à l&rsquo;École Normale Supérieure de Lyon</td>
</tr>
<tr valign="top">
<td><strong>1992 &#8211; 1995</strong></td>
<td>Magistère d&rsquo;Informatique et Modélisation à l&rsquo;École Normale Supérieure de Lyon<br />
Licence &#8211; Maîtrise &#8211; DEA d&rsquo;informatique de l&rsquo;Université Claude Bernard Lyon-I</td>
</tr>
<tr valign="top">
<td><strong>1990 &#8211; 1992</strong></td>
<td>DEUG A (Maths Physique Chimie Informatique) à l&rsquo;Université Joseph Fourier Grenoble-I</td>
</tr>
<tr valign="top">
<td><strong>1990</strong></td>
<td>Baccalauréat C au lycée Alain Borne &#8211; Montélimar (Drôme)</td>
</tr>
</tbody>
</table>
<p>&nbsp;</p>

<p><a href="http://members.loria.fr/SContassotVivier/cv">Français</a> / <a href="http://members.loria.fr/SContassotVivier/curriculum-vitae">English</a></p>
<p>Depuis Septembre 2007<br />
Professeur à l&rsquo;Université de Lorraine<br />
(initialement à l&rsquo;Université Henri Poincaré &#8211; Nancy 1, avant la fusion des universités le 1er Janvier 2012)</p>
<p>1er Décembre 2006<br />
Habilitation à Diriger des Recherches</p>
<p>1999 &#8211; 2007<br />
Maître de Conférences à l&rsquo;IUT de Belfort-Montbéliard<br />
Équipe de recherche AND du LIFC</p>
<p>1998 &#8211; 1999<br />
Attaché Temporaire d&rsquo;Enseignement et de Recherche à l&rsquo;IUT de Belfort-Montbéliard</p>
<p>Janvier &#8211; Août 1998  <br />
Post-Doctorat en stéréo-vision aérienne au Département de Mathématiques des Facultés Universitaires Notre-Dame de la Paix à Namur en Belgique</p>
<p>1995 &#8211; 1998<br />
Doctorat d&rsquo;informatique à l&rsquo;École Normale Supérieure de Lyon</p>
<p>1992 &#8211; </p>
