{"id":22,"date":"2015-06-15T11:01:33","date_gmt":"2015-06-15T09:01:33","guid":{"rendered":"http:\/\/members.loria.fr\/thierrygartiser\/?page_id=22"},"modified":"2022-03-17T09:22:04","modified_gmt":"2022-03-17T08:22:04","slug":"projets","status":"publish","type":"page","link":"https:\/\/members.loria.fr\/SContassotVivier\/projets\/","title":{"rendered":"Enseignements"},"content":{"rendered":"<div class=\"title\">\n<p><a href=\"http:\/\/members.loria.fr\/SContassotVivier\/projets\">Fran\u00e7ais<\/a> \/ <a href=\"http:\/\/members.loria.fr\/SContassotVivier\/teachings\">English<\/a><\/p>\n<hr \/>\n<\/div>\n<fieldset>\n<legend><strong> Affectation <\/strong><\/legend>\n<p>Je suis membre du <a href=\"http:\/\/info-fst.dep.univ-lorraine.fr\/\">D\u00e9partement Informatique<\/a> du secteur MIAE de la <a href=\"http:\/\/fst.univ-lorraine.fr\/\">Facult\u00e9 des Sciences et Technologies<\/a> de l&rsquo;<a href=\"http:\/\/www.univ-lorraine.fr\">Universit\u00e9 de Lorraine<\/a>.<\/fieldset>\n<fieldset>\n<legend><strong> Enseignements actuels <\/strong><\/legend>\n<p>J&rsquo;effectue la plupart de mes enseignements au sein de la <a href=\"http:\/\/www.licence-informatique.univ-lorraine.fr\/\">licence informatique<\/a> et du <a href=\"http:\/\/www.master-informatique.univ-lorraine.fr\/\">master informatique<\/a>.<br \/>\nJ&rsquo;enseigne cette ann\u00e9e :<\/p>\n<ul>\n<li>En Licence informatique 2\u00e8me ann\u00e9e :\n<ul>\n<li>Programmation avanc\u00e9e : TP<\/li>\n<\/ul>\n<\/li>\n<li>En Licence informatique 3\u00e8me ann\u00e9e :\n<ul>\n<li>Algorithmique : Cours, TD<\/li>\n<li>D\u00e9veloppement mobile : Cours, TP<\/li>\n<li>Infographie : Cours, TP<\/li>\n<\/ul>\n<\/li>\n<li>En Master informatique 1\u00e8re ann\u00e9e :\n<ul>\n<li>Initiation \u00e0 l&rsquo;algorithmique parall\u00e8le : Cours, TD, TP<\/li>\n<li>Repr\u00e9sentation de donn\u00e9es visuelles : TP<\/li>\n<\/ul>\n<\/li>\n<li>En 2\u00e8me ann\u00e9e \u00e0 Telecom Nancy (niveau M1) :\n<ul>\n<li>Algorithmique parall\u00e8le : Cours, TD, TP<\/li>\n<\/ul>\n<\/li>\n<li>En 2\u00e8me ann\u00e9e \u00e0 l&rsquo;\u00e9cole des Mines de Nancy (niveau M1) :\n<ul>\n<li>Scalable Architectures (en anglais) : Cours, TD, TP<\/li>\n<\/ul>\n<\/li>\n<li>En Master de droit sur la propri\u00e9t\u00e9 intellectuelle :\n<ul>\n<li>Culture num\u00e9rique : Cours, TD<\/li>\n<li>Algorithmique et programmation : Cours, TD, TP<\/li>\n<li>R\u00e9seau et protocoles : Cours<\/li>\n<\/ul>\n<\/li>\n<li>En Master MEEF :\n<ul>\n<li>Algorithmique : Cours, TD, TP<\/li>\n<li>Enseignement de l&rsquo;informatique : Cours<\/li>\n<\/ul>\n<\/li>\n<\/ul>\n<\/fieldset>\n<fieldset>\n<legend><strong> Enseignements pass\u00e9s <\/strong><\/legend>\n<p>\u00c0 l&rsquo;UL \/ UHP, j&rsquo;ai enseign\u00e9 :<\/p>\n<ul>\n<li>En Licence informatique 1\u00e8re ann\u00e9e :\n<ul>\n<li>Pr\u00e9paration C2I : TP<\/li>\n<li>Informatique graphique : Cours, TD, TP<\/li>\n<li>Algorithmique et programmation : TP<\/li>\n<\/ul>\n<\/li>\n<li>En Licence informatique 2nde ann\u00e9e :\n<ul>\n<li>Algorithmique et programmation : TP<\/li>\n<\/ul>\n<\/li>\n<li>En Licence informatique 3\u00e8me ann\u00e9e :\n<ul>\n<li>S\u00e9curit\u00e9 : TP<\/li>\n<\/ul>\n<\/li>\n<li>En Master informatique 1\u00e8re ann\u00e9e :\n<ul>\n<li>Algorithmique r\u00e9partie et syst\u00e8mes distribu\u00e9s : Cours, TD, TP<\/li>\n<li>Algorithmique et complexit\u00e9 : TD, TP<\/li>\n<li>Introduction aux syst\u00e8mes dynamiques : Cours, TD, TP<\/li>\n<li>Initiation au parall\u00e9lisme : Cours, TD, TP<\/li>\n<li>Mod\u00e8les de perception et raisonnement : Cours, TD, Projet<\/li>\n<\/ul>\n<\/li>\n<li>En Master informatique 2\u00e8me ann\u00e9e :\n<ul>\n<li>Architectures logicielles avanc\u00e9es : Cours, TD<\/li>\n<li>Syst\u00e8mes dynamiques : Cours<\/li>\n<li>Syst\u00e8mes communicants : Cours<\/li>\n<li>Ing\u00e9nierie des services s\u00e9curis\u00e9s en r\u00e9seaux<i><\/i><\/li>\n<li>Reconnaissance de formes statistique : Cours<\/li>\n<li>S\u00e9curit\u00e9 des r\u00e9seaux : Cours, TD, TP<\/li>\n<li>Standards avanc\u00e9s de l&rsquo;Internet (calcul sur grilles) : Cours, TD, TP<\/li>\n<li>Suivis de stages<\/li>\n<\/ul>\n<\/li>\n<li>En Master IMOI 2\u00e8me ann\u00e9e :\n<ul>\n<li>Algorithmique et programmation : Cours d&rsquo;algorithmique, Cours de C\/C++<\/li>\n<li>R\u00e9seaux : Cours, TD, TP<\/li>\n<\/ul>\n<\/li>\n<li>En 2\u00e8me ann\u00e9e \u00e0 l&rsquo;ESIAL \/ Telecom Nancy (niveau M1) :\n<ul>\n<li>Algorithmique des syst\u00e8mes parall\u00e8les et distribu\u00e9s : Cours, TD, TP<\/li>\n<\/ul>\n<\/li>\n<li>En 4\u00e8me ann\u00e9e \u00e0 l&rsquo;ESSTIN (niveau M1) :\n<ul>\n<li>Calcul haute performance : Cours, TD, TP<\/li>\n<\/ul>\n<\/li>\n<li>En ann\u00e9e sp\u00e9ciale \u00e0 l&rsquo;IUT Charlemagne :\n<ul>\n<li>Algorithmique : Cours, TD<\/li>\n<\/ul>\n<\/li>\n<li>En 2\u00e8me ann\u00e9e informatique \u00e0 l&rsquo;IUT Charlemagne :\n<ul>\n<li>R\u00e9seaux : TD, TP<\/li>\n<\/ul>\n<\/li>\n<\/ul>\n<p>Pendant mes fonctions de Ma\u00eetre de Conf\u00e9rences au D\u00e9partement Informatique de l&rsquo;IUT de Belfort-Montb\u00e9liard, j&rsquo;ai enseign\u00e9 :<\/p>\n<ul>\n<li>En 1\u00e8re ann\u00e9e :\n<ul>\n<li>Algorithmique et programmation C\/C++ : Cours, TD et TP<\/li>\n<li>Programmation fonctionnelle en Caml : TD et TP<\/li>\n<li>Projets de programmation C\/C++<\/li>\n<\/ul>\n<\/li>\n<li>En 2\u00e8me ann\u00e9e :\n<ul>\n<li>Encadrement de projets tutor\u00e9s se d\u00e9roulant tout au long de l&rsquo;ann\u00e9e par groupes de cinq ou six \u00e9tudiants sur des sujets relativement cons\u00e9quents (jeux, bases de donn\u00e9es,&#8230;)<\/li>\n<li>Suivi de stages en entreprise se d\u00e9roulant en fin de 2\u00e8me ann\u00e9e sur environ neuf semaines<\/li>\n<li>Animation 3D (3D Studio Max) dans le DUT SRC.<\/li>\n<\/ul>\n<\/li>\n<li>En 3\u00e8me ann\u00e9e (licence professionnelle) :\n<ul>\n<li>J&rsquo;ai assur\u00e9 en 2004 l&rsquo;enseignement d&rsquo;un module de remise \u00e0 niveau en syst\u00e8me pour une partie des \u00e9tudiants n&rsquo;ayant pas les pr\u00e9-requis n\u00e9cessaires<\/li>\n<\/ul>\n<\/li>\n<\/ul>\n<p>Pendant cette p\u00e9riode, j&rsquo;ai \u00e9galement enseign\u00e9 en 3\u00e8me cycle universitaire :<\/p>\n<ul>\n<li>Au sein du Master IPSM (Informatique Parall\u00e8le et Syst\u00e8mes Multim\u00e9dia) \u00e0 Belfort-Montb\u00e9liard jusqu&rsquo;en 2006 :\n<ul>\n<li>Syst\u00e8mes dynamiques discrets : Cours et TD sur les syst\u00e8mes \u00e0 \u00e9tats finis et temps discret<\/li>\n<li>Techniques d&rsquo;optimisation : Cours et TD sur la m\u00e9thode du simplexe<\/li>\n<li>Calculs hautes performances : Cours, TD et TP sur le parall\u00e9lisme<\/li>\n<\/ul>\n<\/li>\n<li>Au sein du DEA IAP (Informatique, Automatique et Productique) \u00e0 Besan\u00e7on en 2003 :\n<ul>\n<li>Syst\u00e8mes dynamiques discrets : Cours et TD sur les syst\u00e8mes \u00e0 \u00e9tats finis et temps discret<\/li>\n<\/ul>\n<\/li>\n<li>Au sein du DESS PAM (Programmation Avanc\u00e9e pour le Multim\u00e9dia) \u00e0 Montb\u00e9liard jusqu&rsquo;en 2003 :\n<ul>\n<li>Imagerie 2D\/3D : Cours, TD et TP<\/li>\n<\/ul>\n<\/li>\n<\/ul>\n<p>Le DESS PAM ainsi que le DEA IAP ont \u00e9t\u00e9 remplac\u00e9s en 2004 par le Master IPSM.<\/p>\n<p>Enfin, avant mon arriv\u00e9e \u00e0 l&rsquo;IUT de Belfort-Montb\u00e9liard, j&rsquo;ai enseign\u00e9 diverses disciplines de l&rsquo;informatique dans plusieurs autres \u00e9tablissements d&rsquo;enseignement sup\u00e9rieur :<\/p>\n<ul>\n<li>Universit\u00e9 Lyon-I<\/li>\n<li>Universit\u00e9 Joseph Fourier Grenoble-I (antenne de Valence)<\/li>\n<li>\u00c9cole Normale Sup\u00e9rieure de Lyon<\/li>\n<li>Universit\u00e9 Lyon-II<\/li>\n<\/ul>\n<p>Ces enseignements se sont adress\u00e9s \u00e0 divers publics :<\/p>\n<ul>\n<li>DEUG MASS, Bio, Chimie et Physique<\/li>\n<li>Premi\u00e8re ann\u00e9e de Magist\u00e8re des Sciences de la Vie et de la Terre<\/li>\n<li>DEUG Sciences \u00c9conomiques<\/li>\n<li>Personnes en formation continue<\/li>\n<\/ul>\n<p>et ont port\u00e9 sur les aspects suivants :<\/p>\n<ul>\n<li>Programmation Pascal, C, Visual Basic<\/li>\n<li>M\u00e9thodologie algorithmique<\/li>\n<li>Syst\u00e8me UNIX et environnement graphique OpenWindows<\/li>\n<li>Syst\u00e8me DOS\/Windows<\/li>\n<li>Simulation de syst\u00e8mes par automates<\/li>\n<li>Co-encadrement de projets de programmation portant sur des probl\u00e8mes g\u00e9ologiques<\/li>\n<\/ul>\n<\/fieldset>\n","protected":false},"excerpt":{"rendered":"<p><a href=\"http:\/\/members.loria.fr\/SContassotVivier\/projets\">Fran\u00e7ais<\/a> \/ <a href=\"http:\/\/members.loria.fr\/SContassotVivier\/teachings\">English<\/a><\/p>\n<p> Affectation <\/p>\n<p>Je suis membre du <a href=\"http:\/\/info-fst.dep.univ-lorraine.fr\/\">D\u00e9partement Informatique<\/a> du secteur MIAE de la <a href=\"http:\/\/fst.univ-lorraine.fr\/\">Facult\u00e9 des Sciences et Technologies<\/a> de l&rsquo;<a href=\"http:\/\/www.univ-lorraine.fr\">Universit\u00e9 de Lorraine<\/a>.<\/p>\n<p> Enseignements actuels\n<\/p>\n<p>J&rsquo;effectue la plupart de mes enseignements au sein de la <a href=\"http:\/\/www.licence-informatique.univ-lorraine.fr\/\">licence informatique<\/a> et du <a href=\"http:\/\/www.master-informatique.univ-lorraine.fr\/\">master informatique<\/a>.<br \/>\nJ&rsquo;enseigne cette ann\u00e9e :<\/p>\n<ul>\n<li>En Licence informatique 2\u00e8me ann\u00e9e :\n<ul>\n<li>Programmation avanc\u00e9e : TP<\/li>\n<\/ul>\n<\/li>\n<li>En Licence informatique 3\u00e8me ann\u00e9e :\n<ul>\n<li>Algorithmique : Cours, TD<\/li>\n<li>D\u00e9veloppement mobile : Cours,<\/li>\n<\/ul>\n<\/li>\n<\/ul>\n","protected":false},"author":117,"featured_media":0,"parent":0,"menu_order":0,"comment_status":"closed","ping_status":"closed","template":"","meta":{"footnotes":""},"class_list":["post-22","page","type-page","status-publish","hentry"],"_links":{"self":[{"href":"https:\/\/members.loria.fr\/SContassotVivier\/wp-json\/wp\/v2\/pages\/22","targetHints":{"allow":["GET"]}}],"collection":[{"href":"https:\/\/members.loria.fr\/SContassotVivier\/wp-json\/wp\/v2\/pages"}],"about":[{"href":"https:\/\/members.loria.fr\/SContassotVivier\/wp-json\/wp\/v2\/types\/page"}],"author":[{"embeddable":true,"href":"https:\/\/members.loria.fr\/SContassotVivier\/wp-json\/wp\/v2\/users\/117"}],"replies":[{"embeddable":true,"href":"https:\/\/members.loria.fr\/SContassotVivier\/wp-json\/wp\/v2\/comments?post=22"}],"version-history":[{"count":14,"href":"https:\/\/members.loria.fr\/SContassotVivier\/wp-json\/wp\/v2\/pages\/22\/revisions"}],"predecessor-version":[{"id":489,"href":"https:\/\/members.loria.fr\/SContassotVivier\/wp-json\/wp\/v2\/pages\/22\/revisions\/489"}],"wp:attachment":[{"href":"https:\/\/members.loria.fr\/SContassotVivier\/wp-json\/wp\/v2\/media?parent=22"}],"curies":[{"name":"wp","href":"https:\/\/api.w.org\/{rel}","templated":true}]}}