{"id":377,"date":"2017-01-16T18:26:20","date_gmt":"2017-01-16T16:26:20","guid":{"rendered":"http:\/\/members.loria.fr\/SPerdrix\/?page_id=377"},"modified":"2025-10-09T16:48:08","modified_gmt":"2025-10-09T14:48:08","slug":"gt-iq","status":"publish","type":"page","link":"https:\/\/members.loria.fr\/SPerdrix\/gt-iq\/","title":{"rendered":"Groupe de Travail Informatique Quantique"},"content":{"rendered":"<p><a href=\"http:\/\/members.loria.fr\/SPerdrix\/wp-content\/blogs.dir\/110\/files\/sites\/110\/2024\/04\/logo-gdr-ifm.png\"><img loading=\"lazy\" decoding=\"async\" class=\"wp-image-703 aligncenter\" src=\"http:\/\/members.loria.fr\/SPerdrix\/wp-content\/blogs.dir\/110\/files\/sites\/110\/2024\/04\/logo-gdr-ifm-300x83.png\" alt=\"\" width=\"549\" height=\"152\" srcset=\"https:\/\/members.loria.fr\/SPerdrix\/wp-content\/blogs.dir\/110\/files\/sites\/110\/2024\/04\/logo-gdr-ifm-300x83.png 300w, https:\/\/members.loria.fr\/SPerdrix\/wp-content\/blogs.dir\/110\/files\/sites\/110\/2024\/04\/logo-gdr-ifm.png 640w\" sizes=\"auto, (max-width: 549px) 100vw, 549px\" \/><\/a><\/p>\n<p style=\"text-align: center\">Le GT Informatique Quantique (GT IQ) est un groupe de travail du <a href=\"https:\/\/www.gdr-ifm.fr\/\">GdR Informatique Fondamentale et ses Math\u00e9matiques<\/a> du <a href=\"http:\/\/www.cnrs.fr\/ins2i\/\">CNRS-INS2I<\/a>.<\/p>\n<p>&nbsp;<\/p>\n<h2 style=\"text-align: center\"><strong><a href=\"https:\/\/quantique.labri.fr\/jiq2026\/\">JIQ&rsquo;26 @ LaBRI, 15 &amp; 16 janvier 2026<\/a><\/strong><\/h2>\n<h1>Mission<\/h1>\n<p>Le GT IQ regroupe la communaut\u00e9 informaticienne fran\u00e7aise dont les travaux ou les int\u00e9r\u00eats portent sur l&rsquo;Informatique Quantique en g\u00e9n\u00e9ral.<br \/>\nL&rsquo;une des principales missions du GT IQ est de cr\u00e9er une synergie de sa communaut\u00e9 dans le but de renforcer le nombre de sites fran\u00e7ais \u00e0 reconnaissance internationale sur la th\u00e9matique de l&rsquo;Informatique Quantique.<br \/>\nL\u2019informatique quantique poss\u00e8de une identit\u00e9 forte tout en ayant d\u2019\u00e9troites interactions avec de multiples domaines de l\u2019informatique math\u00e9matique : algorithmique, s\u00e9mantique, cryptographie, complexit\u00e9, th\u00e9orie des graphes, langage de programmation\u2026 L\u2019un des objectifs du GT IQ est donc de promouvoir les interactions avec les divers GT du GdR IFM.<\/p>\n<p>Afin de remplir sa mission, les activit\u00e9s du GT IQ sont concr\u00e8tement articul\u00e9es autour de :<\/p>\n<p>\u2022 Rencontres annuelles JIQ.<br \/>\n\u2022 Visites\/\u00e9changes de doctorants inter-\u00e9quipes du GT IQ : programme \u00ab\u00a0visite de doctorant(e)\u00a0\u00bb<br \/>\n\u2022 Soutiens financiers de jeunes chercheurs (doctorants, postdocs, titulaires) pour assister \u00e0 des conf\u00e9rences li\u00e9es aux th\u00e9matiques du GT IQ<\/p>\n<h1>Contact<\/h1>\n<h2>Responsable<\/h2>\n<p><a class=\"urllink\" href=\"http:\/\/www.loria.fr\/~sperdrix\/\" rel=\"nofollow\">Simon Perdrix<\/a><\/p>\n<p><a href=\"https:\/\/rvilmart.github.io\/\">Renaud Vilmart<\/a><\/p>\n<div class=\"vspace\"><\/div>\n<h2>Listes<\/h2>\n<ul>\n<li>Tout le groupe : gt-iq (at) gdr-ifm (dot) fr<\/li>\n<li>Les doctorants : gt-iq-doctorants (at) gdr-ifm (dot) fr<\/li>\n<li>Les permanents : gt-iq-permanents (at) gdr-ifm (dot) fr<\/li>\n<\/ul>\n<p>Pour rejoindre le GT IQ, inscrivez-vous sur <a href=\"https:\/\/mygdr.hosted.lip6.fr\/\">myGdR<\/a>.<\/p>\n<p class=\"vspace\">Envoyer un mail \u00e0 simon (dot) perdrix (at) loria (dot) fr et\/ou renaud (do) vilmart (at) inria (dot) fr pour<\/p>\n<ul>\n<li>Demander un soutient financier au GT IQ<\/li>\n<li>Promouvoir tout \u00e9v\u00e8nement li\u00e9 au GT IQ<\/li>\n<\/ul>\n<div class=\"vspace\"><\/div>\n<h2><a class=\"urllink\" href=\"http:\/\/www.gdr-im.fr\/?q=node\/24\" rel=\"nofollow\">Programme \u00ab\u00a0visite de doctorant(e)\u00a0\u00bb<\/a><\/h2>\n<p>&nbsp;<\/p>\n<h1>GDR li\u00e9s au GT IQ<\/h1>\n<ul>\n<li><a class=\"urllink\" href=\"https:\/\/www.gdr-ifm.fr\/\" rel=\"nofollow\">GDR IFM Informatique Fondamentale et ses Math\u00e9matiques<\/a><\/li>\n<li><a class=\"urllink\" href=\"http:\/\/gdriqfa.unice.fr\/\" rel=\"nofollow\">GDR TEQ Technologies Quantiques<\/a><\/li>\n<\/ul>\n<p>&nbsp;<\/p>\n<h1>Journ\u00e9es Informatique Quantique (JIQ)<\/h1>\n<h2>Objectifs<\/h2>\n<p>Les Journ\u00e9es IQ (JIQ) ont pour objectif de rassembler la communaut\u00e9 des informaticiens qui travaillent dans le domaine de l&rsquo;informatique quantique. Ces journ\u00e9es permettront d&rsquo;\u00e9changer sur les th\u00e8mes du GT IQ : algorithmique et complexit\u00e9 quantiques, cryptographie quantique, information quantique, mod\u00e8les de calcul quantique, calcul par mesure, graph states, automates quantiques, etc&#8230;<\/p>\n<div class=\"vspace\">Les prochaines journ\u00e9es IQ auront lieu les 15 et 16 janvier \u00e0 Bordeaux.<\/div>\n<h2>Historique<\/h2>\n<ul>\n<li><a href=\"https:\/\/quantique.labri.fr\/jiq2026\/\">Journ\u00e9es 2026<\/a>, Janvier 2026, Labri, Bordeaux.<\/li>\n<li><a href=\"https:\/\/jiq-epiq-2025.sciencesconf.org\/\">Journ\u00e9es 2025<\/a>, Janvier 2025, LMF, Gif-sur-Yvette.<\/li>\n<li><a href=\"https:\/\/conferences.cirm-math.fr\/3130.html\">Journ\u00e9es 2023<\/a>, Septembre 2023, CIRM, Marseille.<\/li>\n<li><a href=\"https:\/\/qi.lip6.fr\/jiq22\/\">Journ\u00e9es 2022<\/a>, Novembre 2022, Jussieu, Paris.<\/li>\n<li><a class=\"urllink\" href=\"https:\/\/quantcert.github.io\/GT-IQ'19\/\" rel=\"nofollow\">Journ\u00e9es 2019<\/a>, Novembre 2019, Besan\u00e7on.<\/li>\n<li><a class=\"urllink\" href=\"https:\/\/members.loria.fr\/FDupuis\/jiq18\/\" rel=\"nofollow\">Journ\u00e9es 2018<\/a>, Novembre 2018, Nancy.<\/li>\n<li><a class=\"urllink\" href=\"https:\/\/members.loria.fr\/SPerdrix\/files\/JIQ17.html\" rel=\"nofollow\">Journ\u00e9es 2017<\/a>, Novembre 2017, Bordeaux.<\/li>\n<li><a class=\"urllink\" href=\"https:\/\/members.loria.fr\/SPerdrix\/files\/archive_GT-IQ\/JIQ16.html\" rel=\"nofollow\">Journ\u00e9es 2016<\/a>, Avril 2016, Marseille.<\/li>\n<li><a class=\"urllink\" href=\"http:\/\/lig-membres.imag.fr\/mhalla\/JIQ-15.html\" rel=\"nofollow\">Journ\u00e9es 2015<\/a>, Novembre 2015, Grenoble.<\/li>\n<li><a class=\"urllink\" href=\"https:\/\/members.loria.fr\/SPerdrix\/files\/archive_GT-IQ\/JIQ14.html\" rel=\"nofollow\">Journ\u00e9es 2014<\/a>,\u00a020-21 novembre 2014, Lyon<\/li>\n<li><a class=\"urllink\" href=\"https:\/\/members.loria.fr\/SPerdrix\/files\/archive_GT-IQ\/JIQ13.html\" rel=\"nofollow\">Journ\u00e9es 2013<\/a>, 14-15 octobre 2013, Nancy<\/li>\n<li>Foun. QI 2 2012,\u00a07-8 september 2012, Orleans<\/li>\n<li><a class=\"urllink\" href=\"http:\/\/www.liafa.univ-paris-diderot.fr\/~jkeren\/gt-iq\/Journees2012.php\" rel=\"nofollow\">Journ\u00e9es 2012<\/a>,\u00a09-10 mai 2012, Paris<\/li>\n<li><a class=\"urllink\" href=\"http:\/\/www.liafa.univ-paris-diderot.fr\/~jkeren\/gt-iq\/Journees2011.php\" rel=\"nofollow\">Journ\u00e9e 2011<\/a>,\u00a027 mai 2011, Paris<\/li>\n<li><a class=\"urllink\" href=\"http:\/\/www.liafa.univ-paris-diderot.fr\/~jkeren\/gt-iq\/Journees2010.php\" rel=\"nofollow\">Journ\u00e9e 2010<\/a>,\u00a022 septembre 2010, Paris<\/li>\n<li><a class=\"urllink\" href=\"http:\/\/membres-liglab.imag.fr\/degorre\/FounQi\/\" rel=\"nofollow\">JIQ&rsquo;09 &amp; Foun. QI&rsquo;09<\/a>,\u00a015-17 juin 2009, Grenoble<\/li>\n<li><a class=\"urllink\" href=\"http:\/\/www.qis.ex.nii.ac.jp\/jstcnrs\/evt200809.html\" rel=\"nofollow\">JIQ&rsquo;08b &amp; 1st FST-CNRS Workshop<\/a>,\u00a025-26 septembre 2008, Paris<\/li>\n<li><a class=\"urllink\" href=\"http:\/\/www.lri.fr\/quantum\/jiq08\/\" rel=\"nofollow\">JIQ&rsquo;08<\/a>,\u00a023 janvier 2008, Paris<\/li>\n<li><a class=\"urllink\" href=\"http:\/\/www.pps.jussieu.fr\/~perdrix\/JIQ07\/\" rel=\"nofollow\">JIQ&rsquo;07<\/a>,\u00a014 et 15 mai 2007, Grenoble<\/li>\n<li>JQAC&rsquo;05,\u00a023 novembre 2005, Lyon (formellemet avant la cr\u00e9ation du GT IQ)<\/li>\n<\/ul>\n<p>&nbsp;<\/p>\n<h1>Liste des \u00e9quipes du GT IQ.<\/h1>\n<p>(class\u00e9s alphab\u00e9tiquement selon la ville, avec les membres permanents)<\/p>\n<h3>LaBRI, Bordeaux<\/h3>\n<ul>\n<li>Cyril Gavoille<\/li>\n<li>Adrian Tanasa<\/li>\n<\/ul>\n<h3>Institut de Math\u00e9matiques de Bordeaux<\/h3>\n<ul>\n<li>Gilles Z\u00e9mor<\/li>\n<\/ul>\n<h3>LIG, Grenoble<\/h3>\n<ul>\n<li>Dominic Horsman<\/li>\n<li>Mehdi Mhalla<\/li>\n<li>Fr\u00e9d\u00e9ric Prost<\/li>\n<\/ul>\n<h3>LIP, Lyon<\/h3>\n<ul>\n<li>Pierre Clairambault<\/li>\n<li>Omar Fawzi<\/li>\n<li>Pascal Koiran<\/li>\n<li>Natacha Portier<\/li>\n<\/ul>\n<h3>ICJ, Lyon<\/h3>\n<ul>\n<li>St\u00e9phane Attal<\/li>\n<li>Guillaume Aubrun<\/li>\n<\/ul>\n<h3>LIS, Marseille<\/h3>\n<ul>\n<li>Giuseppe Di Molfetta<\/li>\n<\/ul>\n<h3>LORIA, Nancy &#8212; Inria Mocqua<\/h3>\n<ul>\n<li>Emmanuel Jeandel<\/li>\n<li>Romain P\u00e9choux<\/li>\n<li>Simon Perdrix<\/li>\n<li>Luc Sanselme<\/li>\n<li>Christophe Vuillot<\/li>\n<li>Vladimir Zamdzhiev<\/li>\n<\/ul>\n<h3>LMF, Saclay &#8212; Inria Quacs<\/h3>\n<ul>\n<li>Pablo Arrighi<\/li>\n<li>Gilles Dowek<\/li>\n<li>Benoit Valiron<\/li>\n<li>Renaud Vilmart<\/li>\n<\/ul>\n<h3>IRIF, Paris<\/h3>\n<ul>\n<li>Claudia Faggian<\/li>\n<li>Iordanis Kerenidis<\/li>\n<li>Sophie Laplante<\/li>\n<li>Fr\u00e9d\u00e9ric Magniez<\/li>\n<li>Miklos Santha<\/li>\n<\/ul>\n<h3>Institut de Math\u00e9matiques de Jussieu, Paris<\/h3>\n<ul>\n<li>Christian Blanchet<\/li>\n<\/ul>\n<h3>Telecom ParisTech, Paris<\/h3>\n<ul>\n<li>Romain All\u00e9aume<\/li>\n<li>Isabelle Zaquine<\/li>\n<\/ul>\n<h3>LIP6, Sorbonne Universit\u00e9, Paris<\/h3>\n<ul>\n<li>Eleni Diamanti<\/li>\n<li>Alex Grilo<\/li>\n<li>Fr\u00e9d\u00e9ric Grosshans<\/li>\n<li>Elham Kashefi<\/li>\n<li>Damian Markham<\/li>\n<\/ul>\n<h3>IRISA, Rennes &#8212; Inria PACAP<\/h3>\n<ul>\n<li>Caroline Collange<\/li>\n<\/ul>\n<h3 class=\"LC20lb DKV0Md\">Institut de Math\u00e9matiques de Toulouse<\/h3>\n<ul>\n<li>Ion Nechita<\/li>\n<li>Cl\u00e9ment Pellegrini<\/li>\n<\/ul>\n<h3>Inria COSMIQ, Paris<\/h3>\n<ul>\n<li>Andr\u00e9 Chailloux<\/li>\n<li>Anthony Leverrier<\/li>\n<li>Mar\u00eda Naya-Plasencia<\/li>\n<li>Jean-Pierre Tillich<\/li>\n<\/ul>\n<h3>Institut de Recherche en Math\u00e9matique Avanc\u00e9e, Strasbourg<\/h3>\n<ul>\n<li>Michel Coornaert<\/li>\n<li>Maurice Mignotte<\/li>\n<li>S\u00e9bastien Moriceau<\/li>\n<\/ul>\n<h3>LIPN, Villetaneuse<\/h3>\n<ul>\n<li>Youn\u00e8s BENNANI<\/li>\n<li>Stefano Guerrini<\/li>\n<li>Nistor GROZAVU<\/li>\n<li>Mohamed HIBTI<\/li>\n<li>Basarab MATEI<\/li>\n<\/ul>\n<h3>XLim, Limoges<\/h3>\n<ul>\n<li>Fran\u00e7ois Arnault<\/li>\n<li>Simone Naldi<\/li>\n<\/ul>\n<h3>FEMTO-ST, Besan\u00e7on<\/h3>\n<ul>\n<li>Alain Giorgetti<\/li>\n<\/ul>\n<h3>ICB, Belfort<\/h3>\n<ul>\n<li>Fr\u00e9d\u00e9ric Holweck<\/li>\n<\/ul>\n","protected":false},"excerpt":{"rendered":"<p><a href=\"http:\/\/members.loria.fr\/SPerdrix\/wp-content\/blogs.dir\/110\/files\/sites\/110\/2024\/04\/logo-gdr-ifm.png\"><img loading=\"lazy\" decoding=\"async\" class=\"wp-image-703 aligncenter\" src=\"http:\/\/members.loria.fr\/SPerdrix\/wp-content\/blogs.dir\/110\/files\/sites\/110\/2024\/04\/logo-gdr-ifm-300x83.png\" alt=\"\" width=\"549\" height=\"152\" srcset=\"https:\/\/members.loria.fr\/SPerdrix\/wp-content\/blogs.dir\/110\/files\/sites\/110\/2024\/04\/logo-gdr-ifm-300x83.png 300w, https:\/\/members.loria.fr\/SPerdrix\/wp-content\/blogs.dir\/110\/files\/sites\/110\/2024\/04\/logo-gdr-ifm.png 640w\" sizes=\"auto, (max-width: 549px) 100vw, 549px\" \/><\/a><\/p>\n<p style=\"text-align: center\">Le GT Informatique Quantique (GT IQ) est un groupe de travail du <a href=\"https:\/\/www.gdr-ifm.fr\/\">GdR Informatique Fondamentale et ses Math\u00e9matiques<\/a> du <a href=\"http:\/\/www.cnrs.fr\/ins2i\/\">CNRS-INS2I<\/a>.<\/p>\n<p>&nbsp;<\/p>\n<p><a href=\"https:\/\/quantique.labri.fr\/jiq2026\/\">JIQ&rsquo;26 @ LaBRI, 15 &amp; 16 janvier 2026<\/a><br \/>\nMission<\/p>\n<p>Le GT IQ regroupe la communaut\u00e9 informaticienne fran\u00e7aise dont les travaux ou les int\u00e9r\u00eats portent sur l&rsquo;Informatique Quantique en g\u00e9n\u00e9ral.<br \/>\nL&rsquo;une des principales missions du GT IQ est de cr\u00e9er une synergie de sa communaut\u00e9 dans le but de renforcer le nombre de sites fran\u00e7ais \u00e0 reconnaissance internationale sur la th\u00e9matique de l&rsquo;Informatique Quantique.<\/p>\n","protected":false},"author":93,"featured_media":0,"parent":0,"menu_order":0,"comment_status":"closed","ping_status":"closed","template":"page-fullwidth.php","meta":{"footnotes":""},"class_list":["post-377","page","type-page","status-publish","hentry"],"_links":{"self":[{"href":"https:\/\/members.loria.fr\/SPerdrix\/wp-json\/wp\/v2\/pages\/377","targetHints":{"allow":["GET"]}}],"collection":[{"href":"https:\/\/members.loria.fr\/SPerdrix\/wp-json\/wp\/v2\/pages"}],"about":[{"href":"https:\/\/members.loria.fr\/SPerdrix\/wp-json\/wp\/v2\/types\/page"}],"author":[{"embeddable":true,"href":"https:\/\/members.loria.fr\/SPerdrix\/wp-json\/wp\/v2\/users\/93"}],"replies":[{"embeddable":true,"href":"https:\/\/members.loria.fr\/SPerdrix\/wp-json\/wp\/v2\/comments?post=377"}],"version-history":[{"count":38,"href":"https:\/\/members.loria.fr\/SPerdrix\/wp-json\/wp\/v2\/pages\/377\/revisions"}],"predecessor-version":[{"id":747,"href":"https:\/\/members.loria.fr\/SPerdrix\/wp-json\/wp\/v2\/pages\/377\/revisions\/747"}],"wp:attachment":[{"href":"https:\/\/members.loria.fr\/SPerdrix\/wp-json\/wp\/v2\/media?parent=377"}],"curies":[{"name":"wp","href":"https:\/\/api.w.org\/{rel}","templated":true}]}}