{"id":10,"date":"2015-06-15T10:23:49","date_gmt":"2015-06-15T08:23:49","guid":{"rendered":"http:\/\/members.loria.fr\/thierrygartiser\/?page_id=10"},"modified":"2015-10-02T14:47:49","modified_gmt":"2015-10-02T12:47:49","slug":"faq3","status":"publish","type":"page","link":"https:\/\/members.loria.fr\/infodoc\/faq\/faq3\/","title":{"rendered":"FAQ3 : r\u00e9glages"},"content":{"rendered":"<p>Questions :<\/p>\n<ol>\n<li><a href=\"#1\">comment WordPress adresse-t-il ses pages sur le web ?<\/a><\/li>\n<li><a href=\"#2\">comment activer\/d\u00e9sactiver le mode Maintenance ?<\/a><\/li>\n<li><a href=\"#3\">comment ?<\/a><\/li>\n<\/ol>\n<p>R\u00e9ponses :<\/p>\n<ol>\n<li class=\"faqsep\"><a name=\"1\"><\/a><span class=\"faqreponse\">comment WordPress adresse-t-il ses pages sur le web<\/span> :\n<ul>\n<li>par d\u00e9faut, WordPress produit des URLs (adresses web) avec un point d&rsquo;interrogation suivi d&rsquo;une suite de chiffres impossibles ) m\u00e9moriser.<\/li>\n<li>l&rsquo;option <b>R\u00e9glages<\/b> > <b>Permaliens<\/b> de votre <b>Tableau de bord<\/b> permet cependant de modifier ce r\u00e9glage pour produire des adresses plus lisibles.<\/li>\n<li>nous avons pr\u00e9-r\u00e9gl\u00e9 les <b>Options de permaliens<\/b> sur <b>Nom de l\u2019article<\/b>, ce qui produit des URLs faciles \u00e0 lire et \u00e0 m\u00e9moriser, et coh\u00e9rentes entre les diff\u00e9rents types de contenus (articles, pages, cat\u00e9gories,&#8230;).<\/li>\n<li>\n<div class=\"encadre\">\n<b>Attention : <\/b> ne modifiez pas ce param\u00e8tre une fois que vous avez diffus\u00e9 des adresses, celles-ci seraient alors rendues invalides.<\/div>\n<\/li>\n<\/ul>\n<\/li>\n<li class=\"faqsep\"><a name=\"2\"><\/a><span class=\"faqreponse\">comment activer\/d\u00e9sactiver le <b>mode Maintenance<\/b><\/span> :\n<ul>\n<li>l&rsquo;extension \u00ab\u00a0<b>WP Maintenance Mode<\/b>\u00a0\u00bb permet de bloquer votre site en lecture en affichant une \u00ab\u00a0<i>page de maintenance<\/i>\u00ab\u00a0<\/li>\n<li>elle est utile dans 2 cas de figure :\n<ul>\n<li>lorsque vous faites des modifications importantes sur le site<\/li>\n<li>lorsque le Superadmin (webmaster) d\u00e9tecte un probl\u00e8me sur votre site, il peut \u00e9galement r\u00e9aliser l&rsquo;op\u00e9ration : par exemple si des contenus litigieux sont trouv\u00e9s sur le site. Dans ce cas, vous pourrez vous-m\u00eame d\u00e9sactiver le <b>mode Maintenance<\/b> lorsque le probl\u00e8me aura \u00e9t\u00e9 corrig\u00e9.<\/li>\n<\/ul>\n<\/li>\n<li>quand un site est en <b>mode Maintenance<\/b>, une page sp\u00e9ciale s&rsquo;affiche pour l&rsquo;utilisateur non connect\u00e9.<\/li>\n<li>pour modifier les options du <b>mode Maintenance<\/b>, il faut d&rsquo;abord <a href=\"\">vous connecter \u00e0 votre site<\/a>, puis dans le <b>Tableau de bord<\/b>, il faut se rendre sur la page <b>R\u00e9glages<\/b> > <b>WP Maintenance Mode<\/b>\n<div class=\"encadre\">\n<img decoding=\"async\" src=\"http:\/\/homepages.loria.fr\/infodoc\/img\/tutoriel\/maintenance-02.png\" alt=\"mode Maintenance\" \/>\n<\/div>\n<\/li>\n<li>cette page comporte 3 onglets : <b>G\u00e9n\u00e9ral<\/b>, <b>Design<\/b>, et <b>Modules<\/b>.\n<div class=\"encadre\">\n<img decoding=\"async\" src=\"http:\/\/homepages.loria.fr\/infodoc\/img\/tutoriel\/maintenance-03.png\" alt=\"mode Maintenance\" \/>\n<\/div>\n<ul>\n<li>sur l&rsquo;onglet <b>G\u00e9n\u00e9ral<\/b>, vous pouvez activer\/d\u00e9sactiver le <b>mode Maintenance<\/b>, avec diverses options. L&rsquo;utilisation est triviale. N&rsquo;oubliez pas de cliquer sur le bouton <b>Save settings<\/b> en bas de page pour valider vos modifications.<\/li>\n<li>l&rsquo;onglet <b>Design<\/b> vous propose de modifier le contenu et l&rsquo;aspect de la <i>page de maintenance<\/i> : attention, vous pouvez bien s\u00fbr utiliser l&rsquo;\u00e9diteur en mode <i>Texte<\/i> pour formater votre texte avec des balises HTML, mais le template du site (et donc la feuille de style) n&rsquo;est pas charg\u00e9, et le contenu est limit\u00e9 \u00e0 un cadre en milieu de page.<\/li>\n<li>enfin l&rsquo;onglet <b>Modules<\/b> propose quelques options suppl\u00e9mentaires<\/li>\n<\/ul>\n<\/li>\n<\/ul>\n<\/li>\n<li class=\"faqsep\"><a name=\"3\"><\/a><span class=\"faqreponse\">comment<\/span> :\n<ul>\n<li><\/li>\n<\/ul>\n<\/li>\n<\/ol>\n","protected":false},"excerpt":{"rendered":"<p>Questions :<\/p>\n<ol>\n<li><a href=\"#1\">comment WordPress adresse-t-il ses pages sur le web ?<\/a><\/li>\n<li><a href=\"#2\">comment activer\/d\u00e9sactiver le mode Maintenance ?<\/a><\/li>\n<li><a href=\"#3\">comment ?<\/a><\/li>\n<\/ol>\n<p>R\u00e9ponses :<\/p>\n<ol>\n<li class=\"faqsep\"><a name=\"1\"><\/a>comment WordPress adresse-t-il ses pages sur le web :\n<ul>\n<li>par d\u00e9faut, WordPress produit des URLs (adresses web) avec un point d&rsquo;interrogation suivi d&rsquo;une suite de chiffres impossibles ) m\u00e9moriser.<\/li>\n<li>l&rsquo;option R\u00e9glages Permaliens de votre Tableau de bord permet cependant de modifier ce r\u00e9glage pour produire des adresses plus lisibles.<\/li>\n<li>nous avons pr\u00e9-r\u00e9gl\u00e9 les Options de permaliens sur Nom de l\u2019article,<\/li>\n<\/ul>\n<\/li>\n<\/ol>\n","protected":false},"author":5,"featured_media":0,"parent":50,"menu_order":0,"comment_status":"closed","ping_status":"closed","template":"page-fullwidth.php","meta":{"footnotes":""},"class_list":["post-10","page","type-page","status-publish","hentry"],"_links":{"self":[{"href":"https:\/\/members.loria.fr\/infodoc\/wp-json\/wp\/v2\/pages\/10","targetHints":{"allow":["GET"]}}],"collection":[{"href":"https:\/\/members.loria.fr\/infodoc\/wp-json\/wp\/v2\/pages"}],"about":[{"href":"https:\/\/members.loria.fr\/infodoc\/wp-json\/wp\/v2\/types\/page"}],"author":[{"embeddable":true,"href":"https:\/\/members.loria.fr\/infodoc\/wp-json\/wp\/v2\/users\/5"}],"replies":[{"embeddable":true,"href":"https:\/\/members.loria.fr\/infodoc\/wp-json\/wp\/v2\/comments?post=10"}],"version-history":[{"count":45,"href":"https:\/\/members.loria.fr\/infodoc\/wp-json\/wp\/v2\/pages\/10\/revisions"}],"predecessor-version":[{"id":854,"href":"https:\/\/members.loria.fr\/infodoc\/wp-json\/wp\/v2\/pages\/10\/revisions\/854"}],"up":[{"embeddable":true,"href":"https:\/\/members.loria.fr\/infodoc\/wp-json\/wp\/v2\/pages\/50"}],"wp:attachment":[{"href":"https:\/\/members.loria.fr\/infodoc\/wp-json\/wp\/v2\/media?parent=10"}],"curies":[{"name":"wp","href":"https:\/\/api.w.org\/{rel}","templated":true}]}}