{"id":1133,"date":"2016-06-29T11:25:48","date_gmt":"2016-06-29T09:25:48","guid":{"rendered":"http:\/\/members.loria.fr\/infodoc\/?page_id=1133"},"modified":"2016-12-02T12:13:04","modified_gmt":"2016-12-02T10:13:04","slug":"redirections","status":"publish","type":"page","link":"https:\/\/members.loria.fr\/infodoc\/redirections\/","title":{"rendered":"Les redirections"},"content":{"rendered":"<p>Vous pouvez demander 2 types de redirections :<\/p>\n<ol>\n<li>des redirections pour valider d&rsquo;autres libell\u00e9s de votre <i>pseudo<\/i>, fix\u00e9 par d\u00e9faut \u00e0 PNom, o\u00f9 P repr\u00e9sente les initiales de vos pr\u00e9noms et Nom votre nom complet (fichier de redirection sur members.loria.fr) :\n<pre>\r\nexemple :\r\nhttps:\/\/members.loria.fr\/Prenom.Nom\/ -> https:\/\/members.loria.fr\/PNom\/\r\n<\/pre>\n<\/li>\n<li>des redirections de vos anciennes <i>homepages<\/i> vers les nouvelles (fichier de redirection sur www.loria.fr) :\n<pre>http:\/\/www.loria.fr\/~mon_login -> https:\/\/members.loria.fr\/PNom\/<\/pre>\n<\/li>\n<\/ol>\n<h3>1. sur members.loria.fr<\/h3>\n<ul>\n<li>vous pouvez demander \u00e0 rajouter d&rsquo;autres formes de pseudo qui sont plus habituelles pour vos lecteurs, \u00e0 condition bien s\u00fbr qu&rsquo;elles n&rsquo;entrent pas en conflit avec les r\u00e8gles d\u00e9j\u00e0 existantes.<\/li>\n<li>nous ajoutons syst\u00e9matiquement des r\u00e8gles pour valider le pseudo correspondant au \u00ab\u00a0mail canonique\u00a0\u00bb : Prenom.Nom<\/li>\n<\/ul>\n<h3>les r\u00e8gles par d\u00e9faut pour un site statique<\/h3>\n<pre>\r\nRewriteRule ^[Pp][Nn]om$ PNom\/ [R=301,L]\r\nRewriteRule ^[Pp][Nn]om\/(.*)$ http:\/\/homepages.loria.fr\/PNom\/$1 [P,L]\r\nRewriteRule ^[Pp]renom\\.[Nn]om$ Prenom.Nom\/ [R=301,L]\r\nRewriteRule ^[Pp]renom\\.[Nn]om\/(.*)$ http:\/\/homepages.loria.fr\/PNom\/$1 [P,L]\r\n<\/pre>\n<p>* <i>homepages.loria.fr est le serveur effectif des pages statiques, il est masqu\u00e9 par le m\u00e9canisme de reverse-proxy<\/i><\/p>\n<h3>les r\u00e8gles par d\u00e9faut pour un site wordpress (+statique)<\/h3>\n<pre>\r\nRewriteRule ^[Pp]renom\\.[Nn]om$ PNom\/ [R=301,L]\r\nRewriteRule ^[Pp]renom\\.[Nn]om\/(.*)$ PNom\/$1 [R=301,L]\r\n<\/pre>\n<h3>2. sur www.loria.fr<\/h3>\n<p>Sur le site institutionnel qui redirigeait vers l&rsquo;ancien serveur de homepages (avec le vieux m\u00e9canisme du ~login), nous ajoutons <b>\u00e0 la demande<\/b>, et <b>apr\u00e8s que le nouveau site ait \u00e9t\u00e9 valid\u00e9<\/b> par l&rsquo;utilisateur, des r\u00e8gles pour rediriger les anciennes URLs vers le nouveau site.<br \/>\nCela ne peut pas \u00eatre fait par d\u00e9faut, car il y a de nombreux cas de figure, par exemple :<\/p>\n<ul>\n<li>si le nouveau et l&rsquo;ancien site ont des structures identiques (ce qui veut dire que vous avez simplement recopi\u00e9 des pages html de l&rsquo;ancien volume \/web-homepages\/ vers le nouveau volume \/hp_files\/) <b>sans changer le nom et la hi\u00e9rarchie des pages<\/b>, nous pouvons faire une redirection int\u00e9grale de l&rsquo;arborescence.<\/li>\n<li>si votre nouveau site est diff\u00e9rent de l&rsquo;ancien (soit parce que vous utilisez la solution WordPress, soit parce que sur l&rsquo;ancien site vous utilisiez du code ex\u00e9cut\u00e9 c\u00f4t\u00e9 serveur, et donc des URLs pointant sur des fichiers .php, .pl, .py&#8230;) ou que vous avez modifi\u00e9 la structure du site, une redirection int\u00e9grale serait incoh\u00e9rente. Nous ferons donc une redirection de toutes vos anciennes URLs vers la racine du nouveau site. Vous pouvez aussi demander \u00e0 ce que certaines URLs importantes (des liens largements publi\u00e9s dans la litt\u00e9rature par exemple) soient redirig\u00e9es sp\u00e9cifiquement vers leur \u00e9quivalent sur le nouveau site.<\/li>\n<\/ul>\n","protected":false},"excerpt":{"rendered":"<p>Vous pouvez demander 2 types de redirections :<\/p>\n<ol>\n<li>des redirections pour valider d&rsquo;autres libell\u00e9s de votre <i>pseudo<\/i>, fix\u00e9 par d\u00e9faut \u00e0 PNom, o\u00f9 P repr\u00e9sente les initiales de vos pr\u00e9noms et Nom votre nom complet (fichier de redirection sur members.loria.fr) :\n<p>exemple :<br \/>\nhttps:\/\/members.loria.fr\/Prenom.Nom\/ -https:\/\/members.loria.fr\/PNom\/<\/p>\n<\/li>\n<li>des redirections de vos anciennes <i>homepages<\/i> vers les nouvelles (fichier de redirection sur www.loria.fr) :<br \/>\nhttp:\/\/www.loria.fr\/~mon_login -https:\/\/members.loria.fr\/PNom\/\n<\/li>\n<\/ol>\n<p>1. sur members.loria.fr<\/p>\n<ul>\n<li>vous pouvez demander \u00e0 rajouter d&rsquo;autres formes de pseudo qui sont plus habituelles pour vos lecteurs, \u00e0 condition bien s\u00fbr qu&rsquo;elles n&rsquo;entrent pas en conflit avec les r\u00e8gles d\u00e9j\u00e0 existantes.<\/li>\n<\/ul>\n","protected":false},"author":5,"featured_media":0,"parent":0,"menu_order":0,"comment_status":"closed","ping_status":"closed","template":"page-fullwidth.php","meta":{"footnotes":""},"class_list":["post-1133","page","type-page","status-publish","hentry"],"_links":{"self":[{"href":"https:\/\/members.loria.fr\/infodoc\/wp-json\/wp\/v2\/pages\/1133","targetHints":{"allow":["GET"]}}],"collection":[{"href":"https:\/\/members.loria.fr\/infodoc\/wp-json\/wp\/v2\/pages"}],"about":[{"href":"https:\/\/members.loria.fr\/infodoc\/wp-json\/wp\/v2\/types\/page"}],"author":[{"embeddable":true,"href":"https:\/\/members.loria.fr\/infodoc\/wp-json\/wp\/v2\/users\/5"}],"replies":[{"embeddable":true,"href":"https:\/\/members.loria.fr\/infodoc\/wp-json\/wp\/v2\/comments?post=1133"}],"version-history":[{"count":13,"href":"https:\/\/members.loria.fr\/infodoc\/wp-json\/wp\/v2\/pages\/1133\/revisions"}],"predecessor-version":[{"id":1637,"href":"https:\/\/members.loria.fr\/infodoc\/wp-json\/wp\/v2\/pages\/1133\/revisions\/1637"}],"wp:attachment":[{"href":"https:\/\/members.loria.fr\/infodoc\/wp-json\/wp\/v2\/media?parent=1133"}],"curies":[{"name":"wp","href":"https:\/\/api.w.org\/{rel}","templated":true}]}}