{"id":1271,"date":"2016-09-19T13:27:57","date_gmt":"2016-09-19T11:27:57","guid":{"rendered":"http:\/\/members.loria.fr\/infodoc\/?page_id=1271"},"modified":"2016-09-19T14:59:07","modified_gmt":"2016-09-19T12:59:07","slug":"inserer-une-video-dans-une-page-ou-un-article","status":"publish","type":"page","link":"https:\/\/members.loria.fr\/infodoc\/inserer-une-video-dans-une-page-ou-un-article\/","title":{"rendered":"Ins\u00e9rer une vid\u00e9o dans une page ou un article"},"content":{"rendered":"<p>Par d\u00e9faut (et contrairement \u00e0 un site WordPress \u00ab\u00a0standalone\u00a0\u00bb comme vous en avez peut-\u00eatre pour votre \u00e9quipe ou pour vos conf\u00e9rences), les r\u00e9seaux de sites WordPress (ou WordPress Multi-Sites) bloquent la possibilit\u00e9 d&rsquo;inclure directement des vid\u00e9os.<br \/>\nCeci est simplement du au fait que l&rsquo;\u00e9diteur de pages ou d&rsquo;articles est brid\u00e9 : vous ne pouvez pas inclure dans vos pages certaines balises HTML, n\u00e9cessaires pour l&rsquo;inclusion de m\u00e9dias externes (ici la balise &lt;iframe&gt;), mais qui posent de nombreux probl\u00e8mes de s\u00e9curit\u00e9. Si vous essayez de saisir d&rsquo;autres codes \u00ab\u00a0plus malveillants\u00a0\u00bb, vous constaterez sans doute qu&rsquo;ils seront \u00e9galement \u00e9limin\u00e9s.<\/p>\n<h2>Coutournement pour l&rsquo;inclusion de videos<\/h2>\n<p>Nous avons donc ajout\u00e9 un plugin qui permet de g\u00e9n\u00e9rer sp\u00e9cifiquement cette balise &lt;iframe&gt; par l&rsquo;interm\u00e9diaire d&rsquo;un shortcode, qui accepte les m\u00eames arguments que la balise.<br \/>\nL&#8217;emploi g\u00e9n\u00e9ral de ce shortcode est le suivant :<br \/>\nPour remplacer la balise<\/p>\n<pre>\r\n&lt;iframe width=\"560\" height=\"315\" src=\"https:\/\/www.youtube.com\/embed\/pOtuqYzJTsM\" frameborder=\"0\" allowfullscreen&gt;&lt;\/iframe&gt;\r\n<\/pre>\n<p>tapez le shortcode :<\/p>\n<pre>\r\n&#091;iframe width=\"560\" height=\"315\" src=\"https:\/\/www.youtube.com\/embed\/pOtuqYzJTsM\" frameborder=\"0\" allowfullscreen&#093;\r\n<\/pre>\n<h2>Comment utiliser le plugin IFRAME ?<\/h2>\n<ul>\n<li>Il faudra donc d&rsquo;abord r\u00e9cup\u00e9rer le \u00ab\u00a0bon\u00a0\u00bb document sur le serveur de streaming, c&rsquo;est \u00e0 dire celui au mode \u00ab\u00a0embed\u00a0\u00bb (permettant donc l&rsquo;inclusion dans une page locale).<\/li>\n<li>Commencez par rep\u00e9rer, sur YouTube ou un autre serveur vid\u00e9o offrant cette facilit\u00e9, la vid\u00e9o de votre choix.\n<div class=\"encadre\">\n<img decoding=\"async\" src=\"\/infodoc\/files\/img\/manips\/ajoutvideo-01.png\" alt=\"ajout video 1\" \/><\/div>\n<\/li>\n<li>Sous la vid\u00e9o apparaissent certaines options :\n<div class=\"encadre\">\n<img decoding=\"async\" src=\"\/infodoc\/files\/img\/manips\/ajoutvideo-02b.png\" alt=\"ajout video 2\" \/><\/div>\n<p>Cliquez sur <b>Partager<\/b>\n<\/li>\n<li>Une nouvelle barre apparait, ne choisissez pas l&rsquo;option <b>Partager<\/b>, mais cliquez sur <b>Int\u00e9grer<\/b>\n<div class=\"encadre\">\n<img decoding=\"async\" src=\"\/infodoc\/files\/img\/manips\/ajoutvideo-03b.png\" alt=\"ajout video 2\" \/><\/div>\n<\/li>\n<li>Un nouveau code apparait, , avec les balises &lt;iframe&gt; et le mode <b>embed<\/b>\n<div class=\"encadre\">\n<img decoding=\"async\" src=\"\/infodoc\/files\/img\/manips\/ajoutvideo-04b.png\" alt=\"ajout video 2\" \/><\/div>\n<p>Copiez l&rsquo;ensemble du code.\n<\/li>\n<li>Retournez \u00e0 la page de votre site dans laquelle vous allez ins\u00e9rer la vid\u00e9o. Passez en <b>\u00c9dition<\/b>, et mettez votre \u00e9diteur en mode <b>Texte<\/b>. \u00c0 l&rsquo;endroit ou vous voulez ins\u00e9rer la vid\u00e9o, collez le code pr\u00e9c\u00e9demment copi\u00e9. N&rsquo;enregistrez pas, ce code est incompatible avec les r\u00e9glages de votre \u00e9diteur ! Il va d&rsquo;abord falloir le modifier !\n<\/li>\n<li>Comme vu plus hait dans la syntaxe globale du shortcode, la modification est simple :\n<ul>\n<li>supprimez la balise fermante <b>&lt;\/iframe&gt;<\/b><\/li>\n<li>dans la balise ouvrante, remplacez <b>&lt;<\/b> par <b>&#091;<\/b> et <b>&gt;<\/b> par <b>&#093;<\/b>, de mani\u00e8re \u00e0 obtenir <b>&#091;iframe width=&#39;560&#39; height=&#39;315&#39; src=&#39;https:\/\/www.youtube.com\/embed\/pOtuqYzJTsM&#39; frameborder=&#39;0&#39; allowfullscreen&#093;<\/b><\/li>\n<\/ul>\n<\/li>\n<\/ul>\n<p>Enregistrez le document, et cliquez sur \u00ab\u00a0Voir la page\u00a0\u00bb dans votre menu haut, vous devriez voir la vid\u00e9o directement dans votre page !<\/p>\n<p>Et voici donc le r\u00e9sultat :<\/p>\n\n<!-- iframe plugin v.6.0 wordpress.org\/plugins\/iframe\/ -->\n<iframe loading=\"lazy\" width=\"560\" height=\"315\" src=\"https:\/\/www.youtube.com\/embed\/pOtuqYzJTsM\" frameborder=\"0\" 0=\"allowfullscreen\" scrolling=\"yes\" class=\"iframe-class\"><\/iframe>\n\n","protected":false},"excerpt":{"rendered":"<p>Par d\u00e9faut (et contrairement \u00e0 un site WordPress \u00ab\u00a0standalone\u00a0\u00bb comme vous en avez peut-\u00eatre pour votre \u00e9quipe ou pour vos conf\u00e9rences), les r\u00e9seaux de sites WordPress (ou WordPress Multi-Sites) bloquent la possibilit\u00e9 d&rsquo;inclure directement des vid\u00e9os.<br \/>\nCeci est simplement du au fait que l&rsquo;\u00e9diteur de pages ou d&rsquo;articles est brid\u00e9 : vous ne pouvez pas inclure dans vos pages certaines balises HTML, n\u00e9cessaires pour l&rsquo;inclusion de m\u00e9dias externes (ici la balise &lt;iframe&gt;), mais qui posent de nombreux probl\u00e8mes de s\u00e9curit\u00e9. Si vous essayez de saisir d&rsquo;autres codes \u00ab\u00a0plus malveillants\u00a0\u00bb, vous constaterez sans doute qu&rsquo;ils seront \u00e9galement \u00e9limin\u00e9s.<\/p>\n","protected":false},"author":5,"featured_media":0,"parent":0,"menu_order":0,"comment_status":"closed","ping_status":"closed","template":"","meta":{"footnotes":""},"class_list":["post-1271","page","type-page","status-publish","hentry"],"_links":{"self":[{"href":"https:\/\/members.loria.fr\/infodoc\/wp-json\/wp\/v2\/pages\/1271","targetHints":{"allow":["GET"]}}],"collection":[{"href":"https:\/\/members.loria.fr\/infodoc\/wp-json\/wp\/v2\/pages"}],"about":[{"href":"https:\/\/members.loria.fr\/infodoc\/wp-json\/wp\/v2\/types\/page"}],"author":[{"embeddable":true,"href":"https:\/\/members.loria.fr\/infodoc\/wp-json\/wp\/v2\/users\/5"}],"replies":[{"embeddable":true,"href":"https:\/\/members.loria.fr\/infodoc\/wp-json\/wp\/v2\/comments?post=1271"}],"version-history":[{"count":21,"href":"https:\/\/members.loria.fr\/infodoc\/wp-json\/wp\/v2\/pages\/1271\/revisions"}],"predecessor-version":[{"id":1294,"href":"https:\/\/members.loria.fr\/infodoc\/wp-json\/wp\/v2\/pages\/1271\/revisions\/1294"}],"wp:attachment":[{"href":"https:\/\/members.loria.fr\/infodoc\/wp-json\/wp\/v2\/media?parent=1271"}],"curies":[{"name":"wp","href":"https:\/\/api.w.org\/{rel}","templated":true}]}}