{"id":417,"date":"2015-08-10T17:20:23","date_gmt":"2015-08-10T15:20:23","guid":{"rendered":"http:\/\/members.loria.fr\/infodoc\/?page_id=417"},"modified":"2016-02-11T19:09:59","modified_gmt":"2016-02-11T17:09:59","slug":"version","status":"publish","type":"page","link":"https:\/\/members.loria.fr\/infodoc\/manips\/version\/","title":{"rendered":"Particularit\u00e9s du nouveau site"},"content":{"rendered":"<h3>Fonctionnement g\u00e9n\u00e9ral<\/h3>\n<p>Les nouvelles \u00ab\u00a0pages professionnelles\u00a0\u00bb de notre \u00e9tablissement sont constitu\u00e9es de 2 parties :<\/p>\n<ul>\n<li>une partie dynamique, g\u00e9r\u00e9e par WordPress,<\/li>\n<li>et une partie statique, que vous pouvez g\u00e9rer comme vous le faisiez depuis plus de 20 ans.<\/li>\n<\/ul>\n<p>Chaque partie est servie par un virtualHost sp\u00e9cifique, mais des r\u00e8gles de r\u00e9\u00e9criture permettront de tout voir sous la m\u00eame URL (voir la <a href=\"#nommage\">section \u00ab\u00a0nommage\u00a0\u00bb<\/a>).<br \/>\nLors de la cr\u00e9ation du site, nous vous demanderons si vous souhaitez utiliser l&rsquo;une ou l&rsquo;autre de ces possibilit\u00e9s ou les deux, pour mettre en place les r\u00e8gles de r\u00e9\u00e9criture ad\u00e9quates.<\/p>\n<h4>la partie WordPress<\/h4>\n<ul>\n<li>si vous avez d\u00e9j\u00e0 l&rsquo;habitude de g\u00e9rer un site WordPress (par exemple si vous g\u00e9rez un blog chez un fournisseur d&rsquo;acc\u00e8s internet externe), vous constaterez quelques petites diff\u00e9rences dans les options propos\u00e9es par l&rsquo;interface d&rsquo;administration de votre site : nous utilisons en effet une version un peu sp\u00e9ciale de WordPress, dite <i>multi-sites<\/i> ou <i>multi-utilisateurs<\/i>, qui permet \u00e0 un <i><b>super-administrateur<\/b><\/i> d&rsquo;effectuer toutes les t\u00e2ches fastidieuses d&rsquo;installation et de mises-\u00e0-jour du logiciel.<\/li>\n<li>le <i>super-administrateur<\/i> met \u00e0 votre disposition un certain nombre d&rsquo;outils (th\u00e8mes, extensions,\u2026) et effectue les r\u00e9glages g\u00e9n\u00e9riques. Par exemple, il a \u00e9t\u00e9 d\u00e9cid\u00e9 pour des raisons de s\u00e9curit\u00e9 d&rsquo;interdire globalement les commentaires sur ces pages. C&rsquo;est pour cela que vous ne trouverez pas dans votre menu d&rsquo;administration les options classiques de gestion de ce type de contenu.<\/li>\n<li>l&rsquo;<i>administrateur de site<\/i> (vous) ne voit dans son interface d&rsquo;administration que les options <i>autoris\u00e9es<\/i> pour son site. Pour obtenir d&rsquo;autres options, et dans la mesure ou ces options seraient valid\u00e9es par la charte d&rsquo;usage de ces sites, il devra en faire la demande aupr\u00e8s du <i>super-administrateur<\/i>.<\/li>\n<li>en \u00e9change, vous avez la garantie d&rsquo;avoir un CMS toujours \u00e0 jour et qui ne sera donc pas sensible aux failles de s\u00e9curit\u00e9.<\/li>\n<\/ul>\n<h4>l&rsquo;espace statique<\/h4>\n<ul>\n<li>par ailleurs, vous disposez aussi d&rsquo;un \u00ab\u00a0espace web\u00a0\u00bb classique : une partition sp\u00e9cifique du NAS est d\u00e9di\u00e9e au pages web professionnelles (elle s&rsquo;appelle maintenant \/hpfiles\/ et remplace l&rsquo;ancienne partition \/homepages\/), vous pouvez la monter sur votre poste de travail pour y d\u00e9poser vos fichiers (voir <a href=\"\">infodoc<\/a>.<\/li>\n<li><b>Attention : <i>cet espace ne permet plus l&rsquo;ex\u00e9cution de programmes (PHP, Perl,&#8230;)<\/i><\/b>, et est donc r\u00e9serv\u00e9 \u00e0 des pages en pur HTML ou au d\u00e9p\u00f4t de fichiers de type m\u00e9dias ou documents (images, vid\u00e9os, PDF, &#8230;).<\/li>\n<li>Si vous aviez l&rsquo;habitude de travailler avec un outil de g\u00e9n\u00e9ration de pages (CMS comme pmwiki), vous pouvez en faire une installation locale, et automatiser une mise \u00e0 jour de ces pages statiques par aspiration.<\/li>\n<li>Pour acc\u00e9der aux pages de cet espace depuis votre site WordPress \/mon_pseudo\/, une URL sp\u00e9cifique est r\u00e9serv\u00e9e :<br \/>\n\/mon_pseudo\/files\/[chemin-sur-l-espace-web]<br \/>\nVoir le <a href=\"\/infodoc\/tutoriel\/lecon7\/\">Tutoriel7<\/a> pour plus de pr\u00e9cisions.<\/li>\n<li>pour ceux qui ne souhaitent pas utiliser WordPress et pr\u00e9f\u00e8rent cr\u00e9er leur site en pur HTML sur cet espace web, il est \u00e9galement possible de \u00ab\u00a0shunter\u00a0\u00bb compl\u00e8tement la partie WordPress : pour cela, pr\u00e9cisez cette option lors de votre demande de cr\u00e9ation de site personnel.<\/li>\n<\/ul>\n<p><a name=\"nommage\"><\/a><\/p>\n<h4>Nommage et acc\u00e8s au pages<\/h4>\n<p>Dernier changement : pour \u00e9viter l&rsquo;exposition dans des annuaires de l&rsquo;ensemble des logins de l&rsquo;\u00e9tablissement, nous avons choisi de modifier le nommage des pages.<\/p>\n<ul>\n<li>Le nom du serveur a chang\u00e9 : il est maintenant sp\u00e9cifique \u00e0 ce service et s&rsquo;appelle http:\/\/members.loria.fr\/<\/li>\n<li>L&rsquo;identifiant de compte caract\u00e9ris\u00e9 par le login a \u00e9t\u00e9 remplac\u00e9 par un nouvel identifiant constitu\u00e9 par l(es)&rsquo;initiale(s) du pr\u00e9nom concat\u00e9n\u00e9e(s) au nom complet. S&rsquo;il y a \u00ab\u00a0collision\u00a0\u00bb avec le login, vous pouvez en choisir un autre&#8230;<\/li>\n<li>Le fameux \u00ab\u00a0tilda\u00a0\u00bb, parfois difficile d&rsquo;acc\u00e8s sur certains claviers, est supprim\u00e9.<\/li>\n<li>Des r\u00e8gles de r\u00e9\u00e9criture syst\u00e9matiques permettront de rediriger vers ce nouvel identifiant des adresses homog\u00e8nes avec vos adresses mail (par exemple http:\/\/members.loria.fr\/Thierry.Gartiser\/ redirige sur l&rsquo;adresse effective http:\/\/members.loria.fr\/tgartiser\/). Vous pourrez donc communiquer sur des pages sp\u00e9cifiques de votre site en utilisant ce nommage plus \u00ab\u00a0personnalis\u00e9\u00a0\u00bb.<\/li>\n<li>Enfin, des r\u00e8gles de r\u00e9\u00e9criture sur l&rsquo;ancien serveur redirigeront les anciennes adresses de type http:\/\/www.loria.fr\/~login\/ \u00e0 la racine des nouveaux sites.<\/li>\n<\/ul>\n","protected":false},"excerpt":{"rendered":"<p>Fonctionnement g\u00e9n\u00e9ral<\/p>\n<p>Les nouvelles \u00ab\u00a0pages professionnelles\u00a0\u00bb de notre \u00e9tablissement sont constitu\u00e9es de 2 parties :<\/p>\n<ul>\n<li>une partie dynamique, g\u00e9r\u00e9e par WordPress,<\/li>\n<li>et une partie statique, que vous pouvez g\u00e9rer comme vous le faisiez depuis plus de 20 ans.<\/li>\n<\/ul>\n<p>Chaque partie est servie par un virtualHost sp\u00e9cifique, mais des r\u00e8gles de r\u00e9\u00e9criture permettront de tout voir sous la m\u00eame URL (voir la <a href=\"#nommage\">section \u00ab\u00a0nommage\u00a0\u00bb<\/a>).<br \/>\nLors de la cr\u00e9ation du site, nous vous demanderons si vous souhaitez utiliser l&rsquo;une ou l&rsquo;autre de ces possibilit\u00e9s ou les deux,<\/p>\n","protected":false},"author":5,"featured_media":0,"parent":214,"menu_order":0,"comment_status":"closed","ping_status":"closed","template":"page-fullwidth.php","meta":{"footnotes":""},"class_list":["post-417","page","type-page","status-publish","hentry"],"_links":{"self":[{"href":"https:\/\/members.loria.fr\/infodoc\/wp-json\/wp\/v2\/pages\/417","targetHints":{"allow":["GET"]}}],"collection":[{"href":"https:\/\/members.loria.fr\/infodoc\/wp-json\/wp\/v2\/pages"}],"about":[{"href":"https:\/\/members.loria.fr\/infodoc\/wp-json\/wp\/v2\/types\/page"}],"author":[{"embeddable":true,"href":"https:\/\/members.loria.fr\/infodoc\/wp-json\/wp\/v2\/users\/5"}],"replies":[{"embeddable":true,"href":"https:\/\/members.loria.fr\/infodoc\/wp-json\/wp\/v2\/comments?post=417"}],"version-history":[{"count":13,"href":"https:\/\/members.loria.fr\/infodoc\/wp-json\/wp\/v2\/pages\/417\/revisions"}],"predecessor-version":[{"id":962,"href":"https:\/\/members.loria.fr\/infodoc\/wp-json\/wp\/v2\/pages\/417\/revisions\/962"}],"up":[{"embeddable":true,"href":"https:\/\/members.loria.fr\/infodoc\/wp-json\/wp\/v2\/pages\/214"}],"wp:attachment":[{"href":"https:\/\/members.loria.fr\/infodoc\/wp-json\/wp\/v2\/media?parent=417"}],"curies":[{"name":"wp","href":"https:\/\/api.w.org\/{rel}","templated":true}]}}